000
CXUS53 KDMX 020615
CF6ALO
PRELIMINARY LOCAL CLIMATOLOGICAL DATA (WS FORM: F-6)
STATION: WATERLOO IA
MONTH: JUNE
YEAR: 2023
LATITUDE: 42 32 N
LONGITUDE: 92 24 W
TEMPERATURE IN F: :PCPN: SNOW: WIND :SUNSHINE: SKY :PK WND
================================================================================
1 2 3 4 5 6A 6B 7 8 9 10 11 12 13 14 15 16 17 18
12Z AVG MX 2MIN
DY MAX MIN AVG DEP HDD CDD WTR SNW DPTH SPD SPD DIR MIN PSBL S-S WX SPD DR
================================================================================
1 80 63 72 4 0 7 0.22 0.0 0 4.4 14 190 M M 3 1 17 190
2 89 67 78 10 0 13 0.00 0.0 0 5.0 22 150 M M 2 138 30 170
3 92 63 78 10 0 13 0.00 0.0 0 4.0 17 60 M M 1 22 80
4 92 63 78 9 0 13 0.01 0.0 0 4.3 15 80 M M 2 3 22 70
5 90 57 74 5 0 9 0.00 0.0 0 3.2 13 170 M M 0 18 16 180
6 89 63 76 7 0 11 0.15 0.0 0 3.1 22 20 M M 4 138 30 10
7 82 61 72 2 0 7 T 0.0 0 5.8 15 70 M M 4 18 24 90
8 82 55 69 -1 0 4 0.00 0.0 0 4.9 13 150 M M 1 18 140
9 85 47 66 -4 0 1 0.00 0.0 0 4.2 14 200 M M 0 19 190
10 82 62 72 2 0 7 0.01 0.0 0 5.0 14 320 M M 7 18 310
11 72 45 59 -12 6 0 T 0.0 0 11.2 22 10 M M 5 29 20
12 80 41 61 -10 4 0 0.02 0.0 0 8.3 31 350 M M 3 39 360
13 88 55 72 1 0 7 0.00 0.0 0 8.3 22 320 M M 2 8 31 300
14 91 54 73 1 0 8 0.00 0.0 0 2.2 14 280 M M 1 18 290
15 90 57 74 2 0 9 0.00 0.0 0 7.0 18 60 M M 3 18 24 60
16 80 49 65 -7 0 0 0.00 0.0 0 7.3 13 130 M M 0 20 100
17 86 50 68 -4 0 3 0.21 0.0 0 9.1 24 230 M M 1 1 32 230
18 83 65 74 2 0 9 0.21 0.0 0 8.9 29 170 M M 6 13 38 170
19 89 62 76 3 0 11 0.00 0.0 0 5.6 15 130 M M 0 18 20 130
20 90 60 75 2 0 10 0.00 0.0 0 8.0 18 100 M M 0 24 100
21 91 60 76 3 0 11 0.00 0.0 0 7.4 17 120 M M 0 24 130
22 93 63 78 5 0 13 0.00 0.0 0 3.9 14 20 M M 0 8 20 40
23 93 60 77 4 0 12 0.00 0.0 0 4.1 13 80 M M 0 18 20 170
24 83 64 74 0 0 9 1.12 0.0 0 10.3 29 110 M M 5 13 52 310
25 78 64 71 -3 0 6 0.07 0.0 0 13.8 24 280 M M 6 138 38 300
26 82 62 72 -2 0 7 0.00 0.0 0 12.0 22 330 M M 6 31 320
27 86 58 72 -2 0 7 0.00 0.0 0 4.1 9 100 M M 3 18 14 50
28 86 66 76 2 0 11 0.17 0.0 0 12.7 25 140 M M 6 138 34 170
29 91 67 79 5 0 14 0.00 0.0 0 4.6 14 350 M M 2 18 19 350
30 86 66 76 2 0 11 0.01 0.0 0 3.1 12 250 M M 3 19 260
================================================================================
SM 2581 1769 10 243 2.20 0.0 195.8 M 76
================================================================================
AV 86.0 59.0 6.5 FASTST M M 3 MAX(MPH)
MISC ----> 31 350 52 310
================================================================================
NOTES:
# LAST OF SEVERAL OCCURRENCES
COLUMN 17 PEAK WIND IN M.P.H.
PRELIMINARY LOCAL CLIMATOLOGICAL DATA (WS FORM: F-6) , PAGE 2
STATION: WATERLOO IA
MONTH: JUNE
YEAR: 2023
LATITUDE: 42 32 N
LONGITUDE: 92 24 W
[TEMPERATURE DATA] [PRECIPITATION DATA] SYMBOLS USED IN COLUMN 16
AVERAGE MONTHLY: 72.5 TOTAL FOR MONTH: 2.20 1 = FOG OR MIST
DPTR FM NORMAL: 1.0 DPTR FM NORMAL: -3.52 2 = FOG REDUCING VISIBILITY
HIGHEST: 93 ON 23,22 GRTST 24HR 1.14 ON 24-25 TO 1/4 MILE OR LESS
LOWEST: 41 ON 12 3 = THUNDER
SNOW, ICE PELLETS, HAIL 4 = ICE PELLETS
TOTAL MONTH: 0.0 INCH 5 = HAIL
GRTST 24HR 0.0 6 = FREEZING RAIN OR DRIZZLE
GRTST DEPTH: 0 7 = DUSTSTORM OR SANDSTORM:
VSBY 1/2 MILE OR LESS
8 = SMOKE OR HAZE
[NO. OF DAYS WITH] [WEATHER - DAYS WITH] 9 = BLOWING SNOW
X = TORNADO
MAX 32 OR BELOW: 0 0.01 INCH OR MORE: 11
MAX 90 OR ABOVE: 10 0.10 INCH OR MORE: 6
MIN 32 OR BELOW: 0 0.50 INCH OR MORE: 1
MIN 0 OR BELOW: 0 1.00 INCH OR MORE: 1
[HDD (BASE 65) ]
TOTAL THIS MO. 10 CLEAR (SCALE 0-3) 19
DPTR FM NORMAL -8 PTCLDY (SCALE 4-7) 11
TOTAL FM JUL 1 6525 CLOUDY (SCALE 8-10) 0
DPTR FM NORMAL -187
[CDD (BASE 65) ]
TOTAL THIS MO. 243
DPTR FM NORMAL 31 [PRESSURE DATA]
TOTAL FM JAN 1 335 HIGHEST SLP 30.10 ON 5
DPTR FM NORMAL 51 LOWEST SLP 29.59 ON 25
[REMARKS]
#FINAL-06-23#