000
CXUS56 KPDT 012314
CLMALW
CLIMATE REPORT
NATIONAL WEATHER SERVICE PENDLETON, OR
314 PM PST FRI MAR 01 2024
...................................
...THE WALLA WALLA WA CLIMATE SUMMARY FOR THE MONTH OF FEBRUARY 2024...
CLIMATE NORMAL PERIOD 1991 TO 2020
CLIMATE RECORD PERIOD 1949 TO 2024
WEATHER OBSERVED NORMAL DEPART LAST YEAR`S
VALUE DATE(S) VALUE FROM VALUE DATE(S)
NORMAL
................................................................
TEMPERATURE (F)
RECORD
HIGH 75 02/20/1995
LOW -16 02/01/1950
02/02/1950
HIGHEST 62 02/01 57 02/04
LOWEST 23 02/17 7 02/25
AVG. MAXIMUM 48.1 46.5 1.6 44.5
AVG. MINIMUM 34.3 32.9 1.4 29.0
MEAN 41.2 39.7 1.5 36.8
DAYS MAX >= 90 0 0.0 0.0 0
DAYS MAX <= 32 1 2.3 -1.3 3
DAYS MIN <= 32 10 13.4 -3.4 18
DAYS MIN <= 0 0 0.0 0.0 0
PRECIPITATION (INCHES)
RECORD
MAXIMUM 4.12 1986
MINIMUM 0.35 2005
TOTALS 1.55 1.59 -0.04 0.85
DAILY AVG. 0.05 NAN NAN 0.03
DAYS >= .01 19 11.2 7.8 7
DAYS >= .10 7 5.2 1.8 2
DAYS >= .50 0 0.5 -0.5 1
DAYS >= 1.00 0 0.0 0.0 0
GREATEST
24 HR. TOTAL 0.35 02/27 TO 02/28 0.65 02/05 TO 02/05
DEGREE DAYS
HEATING TOTAL 684 708 -24 785
SINCE 7/1 3762 3665 97
COOLING TOTAL 0 0 0 0
SINCE 1/1 0 0 0
................................................................
WIND (MPH)
AVERAGE WIND SPEED 7.4
RESULTANT WIND SPEED/DIRECTION 5/190
AVERAGE RH (PERCENT) 77
WEATHER CONDITIONS. NUMBER OF DAYS WITH
THUNDERSTORM 0 MIXED PRECIP 0
HEAVY RAIN 0 RAIN 4
LIGHT RAIN 20 FREEZING RAIN 0
LT FREEZING RAIN 1 HAIL 1
HEAVY SNOW 1 SNOW 1
LIGHT SNOW 3 SLEET 0
FOG 14 FOG W/VIS <= 1/4 MILE 8
HAZE 0
- INDICATES NEGATIVE NUMBERS.
R INDICATES RECORD WAS SET OR TIED.
MM INDICATES DATA IS MISSING.
T INDICATES TRACE AMOUNT.
$$