000
CXUS52 KJAX 162014
CF6AMG
PRELIMINARY LOCAL CLIMATOLOGICAL DATA (WS FORM: F-6)
STATION: ALMA
MONTH: DECEMBER
YEAR: 2023
LATITUDE: 31 32 N
LONGITUDE: 82 30 W
TEMPERATURE IN F: :PCPN: SNOW: WIND :SUNSHINE: SKY :PK WND
================================================================================
1 2 3 4 5 6A 6B 7 8 9 10 11 12 13 14 15 16 17 18
12Z AVG MX 2MIN
DY MAX MIN AVG DEP HDD CDD WTR SNW DPTH SPD SPD DIR MIN PSBL S-S WX SPD DR
================================================================================
1 78 50 64 8 1 0 T 0.0 0 4.6 12 180 M M 2 16 180
2 69 62 66 11 0 1 0.22 0.0 0 3.6 13 170 M M 5 1 17 150
3 73 65 69 14 0 4 0.77 0.0 0 4.5 13 240 M M 7 13 21 220
4 69 51 60 5 5 0 0.00 0.0 0 3.9 12 240 M M 2 12 18 270
5 66 45 56 1 9 0 0.00 0.0 0 4.0 14 300 M M 0 18 300
6 62 39 51 -4 14 0 0.00 0.0 0 7.5 17 350 M M 0 28 330
7 63 33 48 -6 17 0 0.00 0.0 0 1.4 9 220 M M 0 1 12 230
8 70 38 54 0 11 0 0.00 0.0 0 1.6 8 140 M M 3 1 13 150
9 80 57 69 15 0 4 0.00 0.0 0 4.3 14 180 M M 3 1 20 220
10 68 49 59 5 6 0 1.91 0.0 0 6.8 29 330 M M 7 123 44 320
11 57 37 47 -7 18 0 0.00 0.0 0 5.2 16 300 M M 1 1 25 300
12 60 35 48 -6 17 0 0.00 0.0 0 2.2 10 60 M M 0 1 17 50
13 62 41 52 -2 13 0 0.00 0.0 0 3.6 10 40 M M 0 17 30
14 65 46 56 3 9 0 0.00 0.0 0 5.3 13 50 M M 0 25 70
15 67 42 55 2 10 0 0.00 0.0 0 4.8 12 60 M M 2 21 70
16 66 50 58 5 7 0 0.52 0.0 0 4.7 13 50 M M 8 1 21 60
17 63 55 59 6 6 0 2.38 0.0 0 13.0 22 350 M M 10 1 38 340
18 62 47 55 2 10 0 0.00 0.0 0 8.4 16 270 M M 1 27 270
19 51 30 41 -12 24 0 0.00 0.0 0 5.1 13 350 M M 0 20 350
20 58 30 44 -8 21 0 0.00 0.0 0 1.9 12 70 M M 0 18 70
21 63 32 48 -4 17 0 0.00 0.0 0 1.2 8 60 M M 0 13 70
22 68 37 53 1 12 0 0.00 0.0 0 1.6 8 120 M M 1 12 110
23 74 47 61 9 4 0 0.00 0.0 0 2.8 10 160 M M 2 14 130
24 68 49 59 7 6 0 T 0.0 0 3.8 12 80 M M 5 1 20 90
25 71 61 66 14 0 1 0.04 0.0 0 6.6 15 150 M M 9 1 25 130
26 73 60 67 15 0 2 0.16 0.0 0 2.4 9 100 M M 7 12 15 100
27 67 54 61 9 4 0 0.00 0.0 0 6.0 13 300 M M 4 19 310
28 66 48 57 5 8 0 0.00 0.0 0 2.5 13 210 M M 1 19 230
29 54 36 45 -7 20 0 0.00 0.0 0 6.1 18 300 M M 1 29 280
30 57 34 46 -5 19 0 0.00 0.0 0 4.6 17 250 M M 2 1 29 260
31 60 30 45 -6 20 0 0.00 0.0 0 2.2 14 230 M M 0 1 21 290
================================================================================
SM 2030 1390 308 12 6.00 0.0 136.2 M 83
================================================================================
AV 65.5 44.8 4.4 FASTST M M 3 MAX(MPH)
MISC ----> 29 330 44 320
================================================================================
NOTES:
# LAST OF SEVERAL OCCURRENCES
COLUMN 17 PEAK WIND IN M.P.H.
PRELIMINARY LOCAL CLIMATOLOGICAL DATA (WS FORM: F-6) , PAGE 2
STATION: ALMA
MONTH: DECEMBER
YEAR: 2023
LATITUDE: 31 32 N
LONGITUDE: 82 30 W
[TEMPERATURE DATA] [PRECIPITATION DATA] SYMBOLS USED IN COLUMN 16
AVERAGE MONTHLY: 55.2 TOTAL FOR MONTH: 6.00 1 = FOG OR MIST
DPTR FM NORMAL: 2.0 DPTR FM NORMAL: 2.97 2 = FOG REDUCING VISIBILITY
HIGHEST: 80 ON 9 GRTST 24HR 2.90 ON 16-17 TO 1/4 MILE OR LESS
LOWEST: 30 ON 31,20 3 = THUNDER
SNOW, ICE PELLETS, HAIL 4 = ICE PELLETS
TOTAL MONTH: 0.0 INCH 5 = HAIL
GRTST 24HR 0.0 6 = FREEZING RAIN OR DRIZZLE
GRTST DEPTH: 0 7 = DUSTSTORM OR SANDSTORM:
VSBY 1/2 MILE OR LESS
8 = SMOKE OR HAZE
[NO. OF DAYS WITH] [WEATHER - DAYS WITH] 9 = BLOWING SNOW
X = TORNADO
MAX 32 OR BELOW: 0 0.01 INCH OR MORE: 7
MAX 90 OR ABOVE: 0 0.10 INCH OR MORE: 6
MIN 32 OR BELOW: 4 0.50 INCH OR MORE: 4
MIN 0 OR BELOW: 0 1.00 INCH OR MORE: 2
[HDD (BASE 65) ]
TOTAL THIS MO. 308 CLEAR (SCALE 0-3) 21
DPTR FM NORMAL -69 PTCLDY (SCALE 4-7) 8
TOTAL FM JUL 1 520 CLOUDY (SCALE 8-10) 2
DPTR FM NORMAL -119
[CDD (BASE 65) ]
TOTAL THIS MO. 12
DPTR FM NORMAL 0 [PRESSURE DATA]
TOTAL FM JAN 1 2810 HIGHEST SLP 30.60 ON 14
DPTR FM NORMAL 267 LOWEST SLP 29.55 ON 17
[REMARKS]
#FINAL-12-23#