000
CXUS52 KJAX 011315
CLMAMG
CLIMATE REPORT
NATIONAL WEATHER SERVICE JACKSONVILLE FL
915 AM EDT SAT APR 01 2023
...................................
...THE ALMA CLIMATE SUMMARY FOR THE MONTH OF MARCH 2023...
CLIMATE NORMAL PERIOD: 1991 TO 2020
CLIMATE RECORD PERIOD: 1938 TO 2023
WEATHER OBSERVED NORMAL DEPART LAST YEAR`S
VALUE DATE(S) VALUE FROM VALUE DATE(S)
NORMAL
................................................................
TEMPERATURE (F)
RECORD
HIGH 91 03/18/1963
LOW 18 03/03/1980
HIGHEST 86 03/03 85 1 85 03/07
03/26
03/30
LOWEST 32 03/16 31 1 26 03/13
AVG. MAXIMUM 75.9 72.8 3.1 75.4
AVG. MINIMUM 51.1 47.5 3.6 49.1
MEAN 63.5 60.2 3.3 62.2
DAYS MAX >= 90 0 0.0 0.0 0
DAYS MIN <= 32 1 1.6 -0.6 2
PRECIPITATION (INCHES)
RECORD
MAXIMUM 12.94 1980
MINIMUM 0.10 2004
TOTALS 2.44 4.17 -1.73 5.78
DAILY AVG. 0.08 0.13 -0.05 0.19
DAYS >= .01 7 8.1 -1.1 12
DAYS >= .10 5 5.5 -0.5 10
DAYS >= .50 2 2.6 -0.6 4
DAYS >= 1.00 1 1.3 -0.3 2
GREATEST
24 HR. TOTAL 1.12 03/17 TO 03/17
SNOWFALL (INCHES)
RECORDS
TOTAL T 2013
TOTALS 0.0 0.0 0.0 0.0
DEGREE DAYS
HEATING TOTAL 138 189 -51 126
SINCE 7/1 1124 1578 -454 MM
COOLING TOTAL 97 38 59 50
SINCE 1/1 192 58 134 MM
................................................................
WIND (MPH)
AVERAGE WIND SPEED 5.4
HIGHEST WIND SPEED/DIRECTION 29/200 DATE 03/03
HIGHEST GUST SPEED/DIRECTION 45/210 DATE 03/03
SKY COVER
AVERAGE SKY COVER 0.31
AVERAGE RH (PERCENT) 66
WEATHER CONDITIONS. NUMBER OF DAYS WITH
THUNDERSTORM 6 MIXED PRECIP 0
HEAVY RAIN 4 RAIN 7
LIGHT RAIN 9 FREEZING RAIN 0
LT FREEZING RAIN 0 HAIL 0
HEAVY SNOW 0 SNOW 0
LIGHT SNOW 0 SLEET 0
FOG 19 FOG W/VIS <= 1/4 MILE 1
HAZE 0
- INDICATES NEGATIVE NUMBERS.
R INDICATES RECORD WAS SET OR TIED.
MM INDICATES DATA IS MISSING.
T INDICATES TRACE AMOUNT.
$$