000
CXUS54 KBMX 011110
CF6ANB
PRELIMINARY LOCAL CLIMATOLOGICAL DATA (WS FORM: F-6)
STATION: ANNISTON
MONTH: NOVEMBER
YEAR: 2022
LATITUDE: 33 35 N
LONGITUDE: 85 51 W
TEMPERATURE IN F: :PCPN: SNOW: WIND :SUNSHINE: SKY :PK WND
================================================================================
1 2 3 4 5 6A 6B 7 8 9 10 11 12 13 14 15 16 17 18
12Z AVG MX 2MIN
DY MAX MIN AVG DEP HDD CDD WTR SNW DPTH SPD SPD DIR MIN PSBL S-S WX SPD DR
================================================================================
1 74 48 61 3 4 0 0.00 0.0 0 2.6 13 20 M M 3 12 16 20
2 78 54 66 9 0 1 0.00 0.0 0 2.8 12 230 M M 1 14 40
3 78 53 66 9 0 1 0.00 0.0 0 4.1 10 60 M M 0 15 60
4 77 56 67 10 0 2 0.00 0.0 0 5.9 14 120 M M 0 18 130
5 77 60 69 13 0 4 T 0.0 0 6.1 17 130 M M 4 27 130
6 81 62 72 16 0 7 0.00 0.0 0 2.3 8 260 M M 6 12 230
7 80 61 71 15 0 6 0.00 0.0 0 4.0 10 60 M M 3 1 15 70
8 85 58 72 17 0 7 0.00 0.0 0 4.6 12 70 M M 1 17 60
9 70 49 60 5 5 0 0.00 0.0 0 7.2 16 70 M M 0 22 70
10 75 48 62 7 3 0 0.12 0.0 0 7.6 18 60 M M 6 26 60
11 68 56 62 8 3 0 0.31 0.0 0 5.5 15 260 M M 9 12 21 250
12 63 40 52 -2 13 0 T M 0 5.4 16 340 M M 9 1 21 360
13 47 31 39 -15 26 0 0.00 0.0 0 8.0 16 360 M M 4 23 360
14 57 30 44 -9 21 0 T 0.0 0 7.0 15 100 M M 0 21 110
15 53 46 50 -3 15 0 0.79 M 0 6.9 14 80 M M 10 1 20 110
16 53 30 42 -11 23 0 0.00 0.0 0 6.7 14 320 M M 3 25 310
17 46 25 36 -17 29 0 0.00 0.0 M 4.2 14 280 M M 0 19 280
18 55 21 38 -14 27 0 0.00 0.0 0 1.6 12 10 M M 0 15 10
19 51 25 38 -14 27 0 0.00 0.0 0 2.9 12 240 M M 0 15 250
20 47 26 37 -15 28 0 0.00 0.0 0 3.8 12 360 M M 0 16 360
21 60 26 43 -9 22 0 0.00 0.0 0 4.4 12 30 M M 2 15 30
22 64 40 52 1 13 0 T 0.0 0 3.7 10 10 M M 4 13 80
23 73 34 54 3 11 0 0.00 0.0 0 4.0 10 70 M M 3 14 80
24 70 42 56 5 9 0 0.01 0.0 0 6.1 14 100 M M 4 19 100
25 67 45 56 5 9 0 0.12 0.0 0 4.4 13 10 M M 6 12 17 360
26 69 44 57 7 8 0 0.12 0.0 0 6.0 15 140 M M 6 12 20 140
27 68 44 56 6 9 0 0.01 0.0 0 10.4 28 250 M M 5 35 250
28 64 36 50 0 15 0 0.00 0.0 M 2.8 10 250 M M 1 1 14 240
29 73 38 56 6 9 0 0.90 0.0 0 7.8 21 270 M M 5 13 30 160
30 65 35 50 0 15 0 0.32 0.0 0 4.6 29 280 M M 2 13 43 270
================================================================================
SM 1988 1263 344 28 2.70 0.0 153.4 M 97
================================================================================
AV 66.3 42.1 5.1 FASTST M M 3 MAX(MPH)
MISC ----> 29 280 43 270
================================================================================
NOTES:
# LAST OF SEVERAL OCCURRENCES
COLUMN 17 PEAK WIND IN M.P.H.
PRELIMINARY LOCAL CLIMATOLOGICAL DATA (WS FORM: F-6) , PAGE 2
STATION: ANNISTON
MONTH: NOVEMBER
YEAR: 2022
LATITUDE: 33 35 N
LONGITUDE: 85 51 W
[TEMPERATURE DATA] [PRECIPITATION DATA] SYMBOLS USED IN COLUMN 16
AVERAGE MONTHLY: 54.2 TOTAL FOR MONTH: 2.70 1 = FOG OR MIST
DPTR FM NORMAL: 1.0 DPTR FM NORMAL: -1.83 2 = FOG REDUCING VISIBILITY
HIGHEST: 85 ON 8 GRTST 24HR 0.90 ON 29-29 TO 1/4 MILE OR LESS
LOWEST: 21 ON 18 3 = THUNDER
SNOW, ICE PELLETS, HAIL 4 = ICE PELLETS
TOTAL MONTH: 0.0 INCH 5 = HAIL
GRTST 24HR 0.0 6 = FREEZING RAIN OR DRIZZLE
GRTST DEPTH: 0 7 = DUSTSTORM OR SANDSTORM:
VSBY 1/2 MILE OR LESS
8 = SMOKE OR HAZE
[NO. OF DAYS WITH] [WEATHER - DAYS WITH] 9 = BLOWING SNOW
X = TORNADO
MAX 32 OR BELOW: 0 0.01 INCH OR MORE: 9
MAX 90 OR ABOVE: 0 0.10 INCH OR MORE: 7
MIN 32 OR BELOW: 8 0.50 INCH OR MORE: 2
MIN 0 OR BELOW: 0 1.00 INCH OR MORE: 0
[HDD (BASE 65) ]
TOTAL THIS MO. 344 CLEAR (SCALE 0-3) 16
DPTR FM NORMAL -21 PTCLDY (SCALE 4-7) 11
TOTAL FM JUL 1 510 CLOUDY (SCALE 8-10) 3
DPTR FM NORMAL 21
[CDD (BASE 65) ]
TOTAL THIS MO. 28
DPTR FM NORMAL 17 [PRESSURE DATA]
TOTAL FM JAN 1 2026 HIGHEST SLP 30.51 ON 21
DPTR FM NORMAL 57 LOWEST SLP 29.56 ON 11
[REMARKS]
#FINAL-11-22#