000
CXUS53 KAPX 010534
CLMANJ
CLIMATE REPORT
NATIONAL WEATHER SERVICE
134 AM EDT SUN OCT 01 2023
...................................
...THE SAULT STE MARIE MI CLIMATE SUMMARY FOR THE MONTH OF SEPTEMBER 2023...
CLIMATE NORMAL PERIOD: 1991 TO 2020
CLIMATE RECORD PERIOD: 1888 TO 2023
WEATHER OBSERVED NORMAL DEPART LAST YEAR`S
VALUE DATE(S) VALUE FROM VALUE
NORMAL
..............................................................
TEMPERATURE (F)
RECORD
HIGH 95 09/08/1976
LOW 25 09/30/1993
09/23/1981
09/25/1947
HIGHEST 88 09/05 MM MM
LOWEST 40 09/14 MM MM
AVG. MAXIMUM 71.3 68.0 3.3
AVG. MINIMUM 51.6 48.7 2.9
MEAN 61.5 58.4 3.1
DAYS MAX <= 32 0 0.0 0.0
DAYS MIN <= 0 0 0.0 0.0
DAYS MIN <= -20 0
PRECIPITATION (INCHES)
TOTALS 0.95 3.93 -2.98
DAYS >= .01 5 13.1 -8.1
DAYS >= .10 2 8.4 -6.4
DAYS >= .50 0 2.5 -2.5
DAYS >= 1.00 0 0.7 -0.7
GREATEST
24 HR. TOTAL 0.46 09/06 TO 09/06
SNOWFALL (INCHES)
RECORDS
TOTAL MM MM
TOTALS 0.0 0.0 0.0 0.0
DAYS >= TRACE 0 0.1 0
GREATEST
SNOW DEPTH 0 0
DEGREE DAYS
HEATING TOTAL 140 225 -85
SINCE 7/1 215 344 -129
COOLING TOTAL 43 25 18
SINCE 1/1 255 235 20
..............................................................
WIND (MPH)
AVERAGE WIND SPEED 4.8
HIGHEST WIND SPEED/DIRECTION 20/200 DATE 09/01
20/210 09/15
HIGHEST GUST SPEED/DIRECTION 28/210 DATE 09/01
SKY COVER
AVERAGE SKY COVER 0.34
AVERAGE RH (PERCENT) 76
- INDICATES NEGATIVE NUMBERS.
R INDICATES RECORD WAS SET OR TIED.
MM INDICATES DATA IS MISSING.
T INDICATES TRACE AMOUNT.
$$