000
CXUS51 KCTP 010800
CF6AOO
PRELIMINARY LOCAL CLIMATOLOGICAL DATA (WS FORM: F-6)
STATION: ALTOONA
MONTH: JULY
YEAR: 2022
LATITUDE: 40 17 N
LONGITUDE: 78 19 W
TEMPERATURE IN F: :PCPN: SNOW: WIND :SUNSHINE: SKY :PK WND
================================================================================
1 2 3 4 5 6A 6B 7 8 9 10 11 12 13 14 15 16 17 18
12Z AVG MX 2MIN
DY MAX MIN AVG DEP HDD CDD WTR SNW DPTH SPD SPD DIR MIN PSBL S-S WX SPD DR
================================================================================
1 85 61 73 1 0 8 0.07 M M 6.4 17 280 M M 2 38 24 270
2 84 67 76 4 0 11 0.25 M M 6.5 15 280 M M 5 3 25 290
3 83 60 72 0 0 7 0.00 M M 4.9 15 330 M M 1 23 310
4 83 54 69 -3 0 4 0.00 M M 2.6 9 180 M M 0 13 160
5 83 67 75 3 0 10 0.08 M M 4.5 13 270 M M 5 13 19 240
6 85 69 77 5 0 12 0.16 M M 6.2 16 290 M M 5 1 20 290
7 83 67 75 3 0 10 0.00 M M 1.5 8 150 M M 7 1 10 140
8 82 66 74 2 0 9 T M M 2.3 9 320 M M 3 1 13 320
9 81 64 73 1 0 8 T M M 4.8 12 150 M M 6 1 17 50
10 82 57 70 -2 0 5 0.00 M M 3.1 10 40 M M 1 1 14 30
11 85 58 72 -1 0 7 0.00 M M 5.9 15 180 M M 0 19 190
12 88 63 76 3 0 11 T M M 7.6 20 270 M M 3 27 260
13 85 62 74 1 0 9 T M M 4.6 14 310 M M 4 1 18 300
14 83 61 72 -1 0 7 0.00 M M 5.4 14 270 M M 3 18 290
15 83 54 69 -4 0 4 0.00 M M 1.6 9 70 M M 1 13 110
16 82 62 72 -1 0 7 T M M 3.6 14 240 M M 6 19 240
17 79 64 72 -1 0 7 0.68 M M 1.9 17 300 M M 7 138 25 280
18 81 67 74 1 0 9 0.15 M M 6.9 18 230 M M 7 1 26 230
19 86 63 75 2 0 10 T M M 6.6 13 300 M M 1 18 18 290
20 87 66 77 5 0 12 0.00 M M 5.0 13 190 M M 1 8 17 200
21 87 69 78 6 0 13 T M M 8.4 18 270 M M 3 26 270
22 90 65 78 6 0 13 0.00 M M 6.5 17 280 M M 1 23 270
23 91 65 78 6 0 13 0.00 M M 5.4 26 310 M M 0 138 35 310
24 92 64 78 6 0 13 0.00 M M 7.0 16 210 M M 1 25 230
25 84 65 75 3 0 10 0.27 M M 7.8 16 310 M M 4 138 21 310
26 77 60 69 -3 0 4 0.00 M M 3.3 9 190 M M 3 13 330
27 80 66 73 1 0 8 0.02 M M 3.3 9 220 M M 8 1 13 230
28 85 69 77 5 0 12 T M M 7.1 17 270 M M 5 23 240
29 78 65 72 0 0 7 0.05 M M 3.7 9 190 M M 6 1 12 190
30 84 57 71 -1 0 6 0.00 M M 6.5 15 330 M M 2 19 310
31 78 56 67 -5 0 2 0.69 M M 2.0 8 210 M M 5 1 13 190
================================================================================
SM 2596 1953 0 268 2.42 M 152.9 M 106
================================================================================
AV 83.7 63.0 4.9 FASTST M M 3 MAX(MPH)
MISC ----> 26 310 35 310
================================================================================
NOTES:
# LAST OF SEVERAL OCCURRENCES
COLUMN 17 PEAK WIND IN M.P.H.
PRELIMINARY LOCAL CLIMATOLOGICAL DATA (WS FORM: F-6) , PAGE 2
STATION: ALTOONA
MONTH: JULY
YEAR: 2022
LATITUDE: 40 17 N
LONGITUDE: 78 19 W
[TEMPERATURE DATA] [PRECIPITATION DATA] SYMBOLS USED IN COLUMN 16
AVERAGE MONTHLY: 73.4 TOTAL FOR MONTH: 2.42 1 = FOG OR MIST
DPTR FM NORMAL: 1.0 DPTR FM NORMAL: -1.06 2 = FOG REDUCING VISIBILITY
HIGHEST: 92 ON 24 GRTST 24HR 0.78 ON 17-18 TO 1/4 MILE OR LESS
LOWEST: 54 ON 15, 4 3 = THUNDER
SNOW, ICE PELLETS, HAIL 4 = ICE PELLETS
TOTAL MONTH: M 5 = HAIL
GRTST 24HR M ON M 6 = FREEZING RAIN OR DRIZZLE
GRTST DEPTH: M ON M 7 = DUSTSTORM OR SANDSTORM:
VSBY 1/2 MILE OR LESS
8 = SMOKE OR HAZE
[NO. OF DAYS WITH] [WEATHER - DAYS WITH] 9 = BLOWING SNOW
X = TORNADO
MAX 32 OR BELOW: 0 0.01 INCH OR MORE: 10
MAX 90 OR ABOVE: 3 0.10 INCH OR MORE: 6
MIN 32 OR BELOW: 0 0.50 INCH OR MORE: 2
MIN 0 OR BELOW: 0 1.00 INCH OR MORE: 0
[HDD (BASE 65) ]
TOTAL THIS MO. 0 CLEAR (SCALE 0-3) 16
DPTR FM NORMAL -4 PTCLDY (SCALE 4-7) 15
TOTAL FM JUL 1 0 CLOUDY (SCALE 8-10) 0
DPTR FM NORMAL 0
[CDD (BASE 65) ]
TOTAL THIS MO. 268
DPTR FM NORMAL 36 [PRESSURE DATA]
TOTAL FM JAN 1 485 HIGHEST SLP 30.24 ON 4
DPTR FM NORMAL 56 LOWEST SLP 29.61 ON 21
[REMARKS]
#FINAL-07-22#