000
CXUS53 KDLH 010820
CF6ASX
PRELIMINARY LOCAL CLIMATOLOGICAL DATA (WS FORM: F-6)
STATION: ASHLAND
MONTH: OCTOBER
YEAR: 2021
LATITUDE: 46 32 N
LONGITUDE: 90 55 W
TEMPERATURE IN F: :PCPN: SNOW: WIND :SUNSHINE: SKY :PK WND
================================================================================
1 2 3 4 5 6A 6B 7 8 9 10 11 12 13 14 15 16 17 18
12Z AVG MX 2MIN
DY MAX MIN AVG DEP HDD CDD WTR SNW DPTH SPD SPD DIR MIN PSBL S-S WX SPD DR
================================================================================
1 79 53 66 15 0 1 0.00 M M 3.3 13 210 M M 2 1 19 200
2 77 52 65 14 0 0 0.33 M M 4.9 13 50 M M 7 123 16 20
3 61 57 59 9 6 0 0.03 M M 8.3 14 20 M M 10 1 19 10
4 63 53 58 8 7 0 0.05 M M 3.0 9 350 M M 10 1 11 340
5 69 53 61 11 4 0 0.00 M M 3.2 9 70 M M 8 12 13 50
6 72 48 60 11 5 0 0.00 M M 2.0 9 50 M M 9 12 12 80
7 69 45 57 8 8 0 0.06 M M 3.7 13 10 M M 5 12 16 10
8 67 58 63 15 2 0 0.60 M M 2.3 8 360 M M 10 12 11 360
9 79 51 65 17 0 0 0.11 M M 5.4 14 200 M M 4 123 19 180
10 82 57 70 22 0 5 0.03 M M 9.8 26 200 M M 6 3 39 200
11 61 51 56 9 9 0 0.00 M M 7.2 20 230 M M 8 27 210
12 63 57 60 13 5 0 0.07 M M 4.8 14 10 M M 10 1 19 20
13 66 56 61 15 4 0 0.00 M M 7.5 17 200 M M 9 1 25 190
14 62 48 55 9 10 0 0.00 M M 12.9 23 200 M M 8 35 210
15 57 35 46 1 19 0 0.00 M M 9.3 18 230 M M 6 28 230
16 59 38 49 4 16 0 T M M 9.2 22 290 M M 3 29 300
17 67 34 51 6 14 0 0.00 M M 8.0 18 290 M M 0 23 300
18 76 31 54 10 11 0 0.00 M M 3.8 14 210 M M 0 1 19 210
19 74 40 57 13 8 0 0.00 M M 7.4 24 40 M M 1 35 40
20 53 44 49 6 16 0 0.42 M M 16.2 23 40 M M 10 1 32 40
21 47 27 37 -6 28 0 0.07 M M 8.6 21 20 M M 6 1 29 40
22 43 27 35 -8 30 0 0.00 M M 4.5 9 350 M M 8 13 340
23 51 27 39 -3 26 0 T M M 4.1 8 310 M M 5 1 12 310
24 48 25 37 -5 28 0 T M M 8.8 20 40 M M 7 25 40
25 51 25 38 -3 27 0 0.00 M M 5.9 20 30 M M 6 24 40
26 50 21 36 -5 29 0 0.00 M M 4.9 16 60 M M 0 1 21 50
27 57 27 42 1 23 0 0.00 M M 5.3 15 30 M M 4 19 120
28 51 39 45 5 20 0 0.04 M M 6.1 13 340 M M 6 1 16 350
29 54 31 43 3 22 0 0.01 M M 7.8 18 30 M M 6 12 25 10
30 54 30 42 3 23 0 0.00 M M 4.2 21 320 M M 7 128 30 310
31 47 30 39 0 26 0 T M M 10.9 25 260 M M 6 34 260
================================================================================
SM 1909 1270 426 6 1.82 M 203.3 M 187
================================================================================
AV 61.6 41.0 6.6 FASTST M M 6 MAX(MPH)
MISC ----> 26 200 39 200
================================================================================
NOTES:
# LAST OF SEVERAL OCCURRENCES
COLUMN 17 PEAK WIND IN M.P.H.
PRELIMINARY LOCAL CLIMATOLOGICAL DATA (WS FORM: F-6) , PAGE 2
STATION: ASHLAND
MONTH: OCTOBER
YEAR: 2021
LATITUDE: 46 32 N
LONGITUDE: 90 55 W
[TEMPERATURE DATA] [PRECIPITATION DATA] SYMBOLS USED IN COLUMN 16
AVERAGE MONTHLY: 51.3 TOTAL FOR MONTH: 1.82 1 = FOG OR MIST
DPTR FM NORMAL: 6.3 DPTR FM NORMAL: -1.01 2 = FOG REDUCING VISIBILITY
HIGHEST: 82 ON 10 GRTST 24HR 0.66 ON 7- 8 TO 1/4 MILE OR LESS
LOWEST: 21 ON 26 3 = THUNDER
SNOW, ICE PELLETS, HAIL 4 = ICE PELLETS
TOTAL MONTH: M 5 = HAIL
GRTST 24HR M ON M 6 = FREEZING RAIN OR DRIZZLE
GRTST DEPTH: M ON M 7 = DUSTSTORM OR SANDSTORM:
VSBY 1/2 MILE OR LESS
8 = SMOKE OR HAZE
[NO. OF DAYS WITH] [WEATHER - DAYS WITH] 9 = BLOWING SNOW
X = TORNADO
MAX 32 OR BELOW: 0 0.01 INCH OR MORE: 12
MAX 90 OR ABOVE: 0 0.10 INCH OR MORE: 4
MIN 32 OR BELOW: 11 0.50 INCH OR MORE: 1
MIN 0 OR BELOW: 0 1.00 INCH OR MORE: 0
[HDD (BASE 65) ]
TOTAL THIS MO. 426 CLEAR (SCALE 0-3) 6
DPTR FM NORMAL -194 PTCLDY (SCALE 4-7) 16
TOTAL FM JUL 1 697 CLOUDY (SCALE 8-10) 9
DPTR FM NORMAL -303
[CDD (BASE 65) ]
TOTAL THIS MO. 6
DPTR FM NORMAL 4 [PRESSURE DATA]
TOTAL FM JAN 1 381 HIGHEST SLP 30.33 ON 6
DPTR FM NORMAL 122 LOWEST SLP 29.38 ON 10
[REMARKS]
#FINAL-10-21#