000
CXUS53 KDLH 011844
CLMASX
CLIMATE REPORT
NATIONAL WEATHER SERVICE DULUTH MN
144 PM CDT MON MAY 01 2023
...................................
...THE ASHLAND CLIMATE SUMMARY FOR THE MONTH OF APRIL 2023...
CLIMATE NORMAL PERIOD: 1991 TO 2020
CLIMATE RECORD PERIOD: 1893 TO 2023
WEATHER OBSERVED NORMAL DEPART LAST YEAR`S
VALUE DATE(S) VALUE FROM VALUE DATE(S)
NORMAL
................................................................
TEMPERATURE (F)
RECORD
HIGH 91 04/24/1921
LOW -5 04/01/1923
04/04/1920
HIGHEST 77 04/12 MM MM 64 04/23
LOWEST 8 04/07 MM MM 15 04/01
AVG. MAXIMUM 46.1 50.6 -4.5 44.4
AVG. MINIMUM 28.5 28.5 -0.0 27.5
MEAN 37.3 39.5 -2.2 35.9
DAYS MAX >= 90 0 0.0 0.0 0
DAYS MAX <= 32 3 2.0 1.0 1
DAYS MIN <= 32 18 21.4 -3.4 24
DAYS MIN <= 0 0 0.0 0.0 0
PRECIPITATION (INCHES)
RECORD
MAXIMUM 8.07 1960
MINIMUM 0.30 1915
TOTALS 5.45 2.26 3.19 3.02
DAILY AVG. 0.18 0.08 0.10 0.10
DAYS >= .01 15 10.0 5.0 18
DAYS >= .10 10 4.9 5.1 9
DAYS >= .50 4 1.2 2.8 0
DAYS >= 1.00 1 0.4 0.6 0
GREATEST
24 HR. TOTAL 1.74 04/19 TO 04/20
DEGREE DAYS
HEATING TOTAL 795 764 31 865
SINCE 7/1 7976 8206 -230 MM
COOLING TOTAL 0 0 0 0
SINCE 1/1 0 0 0 MM
................................................................
WIND (MPH)
AVERAGE WIND SPEED 9.7
HIGHEST WIND SPEED/DIRECTION 38/030 DATE 04/01
38/230 04/05
HIGHEST GUST SPEED/DIRECTION 54/020 DATE 04/01
54/230 04/05
SKY COVER
POSSIBLE SUNSHINE (PERCENT) MM
AVERAGE SKY COVER 0.54
NUMBER OF DAYS FAIR 12
NUMBER OF DAYS PC 7
NUMBER OF DAYS CLOUDY 11
AVERAGE RH (PERCENT) 74
WEATHER CONDITIONS. NUMBER OF DAYS WITH
THUNDERSTORM 2 MIXED PRECIP 0
HEAVY RAIN 1 RAIN 4
LIGHT RAIN 11 FREEZING RAIN 3
LT FREEZING RAIN 3 HAIL 1
HEAVY SNOW 2 SNOW 3
LIGHT SNOW 12 SLEET 1
FOG 15 FOG W/VIS <= 1/4 MILE 3
HAZE 3
- INDICATES NEGATIVE NUMBERS.
R INDICATES RECORD WAS SET OR TIED.
MM INDICATES DATA IS MISSING.
T INDICATES TRACE AMOUNT.
$$
NOTE: PRECIPITATION DATA MAY BE ERRONEOUS AT THIS SITE WHEN TEMPERATURES ARE BELOW FREEZING. PLEASE USE THIS DATA WITH CAUTION.