000
CXUS54 KMAF 011110
CF6ATS
PRELIMINARY LOCAL CLIMATOLOGICAL DATA (WS FORM: F-6)
STATION: ARTESIA
MONTH: JUNE
YEAR: 2022
LATITUDE: 32 54 N
LONGITUDE: 104 30 W
TEMPERATURE IN F: :PCPN: SNOW: WIND :SUNSHINE: SKY :PK WND
================================================================================
1 2 3 4 5 6A 6B 7 8 9 10 11 12 13 14 15 16 17 18
12Z AVG MX 2MIN
DY MAX MIN AVG DEP HDD CDD WTR SNW DPTH SPD SPD DIR MIN PSBL S-S WX SPD DR
================================================================================
1 88 61 75 M 0 10 0.00 M M 14.0 26 10 M M 3 36 20
2 81 59 70 M 0 5 0.00 M M 7.4 16 160 M M 6 3 31 99
3 86 61 74 M 0 9 0.00 M M 12.4 23 330 M M 3 53 130
4 99 63 81 M 0 16 0.00 M M 11.2 18 160 M M 0 26 250
5 100 63 82 M 0 17 0.00 M M 10.9 16 260 M M 0 23 310
6 102 73 88 M 0 23 0.00 M M 10.7 20 270 M M 0 26 270
7 99 68 84 M 0 19 0.00 M M 9.4 21 360 M M 0 37 350
8 93 70 82 M 0 17 0.00 M M 11.0 31 360 M M 1 8 39 40
9 95 72 84 M 0 19 0.00 M M 10.8 21 130 M M 0 28 140
10 104 70 87 M 0 22 0.00 M M 8.5 13 170 M M 0 22 130
11 108 70 89 M 0 24 0.00 M M 11.5 21 190 M M 0 26 190
12 108 72 90 M 0 25 0.00 M M 7.1 18 150 M M 0 41 130
13 104 73 89 M 0 24 0.00 M M 10.5 17 170 M M 0 30 170
14 104 73 89 M 0 24 0.00 M M 11.1 21 190 M M 0 30 200
15 100 77 89 M 0 24 0.00 M M 12.7 24 220 M M 0 32 220
16 99 75 87 M 0 22 0.00 M M 14.4 22 150 M M 0 29 130
17 97 66 82 M 0 17 0.06 M M 12.2 20 130 M M 1 27 120
18 95 66 81 M 0 16 0.00 M M 11.9 20 130 M M 0 30 130
19 95 68 82 M 0 17 0.25 M M 12.2 18 240 M M 2 3 28 290
20 88 64 76 M 0 11 0.07 M M 8.5 27 260 M M 3 3 32 260
21 77 66 72 M 0 7 0.00 M M 11.2 18 350 M M 6 24 350
22 91 66 79 M 0 14 0.00 M M 9.4 17 340 M M 2 23 190
23 95 66 81 M 0 16 0.00 M M 6.9 13 270 M M 0 20 160
24 97 68 83 M 0 18 0.00 M M 5.0 25 270 M M 1 32 270
25 100 70 85 M 0 20 0.00 M M 11.2 24 360 M M 0 32 10
26 88 63 76 M 0 11 1.78 M M 15.2 22 340 M M 5 33 310
27 81 63 72 M 0 7 0.12 M M 6.7 15 140 M M 4 21 140
28 84 66 75 M 0 10 0.00 M M 5.4 14 30 M M 0 16 90
29 90 70 80 M 0 15 0.00 M M 8.5 15 160 M M 0 20 150
30 95 68 82 M 0 17 0.00 M M 7.7 15 140 M M 0 20 150
================================================================================
SM 2843 2030 0 496 2.28 M 305.4 M 37
================================================================================
AV 94.8 67.7 10.2 FASTST M M 1 MAX(MPH)
MISC ----> 31 360 53 130
================================================================================
NOTES:
# LAST OF SEVERAL OCCURRENCES
COLUMN 17 PEAK WIND IN M.P.H.
PRELIMINARY LOCAL CLIMATOLOGICAL DATA (WS FORM: F-6) , PAGE 2
STATION: ARTESIA
MONTH: JUNE
YEAR: 2022
LATITUDE: 32 54 N
LONGITUDE: 104 30 W
[TEMPERATURE DATA] [PRECIPITATION DATA] SYMBOLS USED IN COLUMN 16
AVERAGE MONTHLY: 81.2 TOTAL FOR MONTH: 2.28 1 = FOG OR MIST
DPTR FM NORMAL: 0.0 DPTR FM NORMAL: M 2 = FOG REDUCING VISIBILITY
HIGHEST: 108 ON 12,11 GRTST 24HR 1.78 ON 26-26 TO 1/4 MILE OR LESS
LOWEST: 59 ON 2 3 = THUNDER
SNOW, ICE PELLETS, HAIL 4 = ICE PELLETS
TOTAL MONTH: M 5 = HAIL
GRTST 24HR M ON M 6 = FREEZING RAIN OR DRIZZLE
GRTST DEPTH: M ON M 7 = DUSTSTORM OR SANDSTORM:
VSBY 1/2 MILE OR LESS
8 = SMOKE OR HAZE
[NO. OF DAYS WITH] [WEATHER - DAYS WITH] 9 = BLOWING SNOW
X = TORNADO
MAX 32 OR BELOW: 0 0.01 INCH OR MORE: 5
MAX 90 OR ABOVE: 22 0.10 INCH OR MORE: 3
MIN 32 OR BELOW: 0 0.50 INCH OR MORE: 1
MIN 0 OR BELOW: 0 1.00 INCH OR MORE: 1
[HDD (BASE 65) ]
TOTAL THIS MO. 0 CLEAR (SCALE 0-3) 25
DPTR FM NORMAL M PTCLDY (SCALE 4-7) 5
TOTAL FM JUL 1 2672 CLOUDY (SCALE 8-10) 0
DPTR FM NORMAL M
[CDD (BASE 65) ]
TOTAL THIS MO. 496
DPTR FM NORMAL M [PRESSURE DATA]
TOTAL FM JAN 1 923 HIGHEST SLP M ON M
DPTR FM NORMAL M LOWEST SLP M ON M
[REMARKS]
#FINAL-06-22#