000
CXUS54 KEWX 011110
CF6ATT
PRELIMINARY LOCAL CLIMATOLOGICAL DATA (WS FORM: F-6)
STATION: AUSTIN CAMP MABRY
MONTH: JANUARY
YEAR: 2022
LATITUDE: 30 17 N
LONGITUDE: 97 42 W
TEMPERATURE IN F: :PCPN: SNOW: WIND :SUNSHINE: SKY :PK WND
================================================================================
1 2 3 4 5 6A 6B 7 8 9 10 11 12 13 14 15 16 17 18
12Z AVG MX 2MIN
DY MAX MIN AVG DEP HDD CDD WTR SNW DPTH SPD SPD DIR MIN PSBL S-S WX SPD DR
================================================================================
1 78 38 58 6 7 0 T 0.0 0 4.9 16 330 M M 4 18 33 320
2 48 25 37 -15 28 0 0.00 0.0 0 8.8 18 340 M M 3 3 35 330
3 57 28 43 -9 22 0 0.00 0.0 0 1.8 8 120 M M 0 13 120
4 67 36 52 0 13 0 0.00 0.0 0 3.4 14 200 M M 0 28 210
5 74 42 58 6 7 0 0.00 0.0 0 1.3 9 290 M M 0 14 300
6 56 34 45 -7 20 0 0.00 0.0 0 7.0 15 10 M M 0 30 360
7 42 28 35 -17 30 0 0.02 0.0 0 2.0 8 10 M M 6 18 14 330
8 63 42 53 1 12 0 0.12 0.0 0 1.9 9 220 M M 10 12 17 180
9 64 48 56 4 9 0 0.00 0.0 0 6.8 17 360 M M 5 1 30 360
10 59 41 50 -2 15 0 0.00 0.0 0 7.2 14 360 M M 3 25 360
11 51 41 46 -6 19 0 T 0.0 0 1.2 9 20 M M 6 15 30
12 66 43 55 3 10 0 0.00 0.0 0 0.9 7 130 M M 5 11 150
13 75 40 58 6 7 0 0.00 0.0 0 3.2 12 300 M M 0 22 290
14 78 43 61 9 4 0 0.00 0.0 0 3.5 14 190 M M 0 27 300
15 64 41 53 1 12 0 0.00 0.0 0 12.6 23 340 M M 0 44 320
16 63 34 49 -3 16 0 0.00 0.0 0 3.4 10 330 M M 0 22 330
17 68 34 51 -1 14 0 0.00 0.0 0 2.2 8 100 M M 0 14 160
18 75 44 60 8 5 0 0.00 0.0 0 4.8 14 220 M M 0 30 190
19 81 42 62 10 3 0 0.00 0.0 0 5.6 18 350 M M 5 36 10
20 42 32 37 -15 28 0 T T 0 10.6 17 360 M M 9 4 32 350
21 50 28 39 -13 26 0 0.00 0.0 0 5.0 13 360 M M 1 23 10
22 55 28 42 -10 23 0 0.00 0.0 0 1.9 9 20 M M 1 15 20
23 58 42 50 -2 15 0 0.00 0.0 0 0.5 6 200 M M 10 11 210
24 53 44 49 -4 16 0 0.13 0.0 0 0.4 6 110 M M 10 1 11 250
25 53 46 50 -3 15 0 0.00 0.0 0 3.5 8 20 M M 10 1 16 30
26 55 42 49 -4 16 0 0.00 0.0 0 4.1 9 110 M M 5 19 30
27 61 41 51 -2 14 0 0.00 0.0 0 1.4 12 20 M M 6 24 40
28 60 38 49 -4 16 0 T 0.0 0 6.7 15 10 M M 3 28 360
29 68 36 52 -1 13 0 0.00 0.0 0 3.2 9 210 M M 0 17 210
30 71 36 54 1 11 0 0.00 0.0 0 2.1 10 160 M M 0 20 140
31 59 52 56 2 9 0 1.94 0.0 0 2.7 15 90 M M 8 1 31 90
================================================================================
SM 1914 1189 455 0 2.21 T 124.6 M 110
================================================================================
AV 61.7 38.4 4.0 FASTST M M 4 MAX(MPH)
MISC ----> 23 340 44 320
================================================================================
NOTES:
# LAST OF SEVERAL OCCURRENCES
COLUMN 17 PEAK WIND IN M.P.H.
PRELIMINARY LOCAL CLIMATOLOGICAL DATA (WS FORM: F-6) , PAGE 2
STATION: AUSTIN CAMP MABRY
MONTH: JANUARY
YEAR: 2022
LATITUDE: 30 17 N
LONGITUDE: 97 42 W
[TEMPERATURE DATA] [PRECIPITATION DATA] SYMBOLS USED IN COLUMN 16
AVERAGE MONTHLY: 50.0 TOTAL FOR MONTH: 2.21 1 = FOG OR MIST
DPTR FM NORMAL: -2.2 DPTR FM NORMAL: -0.43 2 = FOG REDUCING VISIBILITY
HIGHEST: 81 ON 19 GRTST 24HR 4.22 ON 31-31 TO 1/4 MILE OR LESS
LOWEST: 25 ON 2 3 = THUNDER
SNOW, ICE PELLETS, HAIL 4 = ICE PELLETS
TOTAL MONTH: T 5 = HAIL
GRTST 24HR T ON 20-20 6 = FREEZING RAIN OR DRIZZLE
GRTST DEPTH: 0 7 = DUSTSTORM OR SANDSTORM:
VSBY 1/2 MILE OR LESS
8 = SMOKE OR HAZE
[NO. OF DAYS WITH] [WEATHER - DAYS WITH] 9 = BLOWING SNOW
X = TORNADO
MAX 32 OR BELOW: 0 0.01 INCH OR MORE: 4
MAX 90 OR ABOVE: 0 0.10 INCH OR MORE: 3
MIN 32 OR BELOW: 6 0.50 INCH OR MORE: 1
MIN 0 OR BELOW: 0 1.00 INCH OR MORE: 1
[HDD (BASE 65) ]
TOTAL THIS MO. 455 CLEAR (SCALE 0-3) 17
DPTR FM NORMAL 47 PTCLDY (SCALE 4-7) 8
TOTAL FM JUL 1 707 CLOUDY (SCALE 8-10) 6
DPTR FM NORMAL -286
[CDD (BASE 65) ]
TOTAL THIS MO. 0
DPTR FM NORMAL -10 [PRESSURE DATA]
TOTAL FM JAN 1 0 HIGHEST SLP 30.68 ON 10
DPTR FM NORMAL -10 LOWEST SLP 29.59 ON 1
[REMARKS]
#FINAL-01-22#