000
CXUS51 KBGM 111355 CCA
CLMAVP
CLIMATE REPORT...CORRECTED
NATIONAL WEATHER SERVICE BINGHAMTON, NY
953 PM EDT SUN JUN 11 2023
...................................
...THE AVOCA PA CLIMATE SUMMARY FOR THE MONTH OF MAY 2023...
CLIMATE NORMAL PERIOD 1991 TO 2020
CLIMATE RECORD PERIOD 1901 TO 2023
WEATHER OBSERVED NORMAL DEPART LAST YEAR`S
VALUE DATE(S) VALUE FROM VALUE DATE(S)
NORMAL
................................................................
TEMPERATURE (F)
RECORD
HIGH 93 05/26/2020
05/30/2006
05/18/1962
LOW 27 05/05/1974
HIGHEST 88 05/31 69 19 92 05/31
LOWEST 30 05/18 48 -18 37 05/01
AVG. MAXIMUM 72.7 72.2 0.5 75.3
AVG. MINIMUM 44.3 49.6 -5.3 52.5
MEAN 58.5 60.9 -2.4 63.9
DAYS MAX >= 90 0 0.7 -0.7 2
DAYS MAX <= 32 0 0.0 0.0 0
DAYS MIN <= 32 1 0.6 0.4 0
DAYS MIN <= 0 0 0.0 0.0 0
PRECIPITATION (INCHES)
RECORD
MAXIMUM 8.02 1989
MINIMUM 0.77 1959
TOTALS 0.91 3.26 -2.35 4.14
DAILY AVG. 0.03 0.11 -0.08 0.13
DAYS >= .01 6 12.9 -6.9 13
DAYS >= .10 5 7.8 -2.8 8
DAYS >= .50 0 2.0 -2.0 4
DAYS >= 1.00 0 0.4 -0.4 0
GREATEST
24 HR. TOTAL 3.12 04/30 TO 05/01
SNOWFALL (INCHES)
RECORDS
TOTAL 2.4 1977
24 HR TOTAL 2.0 05/09/1977 TO 05/09/1977
TOTALS 0.0 0.0 0.0 0.0
SINCE 7/1 21.3 45.1 -23.8 26.8
DAYS >= TRACE 0 0.0 0.0 0
DAYS >= 1.0 0 0.0 0.0 0
GREATEST
24 HR TOTAL 0.0
DEGREE DAYS
HEATING TOTAL 210 177 33 106
SINCE 7/1 4807 5708 -901 5162
COOLING TOTAL 17 50 -33 79
SINCE 1/1 47 58 -11 79
................................................................
WIND (MPH)
AVERAGE WIND SPEED 6.0
RESULTANT WIND SPEED/DIRECTION 1/350
HIGHEST WIND SPEED/DIRECTION 35/270 DATE 05/01
HIGHEST GUST SPEED/DIRECTION 43/280 DATE 05/01
SKY COVER
POSSIBLE SUNSHINE (PERCENT) MM
AVERAGE SKY COVER 0.24
NUMBER OF DAYS FAIR 21
NUMBER OF DAYS PC 6
NUMBER OF DAYS CLOUDY 4
AVERAGE RH (PERCENT) 58
WEATHER CONDITIONS. NUMBER OF DAYS WITH
THUNDERSTORM 0 MIXED PRECIP 0
HEAVY RAIN 3 RAIN 5
LIGHT RAIN 9 FREEZING RAIN 0
LT FREEZING RAIN 0 HAIL 0
HEAVY SNOW 0 SNOW 0
LIGHT SNOW 0 SLEET 0
FOG 6 FOG W/VIS <= 1/4 MILE 0
HAZE 0
- INDICATES NEGATIVE NUMBERS.
R INDICATES RECORD WAS SET OR TIED.
MM INDICATES DATA IS MISSING.
T INDICATES TRACE AMOUNT.
&&
3RD DRIEST MAY - DRIEST 0.77 INCH 1959
CORRECTED GREATEST 24 HOUR PRECIPITATION
$$
BJT/TAC