000
CXUS53 KGRR 011010
CF6AZO
PRELIMINARY LOCAL CLIMATOLOGICAL DATA (WS FORM: F-6)
STATION: KALAMAZOO
MONTH: NOVEMBER
YEAR: 2022
LATITUDE: 42 13 N
LONGITUDE: 85 33 W
TEMPERATURE IN F: :PCPN: SNOW: WIND :SUNSHINE: SKY :PK WND
================================================================================
1 2 3 4 5 6A 6B 7 8 9 10 11 12 13 14 15 16 17 18
12Z AVG MX 2MIN
DY MAX MIN AVG DEP HDD CDD WTR SNW DPTH SPD SPD DIR MIN PSBL S-S WX SPD DR
================================================================================
1 67 42 55 9 10 0 0.00 0.0 0 4.5 10 270 M M 5 18 15 290
2 69 37 53 8 12 0 0.00 0.0 0 3.9 13 180 M M 0 128 18 190
3 72 49 61 16 4 0 0.00 0.0 0 8.3 20 190 M M 0 18 28 210
4 72 56 64 20 1 0 T 0.0 0 12.8 23 180 M M 3 31 180
5 68 47 58 14 7 0 0.06 0.0 0 18.4 43 190 M M 6 64 180
6 67 42 55 11 10 0 0.00 0.0 0 11.5 28 200 M M 0 39 200
7 55 36 46 3 19 0 0.00 0.0 0 8.3 20 300 M M 0 25 290
8 57 35 46 3 19 0 0.00 0.0 0 6.4 16 90 M M 0 23 90
9 66 42 54 12 11 0 0.00 0.0 M 6.6 12 180 M M 5 16 150
10 75 52 64 22 1 0 0.00 0.0 0 10.3 20 190 M M 0 26 190
11 59 37 48 6 17 0 0.00 0.0 0 10.8 23 320 M M 5 34 310
12 40 32 36 -5 29 0 0.05 2.0 T 7.5 18 320 M M 10 18 25 330
13 36 31 34 -7 31 0 0.04 0.1 2 5.3 13 310 M M 10 18 17 320
14 41 31 36 -4 29 0 0.00 0.0 0 3.6 9 180 M M 10 16 190
15 35 31 33 -7 32 0 0.11 1.6 T 4.5 10 60 M M 9 18 16 70
16 39 31 35 -5 30 0 T 0.3 T 5.2 13 330 M M 9 1 16 320
17 34 28 31 -8 34 0 0.04 5.1 1 11.3 23 210 M M 10 128 33 220
18 31 21 26 -13 39 0 M 7.7 5 12.9 23 250 M M 10 12 32 250
19 25 20 23 -16 42 0 M 4.5 10 16.1 29 210 M M 10 128 37 220
20 26 19 23 -15 42 0 0.03 0.4 9 10.7 17 190 M M 6 8 28 270
21 41 21 31 -7 34 0 0.00 0.0 6 10.5 23 240 M M 0 1 32 240
22 46 19 33 -5 32 0 0.00 0.0 4 4.6 15 240 M M 0 128 22 270
23 52 23 38 1 27 0 0.00 0.0 3 5.5 12 200 M M 0 1 15 180
24 51 28 40 3 25 0 0.01 0.0 1 6.6 16 240 M M 4 18 21 250
25 50 30 40 4 25 0 0.00 0.0 0 8.5 17 300 M M 4 1 26 290
26 55 29 42 6 23 0 0.00 0.0 0 7.8 20 230 M M 0 1 26 230
27 43 33 38 2 27 0 0.52 0.0 0 8.1 20 350 M M 8 1 27 350
28 45 30 38 2 27 0 0.00 0.0 0 4.0 10 210 M M 7 14 360
29 57 38 48 13 17 0 0.11 0.0 0 9.7 22 180 M M 8 18 30 170
30 57 29 43 8 22 0 0.01 T T 19.4 29 280 M M 10 42 290
================================================================================
SM 1531 999 678 0 0.98 21.7 263.6 M 149
================================================================================
AV 51.0 33.3 8.8 FASTST M M 5 MAX(MPH)
MISC ----> 43 190 64 180
================================================================================
NOTES:
# LAST OF SEVERAL OCCURRENCES
COLUMN 17 PEAK WIND IN M.P.H.
PRELIMINARY LOCAL CLIMATOLOGICAL DATA (WS FORM: F-6) , PAGE 2
STATION: KALAMAZOO
MONTH: NOVEMBER
YEAR: 2022
LATITUDE: 42 13 N
LONGITUDE: 85 33 W
[TEMPERATURE DATA] [PRECIPITATION DATA] SYMBOLS USED IN COLUMN 16
AVERAGE MONTHLY: 42.2 TOTAL FOR MONTH: 0.98 1 = FOG OR MIST
DPTR FM NORMAL: 2.1 DPTR FM NORMAL: -1.52 2 = FOG REDUCING VISIBILITY
HIGHEST: 75 ON 10 GRTST 24HR 0.52 ON 27-27 TO 1/4 MILE OR LESS
LOWEST: 19 ON 22,20 3 = THUNDER
SNOW, ICE PELLETS, HAIL 4 = ICE PELLETS
TOTAL MONTH: 21.7 INCHES 5 = HAIL
GRTST 24HR 7.7 ON 18-18 6 = FREEZING RAIN OR DRIZZLE
GRTST DEPTH: 10 ON 19 7 = DUSTSTORM OR SANDSTORM:
VSBY 1/2 MILE OR LESS
8 = SMOKE OR HAZE
[NO. OF DAYS WITH] [WEATHER - DAYS WITH] 9 = BLOWING SNOW
X = TORNADO
MAX 32 OR BELOW: 3 0.01 INCH OR MORE: 10
MAX 90 OR ABOVE: 0 0.10 INCH OR MORE: 3
MIN 32 OR BELOW: 17 0.50 INCH OR MORE: 1
MIN 0 OR BELOW: 0 1.00 INCH OR MORE: 0
[HDD (BASE 65) ]
TOTAL THIS MO. 678 CLEAR (SCALE 0-3) 10
DPTR FM NORMAL -70 PTCLDY (SCALE 4-7) 10
TOTAL FM JUL 1 1158 CLOUDY (SCALE 8-10) 10
DPTR FM NORMAL -153
[CDD (BASE 65) ]
TOTAL THIS MO. 0
DPTR FM NORMAL 0 [PRESSURE DATA]
TOTAL FM JAN 1 966 HIGHEST SLP 30.73 ON 8
DPTR FM NORMAL 257 LOWEST SLP 29.40 ON 27
[REMARKS]
#FINAL-11-22#