000
CXUS53 KIWX 010810
CF6BEH
PRELIMINARY LOCAL CLIMATOLOGICAL DATA (WS FORM: F-6)
STATION: BENTON HARBOR
MONTH: SEPTEMBER
YEAR: 2021
LATITUDE: 42 7 N
LONGITUDE: 86 26 W
TEMPERATURE IN F: :PCPN: SNOW: WIND :SUNSHINE: SKY :PK WND
================================================================================
1 2 3 4 5 6A 6B 7 8 9 10 11 12 13 14 15 16 17 18
12Z AVG MX 2MIN
DY MAX MIN AVG DEP HDD CDD WTR SNW DPTH SPD SPD DIR MIN PSBL S-S WX SPD DR
================================================================================
1 78 59 69 1 0 4 0.00 M M 5.7 15 80 M M 1 24 310
2 78 51 65 -2 0 0 0.00 M M 2.4 10 320 M M 0 1 16 40
3 78 53 66 -1 0 1 T M M 5.0 12 170 M M 3 18 200
4 74 66 70 3 0 5 0.03 M M 7.0 13 190 M M 10 18 19 200
5 80 59 70 3 0 5 0.00 M M 8.3 18 270 M M 2 1 27 270
6 76 56 66 0 0 1 T M M 2.9 29 290 M M 2 46 280
7 88 58 73 7 0 8 2.28 M M 9.0 32 300 M M 2 13 54 290
8 76 62 69 3 0 4 0.08 M M 8.6 18 290 M M 2 18 26 310
9 72 52 62 -4 3 0 0.07 0.0 0 2.7 12 310 M M 2 123 19 330
10 77 51 64 -1 1 0 0.00 0.0 0 3.5 14 280 M M 1 19 280
11 84 61 73 8 0 8 0.00 0.0 0 8.1 17 250 M M 0 23 250
12 83 69 76 11 0 11 0.00 0.0 0 8.6 22 250 M M 1 1 31 260
13 82 69 76 12 0 11 0.00 0.0 0 4.2 12 280 M M 5 18 15 280
14 86 69 78 14 0 13 0.00 0.0 0 10.2 22 250 M M 4 33 190
15 73 52 63 -1 2 0 0.00 0.0 0 3.8 13 310 M M 3 1 23 300
16 81 47 64 1 1 0 0.00 M M 3.0 12 160 M M 0 1 16 160
17 84 61 73 10 0 8 0.00 M M 6.1 16 280 M M 1 20 260
18 81 61 71 8 0 6 0.00 M M 4.9 15 80 M M 1 1 22 80
19 88 62 75 13 0 10 0.00 M M 6.1 10 120 M M 0 15 160
20 80 68 74 12 0 9 0.46 M M 8.4 16 180 M M 5 138 27 190
21 73 57 65 3 0 0 0.25 M M 7.6 18 290 M M 9 18 28 170
22 61 55 58 -3 7 0 0.07 M M 6.9 16 70 M M 3 1 29 350
23 57 48 53 -8 12 0 0.57 M M 6.4 16 70 M M 8 1 29 50
24 76 50 63 3 2 0 T M M 11.1 18 200 M M 1 29 210
25 68 56 62 2 3 0 0.37 M M 11.3 22 270 M M 4 1 30 300
26 80 51 66 6 0 1 0.00 M M 10.1 23 250 M M 2 35 240
27 79 60 70 11 0 5 0.00 M M 8.2 20 240 M M 0 30 250
28 74 52 63 4 2 0 0.00 M M 4.4 13 80 M M 0 1 18 80
29 79 48 64 5 1 0 0.00 M M 3.0 9 130 M M 0 13 150
30 78 50 64 6 1 0 0.00 M M 4.1 9 140 M M 0 1 13 140
================================================================================
SM 2324 1713 35 110 4.18 0.0 191.6 M 72
================================================================================
AV 77.5 57.1 6.4 FASTST M M 2 MAX(MPH)
MISC ----> 32 300 54 290
================================================================================
NOTES:
# LAST OF SEVERAL OCCURRENCES
COLUMN 17 PEAK WIND IN M.P.H.
PRELIMINARY LOCAL CLIMATOLOGICAL DATA (WS FORM: F-6) , PAGE 2
STATION: BENTON HARBOR
MONTH: SEPTEMBER
YEAR: 2021
LATITUDE: 42 7 N
LONGITUDE: 86 26 W
[TEMPERATURE DATA] [PRECIPITATION DATA] SYMBOLS USED IN COLUMN 16
AVERAGE MONTHLY: 67.3 TOTAL FOR MONTH: 4.18 1 = FOG OR MIST
DPTR FM NORMAL: 4.0 DPTR FM NORMAL: 0.56 2 = FOG REDUCING VISIBILITY
HIGHEST: 88 ON 19, 7 GRTST 24HR 2.28 ON 7- 7 TO 1/4 MILE OR LESS
LOWEST: 47 ON 16 3 = THUNDER
SNOW, ICE PELLETS, HAIL 4 = ICE PELLETS
TOTAL MONTH: 0.0 INCH 5 = HAIL
GRTST 24HR 0.0 6 = FREEZING RAIN OR DRIZZLE
GRTST DEPTH: 0 7 = DUSTSTORM OR SANDSTORM:
VSBY 1/2 MILE OR LESS
8 = SMOKE OR HAZE
[NO. OF DAYS WITH] [WEATHER - DAYS WITH] 9 = BLOWING SNOW
X = TORNADO
MAX 32 OR BELOW: 0 0.01 INCH OR MORE: 9
MAX 90 OR ABOVE: 0 0.10 INCH OR MORE: 5
MIN 32 OR BELOW: 0 0.50 INCH OR MORE: 2
MIN 0 OR BELOW: 0 1.00 INCH OR MORE: 1
[HDD (BASE 65) ]
TOTAL THIS MO. 35 CLEAR (SCALE 0-3) 21
DPTR FM NORMAL -88 PTCLDY (SCALE 4-7) 7
TOTAL FM JUL 1 40 CLOUDY (SCALE 8-10) 2
DPTR FM NORMAL -117
[CDD (BASE 65) ]
TOTAL THIS MO. 110
DPTR FM NORMAL 40 [PRESSURE DATA]
TOTAL FM JAN 1 924 HIGHEST SLP 30.20 ON 30
DPTR FM NORMAL 280 LOWEST SLP 29.60 ON 7
[REMARKS]
#FINAL-09-21#