000
CXUS53 KIWX 010810
CF6BEH
PRELIMINARY LOCAL CLIMATOLOGICAL DATA (WS FORM: F-6)
STATION: BENTON HARBOR
MONTH: MARCH
YEAR: 2021
LATITUDE: 42 7 N
LONGITUDE: 86 26 W
TEMPERATURE IN F: :PCPN: SNOW: WIND :SUNSHINE: SKY :PK WND
================================================================================
1 2 3 4 5 6A 6B 7 8 9 10 11 12 13 14 15 16 17 18
12Z AVG MX 2MIN
DY MAX MIN AVG DEP HDD CDD WTR SNW DPTH SPD SPD DIR MIN PSBL S-S WX SPD DR
================================================================================
1 36 26 31 -1 34 0 T M M 7.7 15 330 M M 6 8 28 310
2 41 16 29 -4 36 0 0.00 0.0 M 7.6 17 200 M M 0 25 200
3 45 30 38 5 27 0 0.00 0.0 M 9.2 18 240 M M 0 31 240
4 35 27 31 -3 34 0 0.00 M M 5.9 12 360 M M 3 22 310
5 40 17 29 -5 36 0 0.00 M M 4.6 16 290 M M 0 22 310
6 40 20 30 -4 35 0 0.00 M M 2.7 14 280 M M 0 20 310
7 48 15 32 -2 33 0 0.00 M M 3.5 9 170 M M 0 18 14 160
8 61 37 49 14 16 0 0.00 M M 10.0 23 230 M M 2 34 240
9 68 32 50 15 15 0 0.00 M M 7.4 20 180 M M 0 1 27 170
10 70 55 63 27 2 0 T M M 16.4 26 210 M M 6 45 210
11 65 39 52 16 13 0 0.07 M M 15.3 28 220 M M 5 45 230
12 44 27 36 0 29 0 0.00 M M 6.0 14 310 M M 0 24 310
13 50 19 35 -1 30 0 0.00 M M 3.8 12 280 M M 0 17 290
14 50 34 42 5 23 0 0.00 M M 7.5 13 50 M M 0 30 10
15 38 29 34 -3 31 0 0.03 M M 14.8 32 120 M M 5 8 46 110
16 37 32 35 -3 30 0 0.00 M M 3.9 13 120 M M 10 18 18 110
17 52 32 42 4 23 0 0.02 M M 5.0 12 340 M M 4 8 25 30
18 49 35 42 4 23 0 0.07 M M 12.8 24 80 M M 2 41 80
19 51 25 38 -1 27 0 0.00 M M 6.5 17 110 M M 0 26 110
20 56 20 38 -1 27 0 0.00 M M 3.6 14 160 M M 0 18 18 160
21 67 35 51 12 14 0 0.00 M M 8.5 16 170 M M 0 28 160
22 69 44 57 17 8 0 0.00 M M 8.7 22 260 M M 2 29 240
23 74 42 58 18 7 0 0.14 M M 9.3 20 200 M M 7 32 180
24 65 49 57 17 8 0 0.03 M M 14.5 29 240 M M 9 40 240
25 52 41 47 6 18 0 0.61 0.0 0 6.3 17 260 M M 8 1 23 240
26 43 34 39 -2 26 0 0.38 0.0 0 4.7 15 330 M M 10 1 31 330
27 65 31 48 6 17 0 0.01 0.0 0 7.5 22 120 M M 5 1 32 220
28 55 32 44 2 21 0 T M M 11.9 24 320 M M 7 18 41 300
29 58 24 41 -1 24 0 0.00 M M 10.3 21 180 M M 0 36 180
30 69 46 58 15 7 0 T M M 15.5 25 230 M M 3 37 210
31 46 33 40 -3 25 0 0.00 M M 9.7 20 300 M M 6 28 290
================================================================================
SM 1639 978 699 0 1.36 0.0 261.1 M 100
================================================================================
AV 52.9 31.5 8.4 FASTST M M 3 MAX(MPH)
MISC ----> 32 120 46 110
================================================================================
NOTES:
# LAST OF SEVERAL OCCURRENCES
COLUMN 17 PEAK WIND IN M.P.H.
PRELIMINARY LOCAL CLIMATOLOGICAL DATA (WS FORM: F-6) , PAGE 2
STATION: BENTON HARBOR
MONTH: MARCH
YEAR: 2021
LATITUDE: 42 7 N
LONGITUDE: 86 26 W
[TEMPERATURE DATA] [PRECIPITATION DATA] SYMBOLS USED IN COLUMN 16
AVERAGE MONTHLY: 42.2 TOTAL FOR MONTH: 1.36 1 = FOG OR MIST
DPTR FM NORMAL: 4.6 DPTR FM NORMAL: -0.75 2 = FOG REDUCING VISIBILITY
HIGHEST: 74 ON 23 GRTST 24HR 0.99 ON 25-26 TO 1/4 MILE OR LESS
LOWEST: 15 ON 7 3 = THUNDER
SNOW, ICE PELLETS, HAIL 4 = ICE PELLETS
TOTAL MONTH: 0.0 INCH 5 = HAIL
GRTST 24HR 0.0 6 = FREEZING RAIN OR DRIZZLE
GRTST DEPTH: 0 7 = DUSTSTORM OR SANDSTORM:
VSBY 1/2 MILE OR LESS
8 = SMOKE OR HAZE
[NO. OF DAYS WITH] [WEATHER - DAYS WITH] 9 = BLOWING SNOW
X = TORNADO
MAX 32 OR BELOW: 0 0.01 INCH OR MORE: 9
MAX 90 OR ABOVE: 0 0.10 INCH OR MORE: 3
MIN 32 OR BELOW: 18 0.50 INCH OR MORE: 1
MIN 0 OR BELOW: 0 1.00 INCH OR MORE: 0
[HDD (BASE 65) ]
TOTAL THIS MO. 699 CLEAR (SCALE 0-3) 17
DPTR FM NORMAL -150 PTCLDY (SCALE 4-7) 11
TOTAL FM JUL 1 4987 CLOUDY (SCALE 8-10) 3
DPTR FM NORMAL -346
[CDD (BASE 65) ]
TOTAL THIS MO. 0
DPTR FM NORMAL -1 [PRESSURE DATA]
TOTAL FM JAN 1 0 HIGHEST SLP 30.61 ON 20
DPTR FM NORMAL -1 LOWEST SLP 29.54 ON 26
[REMARKS]
#FINAL-03-21#