000
CXUS53 KIWX 010800
CF6BEH
PRELIMINARY LOCAL CLIMATOLOGICAL DATA (WS FORM: F-6)
STATION: BENTON HARBOR
MONTH: JUNE
YEAR: 2020
LATITUDE: 42 7 N
LONGITUDE: 86 26 W
TEMPERATURE IN F: :PCPN: SNOW: WIND :SUNSHINE: SKY :PK WND
================================================================================
1 2 3 4 5 6A 6B 7 8 9 10 11 12 13 14 15 16 17 18
12Z AVG MX 2MIN
DY MAX MIN AVG DEP HDD CDD WTR SNW DPTH SPD SPD DIR MIN PSBL S-S WX SPD DR
================================================================================
1 75 43 59 -5 6 0 0.00 0.0 0 7.3 17 190 M M 4 27 210
2 89 68 79 15 0 14 0.00 0.0 0 15.9 25 290 M M 3 48 280
3 79 60 70 6 0 5 0.00 0.0 0 5.7 16 270 M M 2 23 300
4 79 61 70 5 0 5 0.00 0.0 0 3.3 10 270 M M 2 1 16 280
5 84 59 72 7 0 7 0.00 0.0 0 4.1 15 290 M M 1 12 21 290
6 70 59 65 0 0 0 0.00 0.0 0 3.8 10 330 M M 0 1 19 300
7 81 53 67 1 0 2 0.00 0.0 0 4.4 14 100 M M 0 19 120
8 87 61 74 8 0 9 0.00 0.0 0 9.1 16 120 M M 0 23 150
9 93 64 79 13 0 14 0.02 0.0 0 11.7 30 190 M M 2 18 49 200
10 87 60 74 7 0 9 0.02 M M 15.5 32 250 M M 7 13 49 260
11 78 58 68 1 0 3 T M M 11.9 26 310 M M 2 45 290
12 75 51 63 -5 2 0 0.00 0.0 0 3.2 9 20 M M 1 18 17 20
13 72 51 62 -6 3 0 0.00 M M 8.1 16 80 M M 1 24 90
14 75 47 61 -7 4 0 0.00 M M 6.3 17 80 M M 0 26 120
15 73 46 60 -8 5 0 0.00 M M 3.5 12 80 M M 0 17 20
16 80 50 65 -4 0 0 0.00 M M 3.4 9 20 M M 1 16 20
17 84 58 71 2 0 6 0.00 M M 3.3 10 180 M M 2 16 310
18 82 55 69 0 0 4 0.00 0.0 0 2.8 9 360 M M 0 16 330
19 89 58 74 4 0 9 0.00 0.0 0 2.3 9 300 M M 1 13 300
20 91 63 77 7 0 12 0.00 0.0 0 7.8 22 240 M M 3 33 240
21 81 64 73 3 0 8 0.00 0.0 0 5.5 14 270 M M 3 1 23 270
22 87 63 75 5 0 10 0.57 0.0 0 6.3 24 260 M M 3 138 43 270
23 74 59 67 -4 0 2 0.02 0.0 0 M M M M M 0 M M
24 76 57 67 -4 0 2 0.00 0.0 M 5.3 14 290 M M 2 19 280
25 80 56 68 -3 0 3 0.00 0.0 0 3.4 12 280 M M 1 18 16 280
26 80 58 69 -2 0 4 1.19 0.0 0 6.6 41 290 M M 5 13 64 270
27 84 69 77 5 0 12 T 0.0 0 7.4 22 260 M M 4 30 270
28 86 68 77 5 0 12 0.00 0.0 0 3.2 12 130 M M 2 1 16 150
29 92 68 80 8 0 15 0.03 0.0 0 5.2 16 290 M M 2 23 310
30 90 69 80 8 0 15 0.23 0.0 0 6.3 14 110 M M 2 1 19 130
================================================================================
SM 2453 1756 20 182 2.08 0.0 182.6 M 56
================================================================================
AV 81.8 58.5 6.3 FASTST M M 2 MAX(MPH)
MISC ----> # 41 290 # 64 270
================================================================================
NOTES:
# LAST OF SEVERAL OCCURRENCES
COLUMN 17 PEAK WIND IN M.P.H.
PRELIMINARY LOCAL CLIMATOLOGICAL DATA (WS FORM: F-6) , PAGE 2
STATION: BENTON HARBOR
MONTH: JUNE
YEAR: 2020
LATITUDE: 42 7 N
LONGITUDE: 86 26 W
[TEMPERATURE DATA] [PRECIPITATION DATA] SYMBOLS USED IN COLUMN 16
AVERAGE MONTHLY: 70.2 TOTAL FOR MONTH: 2.08 1 = FOG OR MIST
DPTR FM NORMAL: 1.8 DPTR FM NORMAL: -1.25 2 = FOG REDUCING VISIBILITY
HIGHEST: 93 ON 9 GRTST 24HR 1.19 ON 26-26 TO 1/4 MILE OR LESS
LOWEST: 43 ON 1 3 = THUNDER
SNOW, ICE PELLETS, HAIL 4 = ICE PELLETS
TOTAL MONTH: 0.0 INCH 5 = HAIL
GRTST 24HR 0.0 6 = FREEZING RAIN OR DRIZZLE
GRTST DEPTH: 0 7 = DUSTSTORM OR SANDSTORM:
VSBY 1/2 MILE OR LESS
8 = SMOKE OR HAZE
[NO. OF DAYS WITH] [WEATHER - DAYS WITH] 9 = BLOWING SNOW
X = TORNADO
MAX 32 OR BELOW: 0 0.01 INCH OR MORE: 7
MAX 90 OR ABOVE: 4 0.10 INCH OR MORE: 3
MIN 32 OR BELOW: 0 0.50 INCH OR MORE: 2
MIN 0 OR BELOW: 0 1.00 INCH OR MORE: 1
[HDD (BASE 65) ]
TOTAL THIS MO. 20 CLEAR (SCALE 0-3) 26
DPTR FM NORMAL -38 PTCLDY (SCALE 4-7) 4
TOTAL FM JUL 1 5879 CLOUDY (SCALE 8-10) 0
DPTR FM NORMAL -268
[CDD (BASE 65) ]
TOTAL THIS MO. 182
DPTR FM NORMAL 24 [PRESSURE DATA]
TOTAL FM JAN 1 232 HIGHEST SLP 30.40 ON 15
DPTR FM NORMAL 13 LOWEST SLP 29.45 ON 10
[REMARKS]
#FINAL-06-20#