000
CXUS46 KHNX 030957
CLMBFL
CLIMATE REPORT
NATIONAL WEATHER SERVICE
257 AM PDT SAT JUN 03 2023
...................................
...THE BAKERSFIELD CA CLIMATE SUMMARY FOR THE MONTH OF MAY 2023...
CLIMATE NORMAL PERIOD 1991 TO 2020
CLIMATE RECORD PERIOD 1889 TO 2023
WEATHER OBSERVED NORMAL DEPART LAST YEAR`S
VALUE DATE(S) VALUE FROM VALUE DATE(S)
NORMAL
................................................................
TEMPERATURE (F)
RECORD
HIGH 110 05/31/1910
LOW 34 05/13/1907
HIGHEST 102 05/14 MM MM 102 05/25
LOWEST 47 05/03 MM MM 43 05/09
MEAN 71.1 71.1 -0.0
DAYS MAX >= 90 11 8.8 2.2 9
DAYS MIN <= 32 0 0.0 0.0 0
PRECIPITATION (INCHES)
RECORD
MAXIMUM 2.39 1971
1921
MINIMUM 0.00 2022
TOTALS 0.15 0.25 -0.10
DAYS >= .01 3 2.1 0.9 0
DAYS >= .10 1 0.8 0.2 0
DAYS >= .50 0 0.1 -0.1 0
DAYS >= 1.00 0 0.0 0.0 0
GREATEST
24 HR. TOTAL 0.12 05/04 TO 05/05
SNOWFALL (INCHES)
RECORDS
TOTAL T 1946
1943
TOTALS 0.0 0.0
DEGREE DAYS
HEATING TOTAL 34 26 8 32
SINCE 7/1 2287 1955 332 MM
COOLING TOTAL 229 214 15 237
SINCE 1/1 314 290 24 MM
................................................................
WIND (MPH)
AVERAGE WIND SPEED 7.1
HIGHEST WIND SPEED/DIRECTION 23/320 DATE 05/09
23/330 05/02
HIGHEST GUST SPEED/DIRECTION 28/320 DATE 05/02
AVERAGE RH (PERCENT) 48
WEATHER CONDITIONS. NUMBER OF DAYS WITH
THUNDERSTORM 0 RAIN 1
HAIL 0 FOG 3
FOG W/VIS <= 1/4 MILE 0 HAZE 15
- INDICATES NEGATIVE NUMBERS.
R INDICATES RECORD WAS SET OR TIED.
MM INDICATES DATA IS MISSING.
T INDICATES TRACE AMOUNT.
$$