000
CXUS55 KSEW 010930
CF6BLI
PRELIMINARY LOCAL CLIMATOLOGICAL DATA (WS FORM: F-6)
STATION: BELLINGHAM WA AIRPORT
MONTH: JUNE
YEAR: 2022
LATITUDE: 48 47 N
LONGITUDE: 122 32 W
TEMPERATURE IN F: :PCPN: SNOW: WIND :SUNSHINE: SKY :PK WND
================================================================================
1 2 3 4 5 6A 6B 7 8 9 10 11 12 13 14 15 16 17 18
12Z AVG MX 2MIN
DY MAX MIN AVG DEP HDD CDD WTR SNW DPTH SPD SPD DIR MIN PSBL S-S WX SPD DR
================================================================================
1 70 47 59 1 6 0 0.08 M M 1.9 9 180 M M 4 12 17 220
2 73 54 64 6 1 0 0.00 M M 2.6 14 330 M M 5 18 20 310
3 63 55 59 1 6 0 0.77 M M 4.4 15 150 M M 8 1 22 210
4 71 57 64 6 1 0 0.08 M M 6.6 14 160 M M 8 22 180
5 68 52 60 1 5 0 0.58 M M 8.9 18 110 M M 10 1 35 100
6 63 47 55 -4 10 0 T M M 4.6 12 170 M M 6 18 170
7 73 45 59 0 6 0 0.07 M M 3.1 13 290 M M 2 1 17 310
8 68 54 61 2 4 0 T M M 4.6 16 180 M M 3 1 23 170
9 62 53 58 -1 7 0 1.05 M M 5.8 17 170 M M 8 1 30 160
10 69 57 63 4 2 0 0.18 M M 6.4 16 160 M M 8 1 22 180
11 68 55 62 3 3 0 0.07 M M 7.9 14 190 M M 7 19 200
12 62 53 58 -1 7 0 0.03 M M 5.8 13 160 M M 9 1 21 170
13 62 52 57 -2 8 0 0.07 M M 6.7 16 190 M M 9 1 20 170
14 63 51 57 -3 8 0 T M M 9.2 15 170 M M 9 22 200
15 62 53 58 -2 7 0 T M M 2.3 8 40 M M 7 14 20
16 69 50 60 0 5 0 T M M 2.7 10 180 M M 6 13 16 290
17 66 49 58 -2 7 0 0.01 M M 5.8 14 170 M M 7 12 22 180
18 62 54 58 -2 7 0 0.01 M M 8.8 14 180 M M 9 21 180
19 62 54 58 -2 7 0 0.01 M M 9.5 16 190 M M 9 24 180
20 64 53 59 -1 6 0 0.00 M M 11.1 15 180 M M 7 21 180
21 67 55 61 1 4 0 0.08 M M 7.3 12 190 M M 7 1 20 180
22 69 55 62 2 3 0 0.01 M M 7.3 15 180 M M 6 1 23 180
23 66 50 58 -3 7 0 0.00 M M 3.9 12 330 M M 3 19 300
24 74 45 60 -1 5 0 0.00 M M 2.5 10 290 M M 0 17 330
25 83 50 67 6 0 2 0.00 M M 3.0 12 290 M M 0 17 300
26 84 53 69 8 0 4 0.00 M M 3.3 12 290 M M 0 18 50
27 85 56 71 10 0 6 0.00 M M 4.9 16 180 M M 0 3 24 190
28 66 58 62 1 3 0 0.01 M M 11.9 21 160 M M 6 30 160
29 67 54 61 -1 4 0 T M M 5.8 14 180 M M 9 22 180
30 73 49 61 -1 4 0 0.00 M M 3.8 12 330 M M 1 1 18 240
================================================================================
SM 2054 1570 143 12 3.11 M 172.4 M 173
================================================================================
AV 68.5 52.3 5.7 FASTST M M 6 MAX(MPH)
MISC ----> 21 160 35 100
================================================================================
NOTES:
# LAST OF SEVERAL OCCURRENCES
COLUMN 17 PEAK WIND IN M.P.H.
PRELIMINARY LOCAL CLIMATOLOGICAL DATA (WS FORM: F-6) , PAGE 2
STATION: BELLINGHAM WA AIRPORT
MONTH: JUNE
YEAR: 2022
LATITUDE: 48 47 N
LONGITUDE: 122 32 W
[TEMPERATURE DATA] [PRECIPITATION DATA] SYMBOLS USED IN COLUMN 16
AVERAGE MONTHLY: 60.4 TOTAL FOR MONTH: 3.11 1 = FOG OR MIST
DPTR FM NORMAL: 0.6 DPTR FM NORMAL: 1.50 2 = FOG REDUCING VISIBILITY
HIGHEST: 85 ON 27 GRTST 24HR 1.05 ON 9- 9 TO 1/4 MILE OR LESS
LOWEST: 45 ON 24, 7 3 = THUNDER
SNOW, ICE PELLETS, HAIL 4 = ICE PELLETS
TOTAL MONTH: M 5 = HAIL
GRTST 24HR M ON M 6 = FREEZING RAIN OR DRIZZLE
GRTST DEPTH: M ON M 7 = DUSTSTORM OR SANDSTORM:
VSBY 1/2 MILE OR LESS
8 = SMOKE OR HAZE
[NO. OF DAYS WITH] [WEATHER - DAYS WITH] 9 = BLOWING SNOW
X = TORNADO
MAX 32 OR BELOW: 0 0.01 INCH OR MORE: 16
MAX 90 OR ABOVE: 0 0.10 INCH OR MORE: 4
MIN 32 OR BELOW: 0 0.50 INCH OR MORE: 3
MIN 0 OR BELOW: 0 1.00 INCH OR MORE: 1
[HDD (BASE 65) ]
TOTAL THIS MO. 143 CLEAR (SCALE 0-3) 7
DPTR FM NORMAL -21 PTCLDY (SCALE 4-7) 14
TOTAL FM JUL 1 5244 CLOUDY (SCALE 8-10) 9
DPTR FM NORMAL 136
[CDD (BASE 65) ]
TOTAL THIS MO. 12
DPTR FM NORMAL 4 [PRESSURE DATA]
TOTAL FM JAN 1 12 HIGHEST SLP M ON M
DPTR FM NORMAL 3 LOWEST SLP 29.57 ON 5
[REMARKS]
#FINAL-06-22#