000
CXUS55 KRIW 012333
CLMBPI
CLIMATE REPORT
NATIONAL WEATHER SERVICE RIVERTON WY
533 PM MDT MON MAY 01 2023
...................................
...THE BIG PINEY WY CLIMATE SUMMARY FOR THE MONTH OF APRIL 2023...
CLIMATE NORMAL PERIOD: 1991 TO 2020
CLIMATE RECORD PERIOD: 1976 TO 2023
WEATHER OBSERVED NORMAL DEPART LAST YEAR`S
VALUE DATE(S) VALUE FROM VALUE
NORMAL
..............................................................
TEMPERATURE (F)
RECORD
HIGH 77 04/23/2012
04/29/2007
LOW -7 04/06/2023
HIGHEST 69 04/30
LOWEST -7R 04/06
AVG. MAXIMUM 39.7 51.9 -12.2
AVG. MINIMUM 14.1 20.8 -6.7
MEAN 26.9 36.4 -9.5
DAYS MAX >= 90 0
DAYS MAX <= 32 9
DAYS MIN <= 32 30
DAYS MIN <= 0 3
PRECIPITATION (INCHES)
RECORD
MAXIMUM 2.51 1999
MINIMUM T 1979
TOTALS 0.20 0.69 -0.49 0.09
DAILY AVG. 0.01 0.02 -0.01
DAYS >= .01 4
DAYS >= .10 1
DAYS >= .50 0
DAYS >= 1.00 0
GREATEST
24 HR. TOTAL 0.13 04/18 TO 04/18
STORM TOTAL 0.13
DEGREE DAYS
HEATING TOTAL 1133 860 273
SINCE 7/1 10502 9471 1031
COOLING TOTAL 0 0 0
SINCE 1/1 0 0 0
..............................................................
WIND (MPH)
AVERAGE WIND SPEED 6.4
RESULTANT WIND SPEED/DIRECTION 3/350
HIGHEST WIND SPEED/DIRECTION 36/270 DATE 04/01
HIGHEST GUST SPEED/DIRECTION 45/270 DATE 04/01
SKY COVER
POSSIBLE SUNSHINE (PERCENT) MM
AVERAGE SKY COVER 0.31
NUMBER OF DAYS FAIR 20
NUMBER OF DAYS PC 5
NUMBER OF DAYS CLOUDY 5
AVERAGE RH (PERCENT) 71
WEATHER CONDITIONS. NUMBER OF DAYS WITH
THUNDERSTORM 0 MIXED PRECIP 0
HEAVY RAIN 0 RAIN 0
LIGHT RAIN 2 FREEZING RAIN 0
LT FREEZING RAIN 0 HAIL 0
HEAVY SNOW 1 SNOW 2
LIGHT SNOW 9 SLEET 0
FOG 9 FOG W/VIS <= 1/4 MILE 1
HAZE 6
- INDICATES NEGATIVE NUMBERS.
R INDICATES RECORD WAS SET OR TIED.
MM INDICATES DATA IS MISSING.
T INDICATES TRACE AMOUNT.
$$