000
CXUS54 KLCH 010952
CLMBPT
CLIMATE REPORT
NATIONAL WEATHER SERVICE LAKE CHARLES, LA
452 AM CDT TUE AUG 01 2023
...................................
...THE BEAUMONT PORT ARTHUR CLIMATE SUMMARY FOR THE MONTH OF JULY 2023...
CLIMATE NORMAL PERIOD: 1991 TO 2020
CLIMATE RECORD PERIOD: 1901 TO 2023
WEATHER OBSERVED NORMAL DEPART LAST YEAR`S
VALUE DATE(S) VALUE FROM VALUE DATE(S)
NORMAL
................................................................
TEMPERATURE (F)
RECORD
HIGH 108 07/14/1902
LOW 61 07/14/1990
07/15/1967
HIGHEST 101 07/16 MM MM 98 07/12
07/30
07/31
LOWEST 73 07/06 MM MM 70 07/14
07/25
AVG. MAXIMUM 98.3 92.6 5.7 93.5
AVG. MINIMUM 76.1 74.6 1.5 75.5
MEAN 87.2 83.6 3.6 84.5
DAYS MAX >= 90 31 25.4 5.6 28
DAYS MAX <= 32 0 0.0 0.0 0
DAYS MIN <= 32 0 0.0 0.0 0
DAYS MIN <= 0 0 0.0 0.0 0
PRECIPITATION (INCHES)
RECORD
MAXIMUM 18.71 1959
MINIMUM 0.63 1956
TOTALS 2.03 6.85 -4.82 10.52
DAILY AVG. 0.07 0.22 -0.15 0.34
DAYS >= .01 4 11.8 -7.8 11
DAYS >= .10 3 7.8 -4.8 6
DAYS >= .50 2 4.2 -2.2 3
DAYS >= 1.00 1 2.2 -1.2 3
GREATEST
24 HR. TOTAL 1.10 07/22 TO 07/22
DEGREE DAYS
COOLING TOTAL 696 577 119 611
SINCE 1/1 2109 1720 389 MM
................................................................
WIND (MPH)
AVERAGE WIND SPEED 6.6
HIGHEST WIND SPEED/DIRECTION 29/070 DATE 07/17
HIGHEST GUST SPEED/DIRECTION 39/080 DATE 07/17
SKY COVER
POSSIBLE SUNSHINE (PERCENT) MM
AVERAGE SKY COVER 0.13
NUMBER OF DAYS FAIR 31
NUMBER OF DAYS PC 0
NUMBER OF DAYS CLOUDY 0
AVERAGE RH (PERCENT) 72
WEATHER CONDITIONS. NUMBER OF DAYS WITH
THUNDERSTORM 13 MIXED PRECIP 0
HEAVY RAIN 3 RAIN 2
LIGHT RAIN 8 FREEZING RAIN 0
LT FREEZING RAIN 0 HAIL 0
HEAVY SNOW 0 SNOW 0
LIGHT SNOW 0 SLEET 0
FOG 19 FOG W/VIS <= 1/4 MILE 0
HAZE 8
- INDICATES NEGATIVE NUMBERS.
R INDICATES RECORD WAS SET OR TIED.
MM INDICATES DATA IS MISSING.
T INDICATES TRACE AMOUNT.
$$