000
CXUS53 KDVN 011510
CLMBRL
CLIMATE REPORT
NATIONAL WEATHER SERVICE QUAD CITIES IA IL
915 AM CST FRI DEC 01 2023
...................................
...THE BURLINGTON IA CLIMATE SUMMARY FOR THE MONTH OF NOVEMBER 2023...
CLIMATE NORMAL PERIOD 1991 TO 2020
CLIMATE RECORD PERIOD 1897 TO 2023
WEATHER OBSERVED NORMAL DEPART LAST YEAR`S
VALUE DATE(S) VALUE FROM VALUE
NORMAL
..............................................................
TEMPERATURE (F)
RECORD
HIGH 86 11/17/1899
LOW -2 11/08/1991
11/26/1977
11/29/1976
HIGHEST 70 11/06 59 11
LOWEST 5 11/28 26 -21
AVG. MAXIMUM 52.6 49.8 2.8
AVG. MINIMUM 30.6 32.3 -1.7
MEAN 41.6 41.0 0.6
DAYS MAX >= 90 0
DAYS MAX <= 32 3
DAYS MIN <= 32 18
DAYS MIN <= 0 0
PRECIPITATION (INCHES)
TOTALS 0.55 2.29 -1.74
DAILY AVG. 0.02 0.08 -0.06
DAYS >= .01 2
DAYS >= .10 2
DAYS >= .50 0
DAYS >= 1.00 0
GREATEST
24 HR. TOTAL 0.35 11/26 TO 11/26
DEGREE DAYS
HEATING TOTAL 694 719 -25
SINCE 7/1 1036 1155 -119
COOLING TOTAL 0 1 -1
SINCE 1/1 1035 1083 -48
..............................................................
WIND (MPH)
AVERAGE WIND SPEED 7.8
HIGHEST WIND SPEED/DIRECTION 25/200 DATE 11/16
HIGHEST GUST SPEED/DIRECTION 37/350 DATE 11/09
SKY COVER
POSSIBLE SUNSHINE (PERCENT) MM
AVERAGE SKY COVER 0.21
NUMBER OF DAYS FAIR 23
NUMBER OF DAYS PC 4
NUMBER OF DAYS CLOUDY 3
AVERAGE RH (PERCENT) 67
WEATHER CONDITIONS. NUMBER OF DAYS WITH
THUNDERSTORM 0 HAIL 0
SLEET 0 FOG 13
FOG W/VIS <= 1/4 MILE 1 HAZE 14
- INDICATES NEGATIVE NUMBERS.
R INDICATES RECORD WAS SET OR TIED.
MM INDICATES DATA IS MISSING.
T INDICATES TRACE AMOUNT.
$$
NOTE: SUPPLEMENTAL CLIMATE DATA WAS USED FROM A NEARBY
CLIMATOLOGICALLY REPRESENTATIVE STATION.