000
CXUS51 KBUF 020103
CF6BUF
PRELIMINARY LOCAL CLIMATOLOGICAL DATA (WS FORM: F-6)
STATION: BUFFALO NY
MONTH: OCTOBER
YEAR: 2020
LATITUDE: 42 55 N
LONGITUDE: 78 44 W
TEMPERATURE IN F: :PCPN: SNOW: WIND :SUNSHINE: SKY :PK WND
================================================================================
1 2 3 4 5 6A 6B 7 8 9 10 11 12 13 14 15 16 17 18
12Z AVG MX 2MIN
DY MAX MIN AVG DEP HDD CDD WTR SNW DPTH SPD SPD DIR MIN PSBL S-S WX SPD DR
================================================================================
1 62 49 56 0 9 0 0.01 0.0 0 11.8 23 220 M M 5 30 220
2 57 47 52 -4 13 0 0.48 0.0 0 8.3 20 300 M M 8 1 25 300
3 57 43 50 -5 15 0 0.03 0.0 0 4.1 13 240 M M 8 19 200
4 65 46 56 1 9 0 T 0.0 0 5.4 16 240 M M 9 21 200
5 59 45 52 -3 13 0 T 0.0 0 7.5 15 210 M M 6 1 19 210
6 66 45 56 2 9 0 0.00 0.0 0 14.2 24 220 M M 4 33 250
7 68 49 59 5 6 0 0.36 0.0 0 15.7 32 250 M M 5 18 41 280
8 60 46 53 -1 12 0 0.03 0.0 0 5.9 21 280 M M 6 8 26 270
9 68 42 55 2 10 0 0.00 0.0 0 7.8 22 200 M M 2 1 30 190
10 73 52 63 10 2 0 T 0.0 0 17.1 39 240 M M 6 50 230
11 59 46 53 1 12 0 0.00 0.0 0 12.3 20 60 M M 4 25 50
12 71 48 60 8 5 0 0.00 0.0 0 11.6 22 150 M M 6 29 150
13 62 50 56 4 9 0 0.16 0.0 0 12.2 23 240 M M 6 1 29 250
14 63 49 56 5 9 0 0.00 0.0 0 8.8 18 180 M M 6 25 190
15 68 49 59 8 6 0 0.38 0.0 0 16.0 29 230 M M 8 1 38 230
16 53 39 46 -5 19 0 T 0.0 0 8.7 18 220 M M 5 23 220
17 55 35 45 -5 20 0 0.02 0.0 0 8.5 21 260 M M 5 28 260
18 61 46 54 4 11 0 0.00 0.0 0 11.9 26 210 M M 10 32 200
19 58 47 53 3 12 0 0.45 0.0 0 6.4 16 310 M M 10 1 22 300
20 51 46 49 0 16 0 0.35 0.0 0 7.8 16 340 M M 10 1 19 350
21 68 50 59 10 6 0 0.39 0.0 0 12.1 29 240 M M 9 18 40 230
22 57 50 54 5 11 0 0.18 0.0 0 5.9 12 140 M M 9 12 14 50
23 81 55 68 20 0 3 0.33 0.0 0 11.2 39 210 M M 4 13 50 200
24 63 39 51 3 14 0 0.15 0.0 0 7.5 22 310 M M 8 1 28 310
25 47 36 42 -6 23 0 0.00 0.0 0 9.1 17 60 M M 7 21 70
26 48 42 45 -3 20 0 0.04 0.0 0 3.9 12 330 M M 10 1 15 320
27 48 41 45 -2 20 0 0.17 0.0 0 4.4 14 280 M M 10 1 18 280
28 52 40 46 -1 19 0 0.04 0.0 0 9.4 25 240 M M 8 1 33 240
29 49 41 45 -2 20 0 0.03 0.0 0 8.1 20 40 M M 10 1 27 30
30 41 35 38 -8 27 0 T T 0 8.6 20 20 M M 10 25 20
31 46 28 37 -9 28 0 0.00 0.0 0 5.8 16 190 M M 4 21 180
================================================================================
SM 1836 1376 405 3 3.60 T 288.0 M 218
================================================================================
AV 59.2 44.4 9.3 FASTST M M 7 MAX(MPH)
MISC ----> # 39 240 # 50 230
================================================================================
NOTES:
# LAST OF SEVERAL OCCURRENCES
COLUMN 17 PEAK WIND IN M.P.H.
PRELIMINARY LOCAL CLIMATOLOGICAL DATA (WS FORM: F-6) , PAGE 2
STATION: BUFFALO NY
MONTH: OCTOBER
YEAR: 2020
LATITUDE: 42 55 N
LONGITUDE: 78 44 W
[TEMPERATURE DATA] [PRECIPITATION DATA] SYMBOLS USED IN COLUMN 16
AVERAGE MONTHLY: 51.8 TOTAL FOR MONTH: 3.60 1 = FOG OR MIST
DPTR FM NORMAL: 1.0 DPTR FM NORMAL: 0.08 2 = FOG REDUCING VISIBILITY
HIGHEST: 81 ON 23 GRTST 24HR 1.72 ON 30- 1 TO 1/4 MILE OR LESS
LOWEST: 28 ON 31 3 = THUNDER
SNOW, ICE PELLETS, HAIL 4 = ICE PELLETS
TOTAL MONTH: T 5 = HAIL
GRTST 24HR T ON 30-30 6 = FREEZING RAIN OR DRIZZLE
GRTST DEPTH: 0 7 = DUSTSTORM OR SANDSTORM:
VSBY 1/2 MILE OR LESS
8 = SMOKE OR HAZE
[NO. OF DAYS WITH] [WEATHER - DAYS WITH] 9 = BLOWING SNOW
X = TORNADO
MAX 32 OR BELOW: 0 0.01 INCH OR MORE: 18
MAX 90 OR ABOVE: 0 0.10 INCH OR MORE: 11
MIN 32 OR BELOW: 1 0.50 INCH OR MORE: 0
MIN 0 OR BELOW: 0 1.00 INCH OR MORE: 0
[HDD (BASE 65) ]
TOTAL THIS MO. 405 CLEAR (SCALE 0-3) 1
DPTR FM NORMAL -38 PTCLDY (SCALE 4-7) 20
TOTAL FM JUL 1 506 CLOUDY (SCALE 8-10) 10
DPTR FM NORMAL -99
[CDD (BASE 65) ]
TOTAL THIS MO. 3
DPTR FM NORMAL -1 [PRESSURE DATA]
TOTAL FM JAN 1 948 HIGHEST SLP 30.49 ON 31
DPTR FM NORMAL 404 LOWEST SLP 29.60 ON 7
[REMARKS]
#FINAL-10-20#