000
CXUS56 KLOX 011255
CF6BUR
PRELIMINARY LOCAL CLIMATOLOGICAL DATA (WS FORM: F-6)
STATION: HOLLYWOOD/BURBANK AIRPORT CA
MONTH: DECEMBER
YEAR: 2021
LATITUDE: 34 12 N
LONGITUDE: 118 22 W
TEMPERATURE IN F: :PCPN: SNOW: WIND :SUNSHINE: SKY :PK WND
================================================================================
1 2 3 4 5 6A 6B 7 8 9 10 11 12 13 14 15 16 17 18
12Z AVG MX 2MIN
DY MAX MIN AVG DEP HDD CDD WTR SNW DPTH SPD SPD DIR MIN PSBL S-S WX SPD DR
================================================================================
1 87 54 71 15 0 6 0.00 M M 2.7 10 140 M M 0 8 13 120
2 70 49 60 4 5 0 0.00 M M 4.1 13 120 M M 2 128 17 100
3 68 52 60 4 5 0 0.00 M M 3.7 10 140 M M 6 18 16 250
4 68 50 59 3 6 0 0.00 M M 4.0 9 10 M M 5 18 11 100
5 69 47 58 2 7 0 0.00 M M 2.9 9 110 M M 3 128 14 120
6 72 46 59 4 6 0 0.00 M M 4.0 13 120 M M 2 8 17 100
7 65 53 59 4 6 0 0.03 M M 2.4 10 140 M M 8 8 13 140
8 69 49 59 4 6 0 0.00 M M 3.5 12 200 M M 2 8 14 150
9 59 49 54 -1 11 0 0.05 M M 6.6 25 360 M M 7 1 31 360
10 62 44 53 -2 12 0 0.00 M M 3.2 12 160 M M 0 13 150
11 68 42 55 0 10 0 0.00 M M 2.2 8 330 M M 0 11 60
12 66 41 54 -1 11 0 0.00 M M 1.9 8 170 M M 0 13 100
13 57 45 51 -4 14 0 0.01 M M 7.4 20 120 M M 9 8 26 120
14 58 42 50 -5 15 0 1.81 M M 10.9 31 150 M M 7 18 44 160
15 58 38 48 -7 17 0 0.00 M M 4.3 12 170 M M 0 14 150
16 56 38 47 -8 18 0 T M M 2.4 9 130 M M 5 18 13 60
17 68 43 56 1 9 0 0.00 M M 3.4 8 160 M M 1 128 11 150
18 71 39 55 0 10 0 0.00 M M 2.5 9 310 M M 0 12 310
19 68 40 54 -1 11 0 0.00 M M 2.2 10 130 M M 0 14 140
20 68 39 54 -1 11 0 0.00 M M 1.7 8 40 M M 0 10 260
21 72 50 61 6 4 0 0.00 M M 1.7 12 320 M M 0 13 320
22 65 48 57 2 8 0 T M M 1.4 8 330 M M 3 10 230
23 60 52 56 1 9 0 1.24 M M 10.7 28 110 M M 10 18 35 70
24 60 51 56 1 9 0 0.44 M M 5.4 15 190 M M 8 18 19 180
25 55 49 52 -3 13 0 0.47 M M 7.3 18 120 M M 9 18 23 120
26 59 43 51 -4 14 0 0.01 M M 2.0 12 220 M M 2 18 14 210
27 53 39 46 -9 19 0 0.19 M M 4.1 12 110 M M 6 18 18 90
28 55 43 49 -6 16 0 0.00 M M 4.2 16 160 M M 4 21 130
29 53 45 49 -6 16 0 0.93 M M 9.4 18 110 M M 9 18 26 120
30 56 51 54 -1 11 0 1.96 M M 9.4 23 110 M M 10 1 29 110
31 61 46 54 -2 11 0 0.00 M M 5.8 17 330 M M 1 23 330
================================================================================
SM 1976 1417 320 6 7.14 M 137.4 M 119
================================================================================
AV 63.7 45.7 4.4 FASTST M M 4 MAX(MPH)
MISC ----> 31 150 44 160
================================================================================
NOTES:
# LAST OF SEVERAL OCCURRENCES
COLUMN 17 PEAK WIND IN M.P.H.
PRELIMINARY LOCAL CLIMATOLOGICAL DATA (WS FORM: F-6) , PAGE 2
STATION: HOLLYWOOD/BURBANK AIRPORT CA
MONTH: DECEMBER
YEAR: 2021
LATITUDE: 34 12 N
LONGITUDE: 118 22 W
[TEMPERATURE DATA] [PRECIPITATION DATA] SYMBOLS USED IN COLUMN 16
AVERAGE MONTHLY: 54.7 TOTAL FOR MONTH: 7.14 1 = FOG OR MIST
DPTR FM NORMAL: -0.4 DPTR FM NORMAL: 5.12 2 = FOG REDUCING VISIBILITY
HIGHEST: 87 ON 1 GRTST 24HR 2.76 ON 29-30 TO 1/4 MILE OR LESS
LOWEST: 38 ON 16,15 3 = THUNDER
SNOW, ICE PELLETS, HAIL 4 = ICE PELLETS
TOTAL MONTH: M 5 = HAIL
GRTST 24HR M ON M 6 = FREEZING RAIN OR DRIZZLE
GRTST DEPTH: M ON M 7 = DUSTSTORM OR SANDSTORM:
VSBY 1/2 MILE OR LESS
8 = SMOKE OR HAZE
[NO. OF DAYS WITH] [WEATHER - DAYS WITH] 9 = BLOWING SNOW
X = TORNADO
MAX 32 OR BELOW: 0 0.01 INCH OR MORE: 11
MAX 90 OR ABOVE: 0 0.10 INCH OR MORE: 7
MIN 32 OR BELOW: 0 0.50 INCH OR MORE: 4
MIN 0 OR BELOW: 0 1.00 INCH OR MORE: 3
[HDD (BASE 65) ]
TOTAL THIS MO. 320 CLEAR (SCALE 0-3) 16
DPTR FM NORMAL 13 PTCLDY (SCALE 4-7) 10
TOTAL FM JUL 1 405 CLOUDY (SCALE 8-10) 5
DPTR FM NORMAL -94
[CDD (BASE 65) ]
TOTAL THIS MO. 6
DPTR FM NORMAL 4 [PRESSURE DATA]
TOTAL FM JAN 1 1680 HIGHEST SLP 30.24 ON 15
DPTR FM NORMAL 199 LOWEST SLP 29.65 ON 31
[REMARKS]
#FINAL-12-21#