000
CXUS54 KLUB 010730
CF6CDS
PRELIMINARY LOCAL CLIMATOLOGICAL DATA (WS FORM: F-6)
STATION: CHILDRESS
MONTH: JULY
YEAR: 2022
LATITUDE: 34 25 N
LONGITUDE: 100 17 W
TEMPERATURE IN F: :PCPN: SNOW: WIND :SUNSHINE: SKY :PK WND
================================================================================
1 2 3 4 5 6A 6B 7 8 9 10 11 12 13 14 15 16 17 18
12Z AVG MX 2MIN
DY MAX MIN AVG DEP HDD CDD WTR SNW DPTH SPD SPD DIR MIN PSBL S-S WX SPD DR
================================================================================
1 103 72 88 6 0 23 0.00 0.0 0 10.6 21 150 M M 0 32 160
2 103 76 90 7 0 25 0.55 0.0 0 8.1 38 360 M M 2 3 51 330
3 99 73 86 3 0 21 T 0.0 0 10.1 23 150 M M 1 38 35 130
4 100 76 88 5 0 23 T 0.0 0 13.1 23 200 M M 2 32 190
5 102 76 89 6 0 24 0.00 0.0 0 15.1 25 240 M M 1 39 190
6 103 76 90 7 0 25 0.03 0.0 0 11.5 25 360 M M 1 3 34 10
7 104 74 89 6 0 24 0.00 0.0 0 9.7 29 330 M M 1 35 330
8 106 72 89 6 0 24 0.09 0.0 0 8.2 23 330 M M 2 3 29 30
9 101 72 87 4 0 22 0.00 0.0 0 6.6 13 130 M M 0 19 140
10 103 73 88 5 0 23 0.00 0.0 0 5.5 13 120 M M 0 19 120
11 105 70 88 4 0 23 0.00 0.0 0 6.3 17 130 M M 0 24 120
12 99 74 87 3 0 22 0.00 0.0 0 9.1 17 20 M M 0 26 40
13 100 76 88 4 0 23 0.00 0.0 0 8.3 15 130 M M 0 22 140
14 105 74 90 6 0 25 0.00 0.0 0 8.6 25 160 M M 0 8 36 160
15 101 71 86 2 0 21 0.00 0.0 0 8.9 17 150 M M 0 24 200
16 103 72 88 4 0 23 0.00 0.0 0 9.5 17 180 M M 0 27 190
17 109 75 92 8 0 27 0.00 0.0 0 8.1 17 260 M M 0 22 260
18 105 78 92 8 0 27 0.00 0.0 0 7.2 14 60 M M 0 21 50
19 113 76 95 11 0 30 0.00 0.0 0 11.5 24 250 M M 0 35 260
20 106 82 94 10 0 29 T 0.0 0 11.7 26 280 M M 0 32 290
21 93 75 84 0 0 19 T 0.0 0 9.9 20 320 M M 3 27 310
22 96 74 85 1 0 20 0.00 0.0 0 12.5 30 150 M M 1 45 140
23 102 75 89 5 0 24 0.00 0.0 0 13.0 24 220 M M 2 33 230
24 103 75 89 5 0 24 0.00 0.0 0 11.2 21 140 M M 0 29 150
25 103 75 89 5 0 24 0.00 0.0 0 11.3 25 210 M M 1 33 200
26 104 77 91 7 0 26 0.00 0.0 0 12.9 24 210 M M 0 33 190
27 107 78 93 9 0 28 0.00 0.0 0 11.6 22 160 M M 0 32 140
28 104 76 90 6 0 25 0.11 0.0 0 7.8 29 160 M M 3 3 41 150
29 95 76 86 2 0 21 0.01 0.0 0 10.8 20 130 M M 2 3 29 120
30 96 70 83 -1 0 18 0.11 0.0 0 9.3 21 360 M M 3 27 350
31 105 76 91 7 0 26 0.00 0.0 0 11.6 21 240 M M 1 29 180
================================================================================
SM 3178 2315 0 739 0.90 0.0 309.6 M 26
================================================================================
AV102.5 74.7 10.0 FASTST M M 1 MAX(MPH)
MISC ----> 38 360 51 330
================================================================================
NOTES:
# LAST OF SEVERAL OCCURRENCES
COLUMN 17 PEAK WIND IN M.P.H.
PRELIMINARY LOCAL CLIMATOLOGICAL DATA (WS FORM: F-6) , PAGE 2
STATION: CHILDRESS
MONTH: JULY
YEAR: 2022
LATITUDE: 34 25 N
LONGITUDE: 100 17 W
[TEMPERATURE DATA] [PRECIPITATION DATA] SYMBOLS USED IN COLUMN 16
AVERAGE MONTHLY: 88.6 TOTAL FOR MONTH: 0.90 1 = FOG OR MIST
DPTR FM NORMAL: 4.9 DPTR FM NORMAL: -1.06 2 = FOG REDUCING VISIBILITY
HIGHEST: 113 ON 19 GRTST 24HR 0.55 ON 2- 2 TO 1/4 MILE OR LESS
LOWEST: 70 ON 30,11 3 = THUNDER
SNOW, ICE PELLETS, HAIL 4 = ICE PELLETS
TOTAL MONTH: 0.0 INCH 5 = HAIL
GRTST 24HR 0.0 6 = FREEZING RAIN OR DRIZZLE
GRTST DEPTH: 0 7 = DUSTSTORM OR SANDSTORM:
VSBY 1/2 MILE OR LESS
8 = SMOKE OR HAZE
[NO. OF DAYS WITH] [WEATHER - DAYS WITH] 9 = BLOWING SNOW
X = TORNADO
MAX 32 OR BELOW: 0 0.01 INCH OR MORE: 6
MAX 90 OR ABOVE: 31 0.10 INCH OR MORE: 3
MIN 32 OR BELOW: 0 0.50 INCH OR MORE: 1
MIN 0 OR BELOW: 0 1.00 INCH OR MORE: 0
[HDD (BASE 65) ]
TOTAL THIS MO. 0 CLEAR (SCALE 0-3) 31
DPTR FM NORMAL 0 PTCLDY (SCALE 4-7) 0
TOTAL FM JUL 1 0 CLOUDY (SCALE 8-10) 0
DPTR FM NORMAL 0
[CDD (BASE 65) ]
TOTAL THIS MO. 739
DPTR FM NORMAL 159 [PRESSURE DATA]
TOTAL FM JAN 1 1805 HIGHEST SLP M ON M
DPTR FM NORMAL 456 LOWEST SLP 29.64 ON 19
[REMARKS]
#FINAL-07-22#