000
CXUS54 KMOB 010730
CF6CEW
PRELIMINARY LOCAL CLIMATOLOGICAL DATA (WS FORM: F-6)
STATION: CRESTVIEW
MONTH: FEBRUARY
YEAR: 2024
LATITUDE: 30 46 N
LONGITUDE: 86 31 W
TEMPERATURE IN F: :PCPN: SNOW: WIND :SUNSHINE: SKY :PK WND
================================================================================
1 2 3 4 5 6A 6B 7 8 9 10 11 12 13 14 15 16 17 18
12Z AVG MX 2MIN
DY MAX MIN AVG DEP HDD CDD WTR SNW DPTH SPD SPD DIR MIN PSBL S-S WX SPD DR
================================================================================
1 64 30 47 -3 18 0 0.00 0.0 0 1.5 10 190 M M 0 14 210
2 71 40 56 6 9 0 0.00 0.0 0 1.1 8 360 M M 0 13 360
3 72 35 54 4 11 0 0.00 0.0 0 3.5 12 190 M M 1 1 20 130
4 57 46 52 1 13 0 0.61 0.0 0 6.4 17 340 M M 9 1 30 80
5 55 44 50 -1 15 0 0.00 0.0 0 4.1 10 350 M M 9 1 22 360
6 70 37 54 3 11 0 0.00 0.0 0 3.8 15 350 M M 0 1 20 340
7 68 31 50 -1 15 0 0.00 0.0 0 1.8 10 100 M M 0 16 100
8 67 33 50 -1 15 0 0.00 0.0 0 2.8 12 200 M M 2 17 210
9 73 49 61 10 4 0 0.00 0.0 0 4.0 16 200 M M 6 1 23 200
10 69 62 66 14 0 1 0.13 0.0 0 5.9 16 200 M M 10 18 25 190
11 71 65 68 16 0 3 0.05 0.0 0 6.0 15 200 M M 10 1 24 190
12 70 48 59 7 6 0 1.23 0.0 0 7.5 23 310 M M 7 13 32 320
13 62 37 50 -2 15 0 0.00 0.0 0 7.9 17 330 M M 4 25 320
14 68 30 49 -3 16 0 0.00 0.0 0 1.3 8 90 M M 0 14 10
15 71 40 56 4 9 0 0.00 0.0 0 1.9 12 200 M M 1 15 180
16 62 46 54 1 11 0 0.03 0.0 0 1.4 9 190 M M 5 1 12 200
17 58 41 50 -3 15 0 0.13 0.0 0 5.7 20 350 M M 7 12 29 350
18 54 36 45 -8 20 0 0.00 0.0 0 4.2 13 350 M M 1 18 20
19 64 31 48 -5 17 0 0.00 0.0 0 3.4 12 330 M M 0 8 17 330
20 68 27 48 -5 17 0 0.00 0.0 0 1.7 10 220 M M 0 1 16 270
21 73 32 53 -1 12 0 0.00 0.0 0 1.5 13 190 M M 0 1 18 190
22 71 37 54 0 11 0 0.00 0.0 0 5.7 18 200 M M 4 1 28 200
23 75 50 63 9 2 0 0.09 0.0 0 9.3 22 350 M M 5 1 29 350
24 75 37 56 2 9 0 0.00 0.0 0 5.8 23 330 M M 0 34 330
25 74 33 54 0 11 0 0.00 0.0 0 2.2 14 220 M M 0 20 210
26 74 36 55 0 10 0 0.00 0.0 0 4.9 18 200 M M 1 1 26 210
27 78 58 68 13 0 3 0.00 0.0 0 8.6 25 200 M M 7 12 37 200
28 83 54 69 14 0 4 0.00 0.0 0 10.5 23 230 M M 6 38 220
29 59 49 54 -1 11 0 0.00 0.0 0 5.1 15 110 M M 5 23 110
================================================================================
SM 1976 1194 303 11 2.27 0.0 129.5 M 100
================================================================================
AV 68.1 41.2 4.5 FASTST M M 3 MAX(MPH)
MISC ----> 25 200 38 220
================================================================================
NOTES:
# LAST OF SEVERAL OCCURRENCES
COLUMN 17 PEAK WIND IN M.P.H.
PRELIMINARY LOCAL CLIMATOLOGICAL DATA (WS FORM: F-6) , PAGE 2
STATION: CRESTVIEW
MONTH: FEBRUARY
YEAR: 2024
LATITUDE: 30 46 N
LONGITUDE: 86 31 W
[TEMPERATURE DATA] [PRECIPITATION DATA] SYMBOLS USED IN COLUMN 16
AVERAGE MONTHLY: 54.7 TOTAL FOR MONTH: 2.27 1 = FOG OR MIST
DPTR FM NORMAL: 2.2 DPTR FM NORMAL: -2.83 2 = FOG REDUCING VISIBILITY
HIGHEST: 83 ON 28 GRTST 24HR 1.23 ON 12-12 TO 1/4 MILE OR LESS
LOWEST: 27 ON 20 3 = THUNDER
SNOW, ICE PELLETS, HAIL 4 = ICE PELLETS
TOTAL MONTH: 0.0 INCH 5 = HAIL
GRTST 24HR 0.0 6 = FREEZING RAIN OR DRIZZLE
GRTST DEPTH: 0 7 = DUSTSTORM OR SANDSTORM:
VSBY 1/2 MILE OR LESS
8 = SMOKE OR HAZE
[NO. OF DAYS WITH] [WEATHER - DAYS WITH] 9 = BLOWING SNOW
X = TORNADO
MAX 32 OR BELOW: 0 0.01 INCH OR MORE: 7
MAX 90 OR ABOVE: 0 0.10 INCH OR MORE: 4
MIN 32 OR BELOW: 6 0.50 INCH OR MORE: 2
MIN 0 OR BELOW: 0 1.00 INCH OR MORE: 1
[HDD (BASE 65) ]
TOTAL THIS MO. 303 CLEAR (SCALE 0-3) 15
DPTR FM NORMAL -54 PTCLDY (SCALE 4-7) 10
TOTAL FM JUL 1 1445 CLOUDY (SCALE 8-10) 4
DPTR FM NORMAL -183
[CDD (BASE 65) ]
TOTAL THIS MO. 11
DPTR FM NORMAL 5 [PRESSURE DATA]
TOTAL FM JAN 1 17 HIGHEST SLP M ON M
DPTR FM NORMAL 7 LOWEST SLP 29.48 ON 4
[REMARKS]
#FINAL-02-24#