000
CXUS53 KPAH 010914
CLMCGI
CLIMATE REPORT
NATIONAL WEATHER SERVICE PADUCAH KY
314 AM CST THU FEB 01 2024
...................................
...THE CAPE GIRARDEAU MO CLIMATE SUMMARY FOR THE MONTH OF JANUARY 2024...
CLIMATE NORMAL PERIOD 1991 TO 2020
CLIMATE RECORD PERIOD 1960 TO 2024
WEATHER OBSERVED NORMAL DEPART LAST YEAR`S
VALUE DATE(S) VALUE FROM VALUE
NORMAL
..............................................................
TEMPERATURE (F)
RECORD
HIGH 99 01/29/2024
LOW -18 01/11/1977
HIGHEST 56 01/24 67
LOWEST -1 01/17 19
AVG. MAXIMUM 39.5 43.0 -3.5 50.2
AVG. MINIMUM 24.7 26.2 -1.5 34.4
MEAN 32.1 34.6 -2.5 42.3
DAYS MAX >= 90 0 0.0 0.0 0
DAYS MAX <= 32 7 5.9 1.1 2
DAYS MIN <= 32 19 23.6 -4.6 16
DAYS MIN <= 0 1 0.6 0.4 0
PRECIPITATION (INCHES)
RECORD
MAXIMUM 11.83 1982
MINIMUM 0.30 2011
TOTALS 6.32 3.51 2.81 4.56
DAILY AVG. 0.20 0.11 0.09 0.15
DAYS >= .01 12 9.0 3.0 11
DAYS >= .10 8 5.7 2.3 6
DAYS >= .50 4 2.2 1.8 3
DAYS >= 1.00 2 0.9 1.1 1
GREATEST
24 HR. TOTAL 2.52 01/11 TO 01/12
DEGREE DAYS
HEATING TOTAL 945 942 3 696
SINCE 7/1 2318 2605 -287 MM
..............................................................
WIND (MPH)
AVERAGE WIND SPEED 8.3
HIGHEST WIND SPEED/DIRECTION 36/260 DATE 01/09
HIGHEST GUST SPEED/DIRECTION 45/260 DATE 01/09
SKY COVER
POSSIBLE SUNSHINE (PERCENT) MM
AVERAGE SKY COVER 0.58
NUMBER OF DAYS FAIR 7
NUMBER OF DAYS PC 12
NUMBER OF DAYS CLOUDY 12
AVERAGE RH (PERCENT) 75
WEATHER CONDITIONS. NUMBER OF DAYS WITH
THUNDERSTORM 2 MIXED PRECIP 0
HEAVY RAIN 5 RAIN 8
LIGHT RAIN 12 FREEZING RAIN 0
LT FREEZING RAIN 0 HAIL 0
HEAVY SNOW 0 SNOW 1
LIGHT SNOW 3 SLEET 0
FOG 15 FOG W/VIS <= 1/4 MILE 3
HAZE 2
- INDICATES NEGATIVE NUMBERS.
R INDICATES RECORD WAS SET OR TIED.
MM INDICATES DATA IS MISSING.
T INDICATES TRACE AMOUNT.
$$