000
CXUS55 KDVN 011000
CF6CID
PRELIMINARY LOCAL CLIMATOLOGICAL DATA (WS FORM: F-6)
STATION: CEDAR RAPIDS IA
MONTH: APRIL
YEAR: 2023
LATITUDE: 41 52 N
LONGITUDE: 91 42 W
TEMPERATURE IN F: :PCPN: SNOW: WIND :SUNSHINE: SKY :PK WND
================================================================================
1 2 3 4 5 6A 6B 7 8 9 10 11 12 13 14 15 16 17 18
12Z AVG MX 2MIN
DY MAX MIN AVG DEP HDD CDD WTR SNW DPTH SPD SPD DIR MIN PSBL S-S WX SPD DR
================================================================================
1 49 27 38 -5 27 0 T M M 16.9 35 310 M M 5 1 47 320
2 71 26 49 5 16 0 0.00 M M 14.6 30 190 M M 1 41 180
3 61 37 49 5 16 0 T M M 11.4 23 40 M M 8 30 20
4 68 46 57 12 8 0 0.11 M M 19.7 31 90 M M 9 13 40 100
5 64 28 46 1 19 0 0.01 M M 19.5 32 290 M M 6 13 41 280
6 52 20 36 -9 29 0 0.00 M M 11.0 22 310 M M 0 27 300
7 63 26 45 -1 20 0 0.00 M M 10.5 21 200 M M 0 29 170
8 68 39 54 8 11 0 0.00 M M 11.4 21 200 M M 0 30 180
9 72 40 56 10 9 0 0.00 M M 11.2 26 190 M M 0 37 200
10 75 43 59 12 6 0 0.00 M M 7.8 16 200 M M 1 8 21 190
11 81 43 62 15 3 0 0.00 M M 12.6 25 220 M M 0 36 230
12 83 55 69 21 0 4 0.00 M M 17.6 29 200 M M 0 38 200
13 83 49 66 18 0 1 0.00 M M 13.2 29 200 M M 0 8 37 180
14 83 51 67 19 0 2 0.00 M M 10.0 23 180 M M 0 31 190
15 69 41 55 6 10 0 0.27 M M 14.7 30 300 M M 5 13 37 310
16 41 32 37 -12 28 0 0.04 M M 24.3 36 290 M M 10 18 53 290
17 57 34 46 -3 19 0 0.00 M M 23.0 37 310 M M 3 48 300
18 60 31 46 -4 19 0 T M M 9.5 21 110 M M 0 3 27 110
19 71 47 59 9 6 0 T M M 16.6 26 90 M M 8 3 35 90
20 69 35 52 2 13 0 0.80 M M 16.9 39 220 M M 7 13 54 210
21 52 33 43 -8 22 0 T M M 13.9 28 270 M M 4 36 260
22 40 29 35 -16 30 0 T M M 16.1 29 300 M M 9 1 37 290
23 48 28 38 -14 27 0 0.00 M M 9.7 20 300 M M 8 31 260
24 57 26 42 -10 23 0 0.00 M M 5.6 18 200 M M 6 23 210
25 57 35 46 -6 19 0 0.00 M M 10.4 17 50 M M 2 22 50
26 58 29 44 -9 21 0 0.00 M M 6.5 15 120 M M 0 18 19 200
27 69 38 54 1 11 0 0.00 M M 9.6 18 150 M M 0 8 29 140
28 72 39 56 2 9 0 0.00 M M 7.5 29 330 M M 2 8 35 320
29 59 39 49 -5 16 0 T M M 16.3 25 320 M M 6 1 35 290
30 52 38 45 -9 20 0 T M M 23.2 36 300 M M 9 48 300
================================================================================
SM 1904 1084 457 7 1.23 M 411.2 M 109
================================================================================
AV 63.5 36.1 13.7 FASTST M M 4 MAX(MPH)
MISC ----> 39 220 54 210
================================================================================
NOTES:
# LAST OF SEVERAL OCCURRENCES
COLUMN 17 PEAK WIND IN M.P.H.
PRELIMINARY LOCAL CLIMATOLOGICAL DATA (WS FORM: F-6) , PAGE 2
STATION: CEDAR RAPIDS IA
MONTH: APRIL
YEAR: 2023
LATITUDE: 41 52 N
LONGITUDE: 91 42 W
[TEMPERATURE DATA] [PRECIPITATION DATA] SYMBOLS USED IN COLUMN 16
AVERAGE MONTHLY: 49.8 TOTAL FOR MONTH: 1.23 1 = FOG OR MIST
DPTR FM NORMAL: 0.9 DPTR FM NORMAL: -2.33 2 = FOG REDUCING VISIBILITY
HIGHEST: 83 ON 14,13 GRTST 24HR 0.80 ON 20-20 TO 1/4 MILE OR LESS
LOWEST: 20 ON 6 3 = THUNDER
SNOW, ICE PELLETS, HAIL 4 = ICE PELLETS
TOTAL MONTH: M 5 = HAIL
GRTST 24HR M ON M 6 = FREEZING RAIN OR DRIZZLE
GRTST DEPTH: M ON M 7 = DUSTSTORM OR SANDSTORM:
VSBY 1/2 MILE OR LESS
8 = SMOKE OR HAZE
[NO. OF DAYS WITH] [WEATHER - DAYS WITH] 9 = BLOWING SNOW
X = TORNADO
MAX 32 OR BELOW: 0 0.01 INCH OR MORE: 5
MAX 90 OR ABOVE: 0 0.10 INCH OR MORE: 3
MIN 32 OR BELOW: 11 0.50 INCH OR MORE: 1
MIN 0 OR BELOW: 0 1.00 INCH OR MORE: 0
[HDD (BASE 65) ]
TOTAL THIS MO. 457 CLEAR (SCALE 0-3) 16
DPTR FM NORMAL -33 PTCLDY (SCALE 4-7) 8
TOTAL FM JUL 1 6257 CLOUDY (SCALE 8-10) 6
DPTR FM NORMAL -343
[CDD (BASE 65) ]
TOTAL THIS MO. 7
DPTR FM NORMAL 2 [PRESSURE DATA]
TOTAL FM JAN 1 7 HIGHEST SLP 30.50 ON 7
DPTR FM NORMAL 1 LOWEST SLP 29.34 ON 4
[REMARKS]
#FINAL-04-23#