000
CXUS55 KDVN 011000
CF6CID
PRELIMINARY LOCAL CLIMATOLOGICAL DATA (WS FORM: F-6)
STATION: CEDAR RAPIDS IA
MONTH: MAY
YEAR: 2021
LATITUDE: 41 52 N
LONGITUDE: 91 42 W
TEMPERATURE IN F: :PCPN: SNOW: WIND :SUNSHINE: SKY :PK WND
================================================================================
1 2 3 4 5 6A 6B 7 8 9 10 11 12 13 14 15 16 17 18
12Z AVG MX 2MIN
DY MAX MIN AVG DEP HDD CDD WTR SNW DPTH SPD SPD DIR MIN PSBL S-S WX SPD DR
================================================================================
1 87 53 70 15 0 5 0.00 M M 22.2 39 220 M M 0 50 220
2 85 55 70 15 0 5 0.00 M M 15.0 26 190 M M 1 35 220
3 69 52 61 6 4 0 0.13 M M 11.2 25 350 M M 7 1 33 360
4 62 41 52 -4 13 0 0.00 M M 13.2 23 330 M M 1 33 320
5 66 36 51 -5 14 0 0.00 M M 5.1 15 320 M M 3 21 320
6 62 38 50 -6 15 0 0.00 M M 14.0 24 350 M M 7 34 360
7 62 37 50 -7 15 0 0.00 M M 10.7 22 340 M M 2 8 32 360
8 55 32 44 -13 21 0 0.81 M M 12.6 25 100 M M 5 13 34 100
9 60 38 49 -9 16 0 0.16 M M 10.9 25 80 M M 6 13 32 70
10 61 41 51 -7 14 0 0.01 M M 8.3 21 330 M M 7 27 340
11 59 37 48 -10 17 0 0.00 M M 8.1 18 60 M M 0 26 60
12 63 37 50 -9 15 0 0.00 M M 3.2 12 190 M M 1 17 60
13 66 36 51 -8 14 0 0.00 M M 4.5 15 200 M M 0 8 24 210
14 69 41 55 -5 10 0 0.09 M M 9.8 22 180 M M 4 1 32 150
15 62 49 56 -4 9 0 0.12 M M 10.1 17 180 M M 10 1 23 140
16 65 51 58 -2 7 0 0.09 M M 7.8 15 130 M M 9 1 19 130
17 65 56 61 0 4 0 0.06 M M 14.1 23 110 M M 10 1 31 100
18 64 59 62 1 3 0 0.19 M M 14.9 21 130 M M 10 1 33 130
19 77 63 70 8 0 5 0.05 M M 11.3 22 150 M M 9 18 32 170
20 76 65 71 9 0 6 0.10 M M 13.7 24 200 M M 9 1 30 180
21 75 64 70 8 0 5 0.04 M M 11.7 23 190 M M 7 1 30 200
22 74 63 69 6 0 4 0.02 M M 8.7 21 200 M M 8 18 28 180
23 80 64 72 9 0 7 0.07 M M 8.0 22 260 M M 6 138 29 270
24 82 65 74 11 0 9 0.07 M M 9.4 20 210 M M 5 1 25 220
25 79 61 70 6 0 5 0.22 M M 12.4 23 340 M M 6 13 31 350
26 77 58 68 4 0 3 0.01 M M 10.2 21 310 M M 1 1 27 320
27 62 42 52 -12 13 0 0.45 M M 15.7 25 90 M M 7 13 35 100
28 47 42 45 -20 20 0 0.01 M M 11.8 21 10 M M 10 1 27 10
29 63 38 51 -14 14 0 0.00 M M 7.8 16 70 M M 0 24 100
30 67 38 53 -13 12 0 0.00 M M 5.4 13 190 M M 0 8 16 210
31 71 47 59 -7 6 0 0.00 M M 4.7 15 210 M M 1 18 21 220
================================================================================
SM 2112 1499 256 54 2.70 M 326.5 M 152
================================================================================
AV 68.1 48.4 10.5 FASTST M M 5 MAX(MPH)
MISC ----> 39 220 50 220
================================================================================
NOTES:
# LAST OF SEVERAL OCCURRENCES
COLUMN 17 PEAK WIND IN M.P.H.
PRELIMINARY LOCAL CLIMATOLOGICAL DATA (WS FORM: F-6) , PAGE 2
STATION: CEDAR RAPIDS IA
MONTH: MAY
YEAR: 2021
LATITUDE: 41 52 N
LONGITUDE: 91 42 W
[TEMPERATURE DATA] [PRECIPITATION DATA] SYMBOLS USED IN COLUMN 16
AVERAGE MONTHLY: 58.2 TOTAL FOR MONTH: 2.70 1 = FOG OR MIST
DPTR FM NORMAL: -2.1 DPTR FM NORMAL: -1.55 2 = FOG REDUCING VISIBILITY
HIGHEST: 87 ON 1 GRTST 24HR 0.97 ON 8- 9 TO 1/4 MILE OR LESS
LOWEST: 32 ON 8 3 = THUNDER
SNOW, ICE PELLETS, HAIL 4 = ICE PELLETS
TOTAL MONTH: M 5 = HAIL
GRTST 24HR M ON M 6 = FREEZING RAIN OR DRIZZLE
GRTST DEPTH: M ON M 7 = DUSTSTORM OR SANDSTORM:
VSBY 1/2 MILE OR LESS
8 = SMOKE OR HAZE
[NO. OF DAYS WITH] [WEATHER - DAYS WITH] 9 = BLOWING SNOW
X = TORNADO
MAX 32 OR BELOW: 0 0.01 INCH OR MORE: 19
MAX 90 OR ABOVE: 0 0.10 INCH OR MORE: 8
MIN 32 OR BELOW: 1 0.50 INCH OR MORE: 1
MIN 0 OR BELOW: 0 1.00 INCH OR MORE: 0
[HDD (BASE 65) ]
TOTAL THIS MO. 256 CLEAR (SCALE 0-3) 12
DPTR FM NORMAL 59 PTCLDY (SCALE 4-7) 12
TOTAL FM JUL 1 6949 CLOUDY (SCALE 8-10) 7
DPTR FM NORMAL 150
[CDD (BASE 65) ]
TOTAL THIS MO. 54
DPTR FM NORMAL 2 [PRESSURE DATA]
TOTAL FM JAN 1 66 HIGHEST SLP 30.50 ON 12
DPTR FM NORMAL 8 LOWEST SLP 29.45 ON 2
[REMARKS]
#FINAL-05-21#