000
CXUS51 KRLX 021625 CCA
CLMCKB
CLIMATE REPORT
NATIONAL WEATHER SERVICE CHARLESTON WV
641 PM EST THU FEB 01 2024
...................................
...THE CLARKSBURG WV CLIMATE SUMMARY FOR THE MONTH OF JANUARY 2024...
CLIMATE NORMAL PERIOD: 1991 TO 2020
CLIMATE RECORD PERIOD: 1922 TO 2024
WEATHER OBSERVED NORMAL DEPART LAST YEAR`S
VALUE DATE(S) VALUE FROM VALUE
NORMAL
..............................................................
TEMPERATURE (F)
RECORD
HIGH 78 01/01/1973
LOW -24 01/19/1994
HIGHEST 65 01/26 69
LOWEST 3 01/22 21
AVG. MAXIMUM 40.5 42.6 -2.1 49.9
AVG. MINIMUM 27.3 24.6 2.7 34.9
MEAN 33.9 33.6 0.3 42.4
DAYS MAX >= 90 0 0.0 0.0 0
DAYS MAX <= 32 7 9.7 -2.7 1
DAYS MAX >= 80 0 0
DAYS MIN <= 32 20 24.4 -4.4 15
DAYS MIN <= 0 0 1.1 -1.1 0
DAYS MIN <= 10 0 0
DAYS MIN <= -5 0 0
PRECIPITATION (INCHES)
RECORD
MAXIMUM 8.68 1937
MINIMUM 0.73 1967
TOTALS 3.96 3.30 0.66 3.21
DAILY AVG. 0.13 0.11 0.02 0.10
DAYS >= .01 18 15.1 2.9 18
DAYS >= .10 8 7.8 0.2 9
DAYS >= .50 3 1.9 1.1 1
DAYS >= 1.00 1 0.3 0.7 0
GREATEST
24 HR. TOTAL 1.23 01/09 TO 01/10 0.55
DEGREE DAYS
HEATING TOTAL 957 973 -16 693
SINCE 7/1 2626 2764 -138 MM
COOLING TOTAL 0 0 0 0
SINCE 1/1 0 0 0 MM
..............................................................
WIND (MPH)
AVERAGE WIND SPEED 6.4
HIGHEST WIND SPEED/DIRECTION 32/250 DATE 01/13
HIGHEST GUST SPEED/DIRECTION 50/250 DATE 01/13
SKY COVER
AVERAGE SKY COVER 0.76
NUMBER OF DAYS FAIR 4
NUMBER OF DAYS PC 7
NUMBER OF DAYS CLOUDY 20
AVERAGE RH (PERCENT) 72
WEATHER CONDITIONS. NUMBER OF DAYS WITH
THUNDERSTORM 0 MIXED PRECIP 0
HEAVY RAIN 1 RAIN 6
LIGHT RAIN 14 FREEZING RAIN 0
LT FREEZING RAIN 1 HAIL 0
HEAVY SNOW 1 SNOW 3
LIGHT SNOW 13 SLEET 0
FOG 17 FOG W/VIS <= 1/4 MILE 0
HAZE 6
- INDICATES NEGATIVE NUMBERS.
R INDICATES RECORD WAS SET OR TIED.
MM INDICATES DATA IS MISSING.
T INDICATES TRACE AMOUNT.
$$