000
CXUS51 KRLX 022049
CLMCKB
CLIMATE REPORT
NATIONAL WEATHER SERVICE CHARLESTON WV
449 PM EDT TUE MAY 02 2023
...................................
...THE CLARKSBURG WV CLIMATE SUMMARY FOR THE MONTH OF APRIL 2023...
CLIMATE NORMAL PERIOD: 1991 TO 2020
CLIMATE RECORD PERIOD: 1922 TO 2023
WEATHER OBSERVED NORMAL DEPART LAST YEAR`S
VALUE DATE(S) VALUE FROM VALUE
NORMAL
..............................................................
TEMPERATURE (F)
RECORD
HIGH 95 04/25/1925
LOW 7 04/01/1923
HIGHEST 91 04/05 85
LOWEST 30 04/25 27
AVG. MAXIMUM 69.1 67.6 1.5 62.6
AVG. MINIMUM 42.5 43.1 -0.6 39.5
MEAN 55.8 55.3 0.5 51.1
DAYS MAX >= 90 1 0.0 1.0 0
DAYS MAX <= 32 0 0.0 0.0 0
DAYS MAX >= 80 6 4
DAYS MIN <= 32 4 4.5 -0.5 6
DAYS MIN <= 0 0 0.0 0.0 0
PRECIPITATION (INCHES)
RECORD
MAXIMUM 7.13 1948
MINIMUM 1.19 1971
TOTALS 1.56 3.89 -2.33 3.61
DAILY AVG. 0.05 0.13 -0.08 0.12
DAYS >= .01 9 14.6 -5.6 13
DAYS >= .10 4 9.2 -5.2 8
DAYS >= .50 1 3.1 -2.1 2
DAYS >= 1.00 0 0.5 -0.5 0
GREATEST
24 HR. TOTAL 0.57 04/28 TO 04/28 0.97
DEGREE DAYS
HEATING TOTAL 285 309 -24 423
SINCE 7/1 3826 4530 -704 MM
COOLING TOTAL 15 20 -5 12
SINCE 1/1 20 22 -2 MM
..............................................................
WIND (MPH)
AVERAGE WIND SPEED 5.6
HIGHEST WIND SPEED/DIRECTION 36/250 DATE 04/01
HIGHEST GUST SPEED/DIRECTION 50/240 DATE 04/01
SKY COVER
AVERAGE SKY COVER 0.39
NUMBER OF DAYS FAIR 17
NUMBER OF DAYS PC 5
NUMBER OF DAYS CLOUDY 8
AVERAGE RH (PERCENT) 55
WEATHER CONDITIONS. NUMBER OF DAYS WITH
THUNDERSTORM 2 MIXED PRECIP 0
HEAVY RAIN 2 RAIN 4
LIGHT RAIN 14 FREEZING RAIN 0
LT FREEZING RAIN 0 HAIL 0
HEAVY SNOW 0 SNOW 0
LIGHT SNOW 1 SLEET 0
FOG 6 FOG W/VIS <= 1/4 MILE 0
HAZE 1
- INDICATES NEGATIVE NUMBERS.
R INDICATES RECORD WAS SET OR TIED.
MM INDICATES DATA IS MISSING.
T INDICATES TRACE AMOUNT.
$$