000
CXUS55 KOHX 011211
CF6CKV
PRELIMINARY LOCAL CLIMATOLOGICAL DATA (WS FORM: F-6)
STATION: CLARKSVILLE
MONTH: FEBRUARY
YEAR: 2023
LATITUDE: 36 37 N
LONGITUDE: 87 25 W
TEMPERATURE IN F: :PCPN: SNOW: WIND :SUNSHINE: SKY :PK WND
================================================================================
1 2 3 4 5 6A 6B 7 8 9 10 11 12 13 14 15 16 17 18
12Z AVG MX 2MIN
DY MAX MIN AVG DEP HDD CDD WTR SNW DPTH SPD SPD DIR MIN PSBL S-S WX SPD DR
================================================================================
1 32 24 28 -10 37 0 0.00 M M 4.9 14 10 M M 9 8 18 10
2 36 29 33 -5 32 0 0.00 M M 2.0 8 340 M M 4 18 9 290
3 35 21 28 -10 37 0 0.00 M M 9.0 21 340 M M 0 27 320
4 49 18 34 -4 31 0 0.00 M M 6.9 17 200 M M 0 22 200
5 61 40 51 12 14 0 0.00 M M 10.7 21 270 M M 2 28 220
6 64 29 47 8 18 0 0.00 M M 5.6 14 180 M M 0 128 19 170
7 72 51 62 23 3 0 0.00 M M 9.2 22 200 M M 1 18 30 190
8 67 49 58 19 7 0 0.11 M M 7.8 22 180 M M 8 18 33 180
9 66 45 56 17 9 0 0.27 M M 15.6 33 180 M M 9 1 53 170
10 52 39 46 6 19 0 0.00 M M 8.2 16 350 M M 9 8 20 350
11 56 31 44 4 21 0 0.00 M M 10.4 17 70 M M 2 8 22 60
12 60 31 46 6 19 0 0.00 M M 8.6 16 340 M M 2 21 360
13 67 29 48 8 17 0 0.00 M M 4.3 13 280 M M 0 19 340
14 67 36 52 12 13 0 0.07 M M 9.7 24 150 M M 3 3 37 150
15 74 60 67 26 0 2 0.00 M M 10.7 22 190 M M 1 30 180
16 67 40 54 13 11 0 2.73 M M 11.8 23 300 M M 10 13 34 200
17 40 24 32 -9 33 0 0.00 M M 11.7 22 340 M M 7 31 330
18 52 21 37 -4 28 0 0.00 M M 4.6 12 120 M M 0 18 15 140
19 63 44 54 12 11 0 0.00 M M 12.7 24 200 M M 0 32 200
20 70 49 60 18 5 0 0.01 M M 8.1 20 220 M M 4 30 210
21 65 38 52 10 13 0 0.00 M M 5.8 16 340 M M 2 128 20 330
22 80 60 70 28 0 5 0.83 M M 15.0 35 210 M M 5 1 47 190
23 80 48 64 21 1 0 0.28 M M 13.2 22 340 M M 6 1 31 270
24 50 38 44 1 21 0 0.01 M M 10.3 18 10 M M 5 25 10
25 54 43 49 6 16 0 T M M 4.9 14 330 M M 6 8 17 330
26 60 41 51 7 14 0 T M M 4.4 13 190 M M 6 18 17 190
27 78 55 67 23 0 2 0.02 M M 16.2 33 250 M M 3 18 60 270
28 73 45 59 15 6 0 0.00 M M 5.6 13 80 M M 0 15 70
================================================================================
SM 1690 1078 436 9 4.33 M 247.9 M 104
================================================================================
AV 60.4 38.5 8.9 FASTST M M 4 MAX(MPH)
MISC ----> 35 210 60 270
================================================================================
NOTES:
# LAST OF SEVERAL OCCURRENCES
COLUMN 17 PEAK WIND IN M.P.H.
PRELIMINARY LOCAL CLIMATOLOGICAL DATA (WS FORM: F-6) , PAGE 2
STATION: CLARKSVILLE
MONTH: FEBRUARY
YEAR: 2023
LATITUDE: 36 37 N
LONGITUDE: 87 25 W
[TEMPERATURE DATA] [PRECIPITATION DATA] SYMBOLS USED IN COLUMN 16
AVERAGE MONTHLY: 49.4 TOTAL FOR MONTH: 4.33 1 = FOG OR MIST
DPTR FM NORMAL: 8.7 DPTR FM NORMAL: 0.46 2 = FOG REDUCING VISIBILITY
HIGHEST: 80 ON 23,22 GRTST 24HR 2.73 ON 16-16 TO 1/4 MILE OR LESS
LOWEST: 18 ON 4 3 = THUNDER
SNOW, ICE PELLETS, HAIL 4 = ICE PELLETS
TOTAL MONTH: M 5 = HAIL
GRTST 24HR M ON M 6 = FREEZING RAIN OR DRIZZLE
GRTST DEPTH: M ON M 7 = DUSTSTORM OR SANDSTORM:
VSBY 1/2 MILE OR LESS
8 = SMOKE OR HAZE
[NO. OF DAYS WITH] [WEATHER - DAYS WITH] 9 = BLOWING SNOW
X = TORNADO
MAX 32 OR BELOW: 1 0.01 INCH OR MORE: 9
MAX 90 OR ABOVE: 0 0.10 INCH OR MORE: 5
MIN 32 OR BELOW: 10 0.50 INCH OR MORE: 2
MIN 0 OR BELOW: 0 1.00 INCH OR MORE: 1
[HDD (BASE 65) ]
TOTAL THIS MO. 436 CLEAR (SCALE 0-3) 15
DPTR FM NORMAL -246 PTCLDY (SCALE 4-7) 8
TOTAL FM JUL 1 2443 CLOUDY (SCALE 8-10) 5
DPTR FM NORMAL -640
[CDD (BASE 65) ]
TOTAL THIS MO. 9
DPTR FM NORMAL 8 [PRESSURE DATA]
TOTAL FM JAN 1 9 HIGHEST SLP 30.60 ON 3
DPTR FM NORMAL 9 LOWEST SLP 29.39 ON 27
[REMARKS]
#FINAL-02-23#