000
CXUS51 KILN 010659
CLMCMH
CLIMATE REPORT
NATIONAL WEATHER SERVICE WILMINGTON OH
159 AM EST THU FEB 01 2024
...................................
...THE COLUMBUS OH CLIMATE SUMMARY FOR THE MONTH OF JANUARY 2024...
CLIMATE NORMAL PERIOD: 1991 TO 2020
CLIMATE RECORD PERIOD: 1869 TO 2024
WEATHER OBSERVED NORMAL DEPART LAST YEAR`S
VALUE DATE(S) VALUE FROM VALUE DATE(S)
NORMAL
................................................................
TEMPERATURE (F)
RECORD
HIGH 74 01/25/1950
LOW -22 12/31/1999
HIGHEST 61 01/26 36 25 62 01/03
LOWEST 6 01/15 20 -14 16 01/15
01/20
AVG. MAXIMUM 37.4 37.1 0.3 43.8
AVG. MINIMUM 25.9 22.0 3.9 31.0
MEAN 31.7 29.6 2.1 37.4
DAYS MAX >= 90 0 0.0 0.0 0
DAYS MAX <= 32 8 11.2 -3.2 2
DAYS MIN <= 32 19 24.9 -5.9 18
DAYS MIN <= 0 0 1.4 -1.4 0
PRECIPITATION (INCHES)
TOTALS 4.81 3.00 1.81 4.16
DAILY AVG. 0.16 0.10 0.06 0.13
DAYS >= .01 17 14.7 2.3 18
DAYS >= .10 9 6.5 2.5 8
DAYS >= .50 3 1.7 1.3 5
DAYS >= 1.00 1 0.5 0.5 0
GREATEST
24 HR. TOTAL 1.44 01/09 TO 01/09 0.73 01/12 TO 01/12
SNOWFALL (INCHES)
TOTALS 5.0 9.5 -4.5 5.4
SINCE 7/1 5.4 16.0 -11.6 16.0
DAYS >= TRACE 17 9.0 8.0 11
DAYS >= 1.0 1 2.8 -1.8 1
GREATEST
24 HR TOTAL 2.2 01/19 TO 01/19 3.0 01/22 TO 01/22
DEGREE DAYS
HEATING TOTAL 1026 1099 -73 847
SINCE 7/1 2622 3077 -455 2761
COOLING TOTAL 0 0 0 0
SINCE 1/1 0 0 0 0
................................................................
WIND (MPH)
AVERAGE WIND SPEED 9.2
RESULTANT WIND SPEED/DIRECTION 4/240
HIGHEST WIND SPEED/DIRECTION 35/250 DATE 01/13
HIGHEST GUST SPEED/DIRECTION 44/210 DATE 01/13
SKY COVER
AVERAGE SKY COVER 0.88
AVERAGE RH (PERCENT) 78
WEATHER CONDITIONS. NUMBER OF DAYS WITH
THUNDERSTORM 0 MIXED PRECIP 0
HEAVY RAIN 5 RAIN 7
LIGHT RAIN 13 FREEZING RAIN 0
LT FREEZING RAIN 0 HAIL 0
HEAVY SNOW 0 SNOW 1
LIGHT SNOW 16 SLEET 2
FOG 22 FOG W/VIS <= 1/4 MILE 2
HAZE 7
- INDICATES NEGATIVE NUMBERS.
R INDICATES RECORD WAS SET OR TIED.
MM INDICATES DATA IS MISSING.
T INDICATES TRACE AMOUNT.
$$