000
CXUS53 KARX 011000
CF6CMY
PRELIMINARY LOCAL CLIMATOLOGICAL DATA (WS FORM: F-6)
STATION: SPARTA - FORT MCCOY WI
MONTH: JANUARY
YEAR: 2022
LATITUDE: 43 58 N
LONGITUDE: 90 44 W
TEMPERATURE IN F: :PCPN: SNOW: WIND :SUNSHINE: SKY :PK WND
================================================================================
1 2 3 4 5 6A 6B 7 8 9 10 11 12 13 14 15 16 17 18
12Z AVG MX 2MIN
DY MAX MIN AVG DEP HDD CDD WTR SNW DPTH SPD SPD DIR MIN PSBL S-S WX SPD DR
================================================================================
1 15 -2 7 M 58 0 0.00 0.0 M 6.8 10 340 M M 5 M M
2 9 -17 -4 M 69 0 0.00 0.0 M 0.9 4 300 M M 1 M M
3 23 -14 5 M 60 0 0.00 0.0 M 2.7 10 230 M M 1 M M
4 33 7 20 M 45 0 M M M 4.6 12 180 M M 2 M M
5 30 8 19 M 46 0 M M M 12.3 18 250 M M 9 19 25 250
6 8 -11 -1 M 66 0 M M M 7.4 12 320 M M 4 8 M M
7 12 -25 -6 M 71 0 M M M 2.4 12 170 M M 2 M M
8 26 11 19 M 46 0 M M M 8.8 17 160 M M 9 1 21 180
9 28 -6 11 M 54 0 T M M 9.5 16 280 M M 4 1 22 310
10 6 -13 -3 M 68 0 0.00 M M 4.3 9 290 M M 1 M M
11 33 -3 15 M 50 0 0.00 M M 5.3 14 220 M M 1 22 210
12 40 24 32 M 33 0 0.00 M M 1.5 9 240 M M 4 M M
13 40 23 32 M 33 0 T M M 3.0 9 330 M M 8 1 M M
14 31 12 22 M 43 0 M M M 8.1 12 70 M M 10 18 20 70
15 20 -7 7 M 58 0 0.00 0.0 M 3.6 9 50 M M 4 17 70
16 22 -8 7 M 58 0 M M M 5.3 13 220 M M 7 1 17 220
17 28 18 23 M 42 0 0.00 0.0 M 6.3 10 280 M M 7 M M
18 31 20 26 M 39 0 0.00 0.0 M 3.5 13 180 M M 9 20 180
19 24 1 13 M 52 0 0.00 0.0 M 11.9 16 300 M M 3 23 300
20 6 -17 -5 M 70 0 0.00 0.0 M 2.9 8 300 M M 0 M M
21 14 -23 -4 M 69 0 T M M 6.3 13 220 M M 1 21 200
22 22 11 17 M 48 0 M M M 9.9 18 280 M M 7 1 27 290
23 11 -10 1 M 64 0 M M M 5.1 9 260 M M 3 M M
24 14 -11 2 M 63 0 M M M 5.1 13 330 M M 1 1 18 320
25 2 -26 -12 M 77 0 0.00 0.0 M 4.5 13 300 M M 0 1 M M
26 17 -33 -8 M 73 0 0.00 0.0 M 7.2 15 210 M M 0 22 200
27 33 -8 13 M 52 0 T T M 7.3 14 290 M M 6 22 340
28 15 -21 -3 M 68 0 0.00 0.0 M 2.7 12 240 M M 4 8 M M
29 27 2 15 M 50 0 0.00 0.0 M 4.8 12 190 M M 5 M M
30 26 -2 12 M 53 0 T T M 2.9 7 330 M M 6 M M
31 34 -6 14 M 51 0 M M M 5.7 13 140 M M 1 18 22 170
================================================================================
SM 680 -126 1729 0 T T 172.7 M 125
================================================================================
AV 21.9 -4.1 5.6 FASTST M M 4 MAX(MPH)
MISC ----> # 18 250 27 290
================================================================================
NOTES:
# LAST OF SEVERAL OCCURRENCES
COLUMN 17 PEAK WIND IN M.P.H.
PRELIMINARY LOCAL CLIMATOLOGICAL DATA (WS FORM: F-6) , PAGE 2
STATION: SPARTA - FORT MCCOY WI
MONTH: JANUARY
YEAR: 2022
LATITUDE: 43 58 N
LONGITUDE: 90 44 W
[TEMPERATURE DATA] [PRECIPITATION DATA] SYMBOLS USED IN COLUMN 16
AVERAGE MONTHLY: 8.9 TOTAL FOR MONTH: T 1 = FOG OR MIST
DPTR FM NORMAL: 0.0 DPTR FM NORMAL: M 2 = FOG REDUCING VISIBILITY
HIGHEST: 40 ON 13,12 GRTST 24HR 0.44 ON 14-14 TO 1/4 MILE OR LESS
LOWEST: -33 ON 26 3 = THUNDER
SNOW, ICE PELLETS, HAIL 4 = ICE PELLETS
TOTAL MONTH: T 5 = HAIL
GRTST 24HR T ON 27-27 6 = FREEZING RAIN OR DRIZZLE
GRTST DEPTH: M ON M 7 = DUSTSTORM OR SANDSTORM:
VSBY 1/2 MILE OR LESS
8 = SMOKE OR HAZE
[NO. OF DAYS WITH] [WEATHER - DAYS WITH] 9 = BLOWING SNOW
X = TORNADO
MAX 32 OR BELOW: 25 0.01 INCH OR MORE: 0
MAX 90 OR ABOVE: 0 0.10 INCH OR MORE: 0
MIN 32 OR BELOW: 31 0.50 INCH OR MORE: 0
MIN 0 OR BELOW: 20 1.00 INCH OR MORE: 0
[HDD (BASE 65) ]
TOTAL THIS MO. 1729 CLEAR (SCALE 0-3) 13
DPTR FM NORMAL M PTCLDY (SCALE 4-7) 13
TOTAL FM JUL 1 4447 CLOUDY (SCALE 8-10) 5
DPTR FM NORMAL M
[CDD (BASE 65) ]
TOTAL THIS MO. 0
DPTR FM NORMAL M [PRESSURE DATA]
TOTAL FM JAN 1 0 HIGHEST SLP M ON M
DPTR FM NORMAL M LOWEST SLP M ON M
[REMARKS]
#FINAL-01-22#