000
CXUS53 KARX 010930
CF6CMY
PRELIMINARY LOCAL CLIMATOLOGICAL DATA (WS FORM: F-6)
STATION: SPARTA - FORT MCCOY WI
MONTH: AUGUST
YEAR: 2020
LATITUDE: 43 58 N
LONGITUDE: 90 44 W
TEMPERATURE IN F: :PCPN: SNOW: WIND :SUNSHINE: SKY :PK WND
================================================================================
1 2 3 4 5 6A 6B 7 8 9 10 11 12 13 14 15 16 17 18
12Z AVG MX 2MIN
DY MAX MIN AVG DEP HDD CDD WTR SNW DPTH SPD SPD DIR MIN PSBL S-S WX SPD DR
================================================================================
1 82 48 65 M 0 0 0.00 0.0 0 1.2 7 80 M M 5 M M
2 70 56 63 M 2 0 0.00 0.0 0 6.7 15 340 M M 9 23 340
3 71 45 58 M 7 0 0.00 0.0 0 6.1 13 360 M M 5 20 350
4 75 38 57 M 8 0 0.00 0.0 0 2.6 10 320 M M 5 M M
5 78 45 62 M 3 0 0.00 0.0 0 1.0 5 210 M M 6 M M
6 80 42 61 M 4 0 0.00 0.0 0 4.1 12 180 M M 3 16 180
7 83 49 66 M 0 1 0.00 0.0 0 6.0 12 160 M M 3 21 190
8 89 66 78 M 0 13 0.04 0.0 0 5.7 13 240 M M 6 3 24 240
9 82 60 71 M 0 6 0.00 0.0 0 2.9 9 130 M M 2 M M
10 80 49 65 M 0 0 0.14 0.0 0 3.8 12 310 M M 2 13 17 310
11 83 42 63 M 2 0 0.00 0.0 0 1.9 8 260 M M 0 M M
12 83 44 64 M 1 0 0.00 0.0 0 3.9 12 150 M M 0 16 150
13 86 52 69 M 0 4 0.00 0.0 0 4.2 12 160 M M 3 3 17 160
14 87 53 70 M 0 5 0.34 0.0 0 4.0 15 130 M M 0 3 M M
15 76 50 63 M 2 0 0.22 0.0 0 4.9 14 330 M M 6 33 230
16 82 48 65 M 0 0 0.19 0.0 0 4.3 15 290 M M 2 3 22 280
17 79 50 65 M 0 0 0.00 0.0 0 4.0 15 300 M M 5 20 300
18 78 43 61 M 4 0 0.00 0.0 0 2.4 10 330 M M 2 1 M M
19 82 44 63 M 2 0 0.00 0.0 0 3.1 8 190 M M 0 M M
20 82 56 69 M 0 4 0.00 0.0 0 4.3 8 200 M M 0 M M
21 86 56 71 M 0 6 0.00 0.0 0 3.4 10 200 M M 3 3 M M
22 83 60 72 M 0 7 0.00 0.0 0 2.2 8 190 M M 2 M M
23 90 56 73 M 0 8 0.00 0.0 0 1.7 9 290 M M 2 M M
24 87 58 73 M 0 8 0.00 0.0 0 2.1 8 260 M M 3 123 M M
25 88 65 77 M 0 12 0.00 0.0 0 5.3 10 110 M M 1 3 M M
26 93 69 81 M 0 16 0.00 0.0 0 4.8 13 260 M M 0 18 260
27 90 64 77 M 0 12 0.72 0.0 0 4.3 13 320 M M 5 3 22 320
28 84 62 73 M 0 8 0.89 0.0 0 7.3 18 280 M M 5 3 28 280
29 77 49 63 M 2 0 0.00 0.0 0 7.5 15 310 M M 1 23 310
30 76 42 59 M 6 0 0.00 0.0 0 3.8 10 110 M M 1 M M
31 73 44 59 M 6 0 1.03 M 0 4.4 13 270 M M 4 3 17 310
================================================================================
SM 2535 1605 49 110 3.57 0.0 123.9 M 91
================================================================================
AV 81.8 51.8 4.0 FASTST M M 3 MAX(MPH)
MISC ----> # 18 280 # 33 230
================================================================================
NOTES:
# LAST OF SEVERAL OCCURRENCES
COLUMN 17 PEAK WIND IN M.P.H.
PRELIMINARY LOCAL CLIMATOLOGICAL DATA (WS FORM: F-6) , PAGE 2
STATION: SPARTA - FORT MCCOY WI
MONTH: AUGUST
YEAR: 2020
LATITUDE: 43 58 N
LONGITUDE: 90 44 W
[TEMPERATURE DATA] [PRECIPITATION DATA] SYMBOLS USED IN COLUMN 16
AVERAGE MONTHLY: 66.8 TOTAL FOR MONTH: 3.57 1 = FOG OR MIST
DPTR FM NORMAL: M DPTR FM NORMAL: M 2 = FOG REDUCING VISIBILITY
HIGHEST: 93 ON 26 GRTST 24HR 1.03 ON 31-31 TO 1/4 MILE OR LESS
LOWEST: 38 ON 4 3 = THUNDER
SNOW, ICE PELLETS, HAIL 4 = ICE PELLETS
TOTAL MONTH: 0.0 INCH 5 = HAIL
GRTST 24HR 0.0 6 = FREEZING RAIN OR DRIZZLE
GRTST DEPTH: 0 7 = DUSTSTORM OR SANDSTORM:
VSBY 1/2 MILE OR LESS
8 = SMOKE OR HAZE
[NO. OF DAYS WITH] [WEATHER - DAYS WITH] 9 = BLOWING SNOW
X = TORNADO
MAX 32 OR BELOW: 0 0.01 INCH OR MORE: 8
MAX 90 OR ABOVE: 3 0.10 INCH OR MORE: 7
MIN 32 OR BELOW: 0 0.50 INCH OR MORE: 3
MIN 0 OR BELOW: 0 1.00 INCH OR MORE: 1
[HDD (BASE 65) ]
TOTAL THIS MO. 49 CLEAR (SCALE 0-3) 19
DPTR FM NORMAL M PTCLDY (SCALE 4-7) 11
TOTAL FM JUL 1 64 CLOUDY (SCALE 8-10) 1
DPTR FM NORMAL M
[CDD (BASE 65) ]
TOTAL THIS MO. 110
DPTR FM NORMAL M [PRESSURE DATA]
TOTAL FM JAN 1 379 HIGHEST SLP M ON M
DPTR FM NORMAL M LOWEST SLP M ON M
[REMARKS]
#FINAL-08-20#