000
CXUS53 KTOP 010810
CF6CNK
PRELIMINARY LOCAL CLIMATOLOGICAL DATA (WS FORM: F-6)
STATION: CONCORDIA KS
MONTH: OCTOBER
YEAR: 2022
LATITUDE: 39 32 N
LONGITUDE: 97 39 W
TEMPERATURE IN F: :PCPN: SNOW: WIND :SUNSHINE: SKY :PK WND
================================================================================
1 2 3 4 5 6A 6B 7 8 9 10 11 12 13 14 15 16 17 18
12Z AVG MX 2MIN
DY MAX MIN AVG DEP HDD CDD WTR SNW DPTH SPD SPD DIR MIN PSBL S-S WX SPD DR
================================================================================
1 84 53 69 7 0 4 T M M 9.0 18 150 M M 0 26 130
2 84 49 67 5 0 2 0.00 M M 9.1 17 150 M M 0 23 120
3 86 48 67 6 0 2 0.00 M M 10.2 18 150 M M 0 26 170
4 83 48 66 5 0 1 0.01 M M 6.4 18 200 M M 3 8 29 170
5 81 51 66 6 0 1 0.00 M M 7.2 17 300 M M 2 25 300
6 83 50 67 7 0 2 0.00 M M 10.1 21 350 M M 0 8 26 20
7 55 44 50 -10 15 0 0.11 M M 8.2 16 20 M M 7 1 22 30
8 67 42 55 -4 10 0 0.00 M M 6.6 15 220 M M 4 19 220
9 79 47 63 4 2 0 0.00 M M 5.6 13 270 M M 0 18 270
10 81 41 61 3 4 0 0.00 M M 7.1 18 180 M M 0 8 28 180
11 86 57 72 14 0 7 0.54 M M 17.6 26 190 M M 0 13 37 180
12 74 46 60 3 5 0 0.54 M M 12.2 30 330 M M 2 3 41 330
13 67 43 55 -2 10 0 0.00 M M 13.5 33 320 M M 0 47 320
14 79 42 61 5 4 0 0.00 M M 11.7 30 280 M M 1 42 280
15 77 40 59 3 6 0 0.00 M M 6.8 17 300 M M 0 22 240
16 67 42 55 -1 10 0 0.00 M M 9.0 23 330 M M 2 37 310
17 55 32 44 -11 21 0 0.00 M M 8.8 18 350 M M 0 8 26 10
18 49 25 37 -18 28 0 0.00 M M 7.1 15 360 M M 0 22 340
19 68 25 47 -7 18 0 0.00 M M 4.1 13 190 M M 0 8 17 210
20 79 39 59 5 6 0 0.00 M M 9.7 16 190 M M 0 25 200
21 86 52 69 16 0 4 0.00 M M 9.3 20 210 M M 0 26 200
22 85 52 69 16 0 4 0.00 M M 12.2 23 160 M M 0 34 160
23 87 64 76 24 0 11 0.00 M M 27.6 43 180 M M 3 8 57 180
24 77 42 60 8 5 0 0.24 M M 8.6 24 220 M M 5 35 210
25 65 34 50 -2 15 0 0.00 M M 8.1 21 330 M M 0 28 320
26 64 38 51 0 14 0 0.00 M M 7.6 17 140 M M 1 8 22 130
27 65 48 57 6 8 0 0.18 M M 11.4 28 140 M M 8 35 140
28 66 42 54 4 11 0 T M M 2.7 9 90 M M 4 12 15 100
29 68 38 53 3 12 0 0.00 M M 1.8 10 130 M M 0 1 13 100
30 64 46 55 6 10 0 0.00 M M 5.6 10 320 M M 2 14 300
31 72 40 56 7 9 0 0.00 M M 9.9 21 190 M M 0 28 190
================================================================================
SM 2283 1360 223 38 1.62 M 284.8 M 44
================================================================================
AV 73.6 43.9 9.2 FASTST M M 1 MAX(MPH)
MISC ----> 43 180 57 180
================================================================================
NOTES:
# LAST OF SEVERAL OCCURRENCES
COLUMN 17 PEAK WIND IN M.P.H.
PRELIMINARY LOCAL CLIMATOLOGICAL DATA (WS FORM: F-6) , PAGE 2
STATION: CONCORDIA KS
MONTH: OCTOBER
YEAR: 2022
LATITUDE: 39 32 N
LONGITUDE: 97 39 W
[TEMPERATURE DATA] [PRECIPITATION DATA] SYMBOLS USED IN COLUMN 16
AVERAGE MONTHLY: 58.8 TOTAL FOR MONTH: 1.62 1 = FOG OR MIST
DPTR FM NORMAL: 3.2 DPTR FM NORMAL: -0.36 2 = FOG REDUCING VISIBILITY
HIGHEST: 87 ON 23 GRTST 24HR 0.54 ON 11-11 TO 1/4 MILE OR LESS
LOWEST: 25 ON 19,18 3 = THUNDER
SNOW, ICE PELLETS, HAIL 4 = ICE PELLETS
TOTAL MONTH: M 5 = HAIL
GRTST 24HR M ON M 6 = FREEZING RAIN OR DRIZZLE
GRTST DEPTH: M ON M 7 = DUSTSTORM OR SANDSTORM:
VSBY 1/2 MILE OR LESS
8 = SMOKE OR HAZE
[NO. OF DAYS WITH] [WEATHER - DAYS WITH] 9 = BLOWING SNOW
X = TORNADO
MAX 32 OR BELOW: 0 0.01 INCH OR MORE: 6
MAX 90 OR ABOVE: 0 0.10 INCH OR MORE: 5
MIN 32 OR BELOW: 3 0.50 INCH OR MORE: 2
MIN 0 OR BELOW: 0 1.00 INCH OR MORE: 0
[HDD (BASE 65) ]
TOTAL THIS MO. 223 CLEAR (SCALE 0-3) 24
DPTR FM NORMAL -95 PTCLDY (SCALE 4-7) 7
TOTAL FM JUL 1 245 CLOUDY (SCALE 8-10) 0
DPTR FM NORMAL -139
[CDD (BASE 65) ]
TOTAL THIS MO. 38
DPTR FM NORMAL 12 [PRESSURE DATA]
TOTAL FM JAN 1 1853 HIGHEST SLP M ON M
DPTR FM NORMAL 481 LOWEST SLP 29.27 ON 23
[REMARKS]
#FINAL-10-22#