000
CXUS54 KFWD 072153
CF6CPT
PRELIMINARY LOCAL CLIMATOLOGICAL DATA (WS FORM: F-6)
STATION: CLEBURNE
MONTH: AUGUST
YEAR: 2022
LATITUDE: 32 20 N
LONGITUDE: 97 24 W
TEMPERATURE IN F: :PCPN: SNOW: WIND :SUNSHINE: SKY :PK WND
================================================================================
1 2 3 4 5 6A 6B 7 8 9 10 11 12 13 14 15 16 17 18
12Z AVG MX 2MIN
DY MAX MIN AVG DEP HDD CDD WTR SNW DPTH SPD SPD DIR MIN PSBL S-S WX SPD DR
================================================================================
1 100 79 90 5 0 25 0.00 M M 10.3 17 170 M M 0 24 170
2 102 81 92 7 0 27 0.00 M M 12.6 18 180 M M 0 26 190
3 102 79 91 6 0 26 0.00 M M 13.3 17 180 M M 1 24 180
4 102 52 77 -8 0 12 0.00 M M 10.9 16 170 M M 0 24 180
5 102 81 92 7 0 27 0.00 M M 9.5 15 150 M M 0 24 140
6 97 77 87 2 0 22 0.00 M M 11.1 17 160 M M 1 23 160
7 100 77 89 4 0 24 0.00 M M 11.2 15 190 M M 0 22 190
8 100 79 90 5 0 25 0.00 M M 9.0 16 170 M M 0 22 170
9 100 77 89 4 0 24 0.00 M M 9.5 30 20 M M 1 1 38 20
10 95 75 85 0 0 20 0.00 M M 5.6 12 180 M M 1 26 99
11 99 73 86 1 0 21 0.00 M M 5.6 15 50 M M 2 22 99
12 97 77 87 2 0 22 0.00 M M 9.1 14 70 M M 2 22 60
13 99 77 88 3 0 23 0.00 M M 8.1 13 60 M M 1 23 70
14 97 75 86 1 0 21 0.00 M M 8.0 15 130 M M 2 21 170
15 99 75 87 3 0 22 0.00 M M 8.1 13 150 M M 0 18 190
16 99 77 88 4 0 23 0.00 M M 6.5 10 130 M M 0 8 16 130
17 104 73 89 5 0 24 0.45 M M 8.6 20 100 M M 3 3 30 100
18 88 73 81 -3 0 16 0.00 M M 6.1 10 350 M M 2 1 17 30
19 93 73 83 -1 0 18 0.00 M M 7.2 10 160 M M 4 18 23 160
20 91 73 82 -2 0 17 0.01 M M 9.0 17 130 M M 3 18 30 80
21 91 75 83 -1 0 18 M M M 10.4 15 70 M M 3 13 22 170
22 81 72 77 -7 0 12 0.02 M M 7.4 16 60 M M 9 13 22 250
23 82 73 78 -6 0 13 0.01 M M 9.2 14 30 M M 9 1 16 30
24 88 73 81 -3 0 16 0.00 M M 6.9 14 60 M M 6 20 50
25 91 72 82 -1 0 17 0.00 M M 6.8 12 60 M M 2 18 50
26 93 72 83 0 0 18 0.00 M M 5.8 10 80 M M 2 21 50
27 97 75 86 3 0 21 0.00 M M 7.4 13 160 M M 1 21 160
28 97 77 87 4 0 22 0.00 M M 12.1 16 150 M M 0 23 150
29 95 77 86 4 0 21 0.00 M M 10.6 15 150 M M 2 18 160
30 86 73 80 -2 0 15 0.01 M M 5.8 16 120 M M 7 23 120
31 86 73 80 -2 0 15 0.06 M M 4.5 13 160 M M 4 1 28 160
================================================================================
SM 2953 2315 0 627 0.56 M 266.2 M 68
================================================================================
AV 95.3 74.7 8.6 FASTST M M 2 MAX(MPH)
MISC ----> 30 20 38 20
================================================================================
NOTES:
# LAST OF SEVERAL OCCURRENCES
COLUMN 17 PEAK WIND IN M.P.H.
PRELIMINARY LOCAL CLIMATOLOGICAL DATA (WS FORM: F-6) , PAGE 2
STATION: CLEBURNE
MONTH: AUGUST
YEAR: 2022
LATITUDE: 32 20 N
LONGITUDE: 97 24 W
[TEMPERATURE DATA] [PRECIPITATION DATA] SYMBOLS USED IN COLUMN 16
AVERAGE MONTHLY: 85.0 TOTAL FOR MONTH: 0.56 1 = FOG OR MIST
DPTR FM NORMAL: 1.0 DPTR FM NORMAL: -2.03 2 = FOG REDUCING VISIBILITY
HIGHEST: 104 ON 17 GRTST 24HR 0.45 ON 17-17 TO 1/4 MILE OR LESS
LOWEST: 52 ON 4 3 = THUNDER
SNOW, ICE PELLETS, HAIL 4 = ICE PELLETS
TOTAL MONTH: M 5 = HAIL
GRTST 24HR M ON M 6 = FREEZING RAIN OR DRIZZLE
GRTST DEPTH: M ON M 7 = DUSTSTORM OR SANDSTORM:
VSBY 1/2 MILE OR LESS
8 = SMOKE OR HAZE
[NO. OF DAYS WITH] [WEATHER - DAYS WITH] 9 = BLOWING SNOW
X = TORNADO
MAX 32 OR BELOW: 0 0.01 INCH OR MORE: 6
MAX 90 OR ABOVE: 25 0.10 INCH OR MORE: 1
MIN 32 OR BELOW: 0 0.50 INCH OR MORE: 0
MIN 0 OR BELOW: 0 1.00 INCH OR MORE: 0
[HDD (BASE 65) ]
TOTAL THIS MO. 0 CLEAR (SCALE 0-3) 22
DPTR FM NORMAL 0 PTCLDY (SCALE 4-7) 7
TOTAL FM JUL 1 0 CLOUDY (SCALE 8-10) 2
DPTR FM NORMAL 0
[CDD (BASE 65) ]
TOTAL THIS MO. 627
DPTR FM NORMAL 37 [PRESSURE DATA]
TOTAL FM JAN 1 2585 HIGHEST SLP M ON M
DPTR FM NORMAL 603 LOWEST SLP M ON M
[REMARKS]
#FINAL-08-22#