000
CXUS52 KJAX 011314
CLMCRG
CLIMATE REPORT
NATIONAL WEATHER SERVICE JACKSONVILLE FL
914 AM EDT MON MAY 01 2023
...................................
...THE CRAIG EXEC ARPT CLIMATE SUMMARY FOR THE MONTH OF APRIL 2023...
CLIMATE NORMAL PERIOD: 1991 TO 2020
CLIMATE RECORD PERIOD: 1974 TO 2023
WEATHER OBSERVED NORMAL DEPART LAST YEAR`S
VALUE DATE(S) VALUE FROM VALUE DATE(S)
NORMAL
................................................................
TEMPERATURE (F)
RECORD
HIGH 93 04/28/2014
LOW 36 04/02/1987
HIGHEST 90 04/14 90 0 89 04/05
LOWEST 46 04/18 45 1 43 04/10
AVG. MAXIMUM 81.4 78.9 2.5 80.0
AVG. MINIMUM 61.6 57.8 3.8 60.9
MEAN 71.5 68.3 3.2 70.4
DAYS MAX >= 90 1 1.0 0.0 0
DAYS MIN <= 32 0 0.0 0.0 0
PRECIPITATION (INCHES)
RECORD
MAXIMUM 4.91 2020
MINIMUM 0.40 2007
TOTALS 2.97 2.41 0.56 4.57
DAILY AVG. 0.10 0.08 0.02 0.15
DAYS >= .01 11 6.8 4.2 5
DAYS >= .10 9 4.1 4.9 3
DAYS >= .50 2 1.8 0.2 2
DAYS >= 1.00 0 0.6 -0.6 2
GREATEST
24 HR. TOTAL 0.85 04/10 TO 04/11
SNOWFALL (INCHES)
RECORDS
TOTAL MM MM
TOTALS 0.0 0.0 0.0 0.0
DEGREE DAYS
HEATING TOTAL 11 36 -25 17
SINCE 7/1 683 1109 -426 MM
COOLING TOTAL 213 136 77 186
SINCE 1/1 519 235 284 MM
................................................................
WIND (MPH)
AVERAGE WIND SPEED 8.0
HIGHEST WIND SPEED/DIRECTION 30/260 DATE 04/30
HIGHEST GUST SPEED/DIRECTION 47/260 DATE 04/30
SKY COVER
AVERAGE SKY COVER 0.31
AVERAGE RH (PERCENT) 72
WEATHER CONDITIONS. NUMBER OF DAYS WITH
THUNDERSTORM 4 MIXED PRECIP 0
HEAVY RAIN 8 RAIN 11
LIGHT RAIN 13 FREEZING RAIN 0
LT FREEZING RAIN 0 HAIL 0
HEAVY SNOW 0 SNOW 0
LIGHT SNOW 0 SLEET 0
FOG 15 FOG W/VIS <= 1/4 MILE 2
HAZE 0
- INDICATES NEGATIVE NUMBERS.
R INDICATES RECORD WAS SET OR TIED.
MM INDICATES DATA IS MISSING.
T INDICATES TRACE AMOUNT.
$$