000
CXUS52 KJAX 011318
CLMCRG
CLIMATE REPORT
NATIONAL WEATHER SERVICE JACKSONVILLE FL
918 AM EDT FRI SEP 01 2023
...................................
...THE CRAIG EXEC ARPT CLIMATE SUMMARY FOR THE MONTH OF AUGUST 2023...
CLIMATE NORMAL PERIOD: 1991 TO 2020
CLIMATE RECORD PERIOD: 1974 TO 2023
WEATHER OBSERVED NORMAL DEPART LAST YEAR`S
VALUE DATE(S) VALUE FROM VALUE DATE(S)
NORMAL
................................................................
TEMPERATURE (F)
RECORD
HIGH 101 08/02/1999
LOW 64 08/09/2002
HIGHEST 99 08/07 97 2 98 08/02
08/08
08/11
LOWEST 73 08/25 70 3 66 08/15
AVG. MAXIMUM 93.5 89.8 3.7 91.6
AVG. MINIMUM 77.0 73.5 3.5 74.8
MEAN 85.3 81.7 3.6 83.2
DAYS MAX >= 90 30 20.4 9.6 25
DAYS MIN <= 32 0 0.0 0.0 0
PRECIPITATION (INCHES)
RECORD
MAXIMUM 14.27 2008
MINIMUM 1.74 2007
TOTALS 3.19 6.87 -3.68 7.54
DAILY AVG. 0.10 0.22 -0.12 0.22
DAYS >= .01 13 16.1 -3.1 18
DAYS >= .10 7 9.5 -2.5 12
DAYS >= .50 2 4.9 -2.9 5
DAYS >= 1.00 1 2.3 -1.3 2
GREATEST
24 HR. TOTAL 1.11 08/04 TO 08/05
SNOWFALL (INCHES)
RECORDS
TOTAL T 1976
TOTALS 0.0 MM MM 0.0
DEGREE DAYS
HEATING TOTAL 0 0 0 0
SINCE 7/1 0 0 0 MM
COOLING TOTAL 635 516 119 573
SINCE 1/1 2573 2023 550 MM
................................................................
WIND (MPH)
AVERAGE WIND SPEED 5.9
HIGHEST WIND SPEED/DIRECTION 38/230 DATE 08/30
HIGHEST GUST SPEED/DIRECTION 59/200 DATE 08/30
SKY COVER
AVERAGE SKY COVER 0.17
AVERAGE RH (PERCENT) 75
WEATHER CONDITIONS. NUMBER OF DAYS WITH
THUNDERSTORM 13 MIXED PRECIP 0
HEAVY RAIN 6 RAIN 10
LIGHT RAIN 14 FREEZING RAIN 0
LT FREEZING RAIN 0 HAIL 0
HEAVY SNOW 0 SNOW 0
LIGHT SNOW 0 SLEET 0
FOG 6 FOG W/VIS <= 1/4 MILE 0
HAZE 0
- INDICATES NEGATIVE NUMBERS.
R INDICATES RECORD WAS SET OR TIED.
MM INDICATES DATA IS MISSING.
T INDICATES TRACE AMOUNT.
$$