000
CXUS52 KJAX 011319
CLMCRG
CLIMATE REPORT
NATIONAL WEATHER SERVICE JACKSONVILLE FL
919 AM EDT TUE AUG 01 2023
...................................
...THE CRAIG EXEC ARPT CLIMATE SUMMARY FOR THE MONTH OF JULY 2023...
CLIMATE NORMAL PERIOD: 1991 TO 2020
CLIMATE RECORD PERIOD: 1974 TO 2023
WEATHER OBSERVED NORMAL DEPART LAST YEAR`S
VALUE DATE(S) VALUE FROM VALUE DATE(S)
NORMAL
................................................................
TEMPERATURE (F)
RECORD
HIGH 102 07/01/1998
LOW 63 07/17/1980
HIGHEST 100 07/30 97 3 97 07/07
07/29
LOWEST 73 07/07 69 4 73 07/23
07/26
07/27
AVG. MAXIMUM 94.1 91.2 2.9 92.5
AVG. MINIMUM 76.3 73.2 3.1 75.2
MEAN 85.2 82.2 3.0 83.8
DAYS MAX >= 90 29 22.0 7.0 27
DAYS MIN <= 32 0 0.0 0.0 0
PRECIPITATION (INCHES)
RECORD
MAXIMUM 12.54 1998
MINIMUM 1.45 2016
TOTALS 11.79 6.14 5.65 8.87
DAILY AVG. 0.38 0.20 0.18 0.29
DAYS >= .01 19 14.3 4.7 19
DAYS >= .10 15 8.8 6.2 16
DAYS >= .50 8 4.0 4.0 7
DAYS >= 1.00 4 1.5 2.5 3
GREATEST
24 HR. TOTAL 1.88 07/06 TO 07/07
SNOWFALL (INCHES)
RECORDS
TOTAL MM MM
TOTALS 0.0 0.0 0.0 0.0
DEGREE DAYS
HEATING TOTAL 0 0 0 0
SINCE 7/1 0 0 0 MM
COOLING TOTAL 634 533 101 590
SINCE 1/1 1938 1507 431 MM
................................................................
WIND (MPH)
AVERAGE WIND SPEED 6.1
HIGHEST WIND SPEED/DIRECTION 33/270 DATE 07/09
HIGHEST GUST SPEED/DIRECTION 58/280 DATE 07/09
SKY COVER
AVERAGE SKY COVER 0.20
AVERAGE RH (PERCENT) 75
WEATHER CONDITIONS. NUMBER OF DAYS WITH
THUNDERSTORM 21 MIXED PRECIP 0
HEAVY RAIN 16 RAIN 19
LIGHT RAIN 20 FREEZING RAIN 0
LT FREEZING RAIN 0 HAIL 0
HEAVY SNOW 0 SNOW 0
LIGHT SNOW 0 SLEET 0
FOG 18 FOG W/VIS <= 1/4 MILE 0
HAZE 1
- INDICATES NEGATIVE NUMBERS.
R INDICATES RECORD WAS SET OR TIED.
MM INDICATES DATA IS MISSING.
T INDICATES TRACE AMOUNT.
$$