000
CXUS52 KJAX 011312
CLMCRG
CLIMATE REPORT
NATIONAL WEATHER SERVICE JACKSONVILLE FL
912 AM EDT MON APR 01 2024
...................................
...THE CRAIG EXEC ARPT CLIMATE SUMMARY FOR THE MONTH OF MARCH 2024...
CLIMATE NORMAL PERIOD: 1991 TO 2020
CLIMATE RECORD PERIOD: 1974 TO 2024
WEATHER OBSERVED NORMAL DEPART LAST YEAR`S
VALUE DATE(S) VALUE FROM VALUE DATE(S)
NORMAL
................................................................
TEMPERATURE (F)
RECORD
HIGH 91 03/26/2021
LOW 24 03/04/1980
HIGHEST 87 03/15 86 1 90 03/26
03/27
LOWEST 40 03/20 36 4 37 03/16
AVG. MAXIMUM 75.1 73.1 2.0 77.8
AVG. MINIMUM 56.9 52.2 4.7 54.9
MEAN 66.0 62.6 3.4 66.4
DAYS MAX >= 90 0 0.1 -0.1 2
DAYS MIN <= 32 0 0.1 -0.1 0
PRECIPITATION (INCHES)
RECORD
MAXIMUM 8.60 2003
MINIMUM 0.33 2006
TOTALS 5.65 3.03 2.62 3.44
DAILY AVG. 0.18 0.10 0.08 0.11
DAYS >= .01 11 7.9 3.1 9
DAYS >= .10 9 5.1 3.9 6
DAYS >= .50 6 1.9 4.1 4
DAYS >= 1.00 1 0.7 0.3 0
GREATEST
24 HR. TOTAL 1.98 03/09 TO 03/09
SNOWFALL (INCHES)
RECORDS
TOTAL T 1993
TOTALS 0.0 MM MM 0.0
DEGREE DAYS
HEATING TOTAL 57 132 -75 86
SINCE 7/1 862 1074 -212 MM
COOLING TOTAL 93 59 34 136
SINCE 1/1 142 99 43 MM
................................................................
WIND (MPH)
AVERAGE WIND SPEED 7.3
HIGHEST WIND SPEED/DIRECTION 29/200 DATE 03/27
HIGHEST GUST SPEED/DIRECTION 42/210 DATE 03/27
SKY COVER
AVERAGE SKY COVER 0.36
AVERAGE RH (PERCENT) 72
WEATHER CONDITIONS. NUMBER OF DAYS WITH
THUNDERSTORM 7 MIXED PRECIP 0
HEAVY RAIN 7 RAIN 10
LIGHT RAIN 11 FREEZING RAIN 0
LT FREEZING RAIN 0 HAIL 0
HEAVY SNOW 0 SNOW 0
LIGHT SNOW 0 SLEET 0
FOG 16 FOG W/VIS <= 1/4 MILE 3
HAZE 0
- INDICATES NEGATIVE NUMBERS.
R INDICATES RECORD WAS SET OR TIED.
MM INDICATES DATA IS MISSING.
T INDICATES TRACE AMOUNT.
$$