000
CXUS54 KCRP 011746
CLMCRP
CLIMATE REPORT NATIONAL WEATHER SERVICE CORPUS CHRISTI TX 1110 AM
CST MON JAN 01 2024
...................................
...THE CORPUS CHRISTI CLIMATE SUMMARY FOR THE MONTH OF DECEMBER
2023...
CLIMATE NORMAL PERIOD 1991 TO 2020
CLIMATE RECORD PERIOD 1887 TO 2023
WEATHER OBSERVED NORMAL DEPART LAST YEAR`S
VALUE DATE(S) VALUE FROM VALUE DATE(S)
NORMAL
................................................................
TEMPERATURE (F)
RECORD
HIGH 91 12/05/1977
LOW 13 12/23/1989
HIGHEST 83 12/08 69 14 85 12/13
12/09
LOWEST 35 12/11 49 -14 22 12/23
12/30
AVG. MAXIMUM 72.9 69.6 3.3 69.7
AVG. MINIMUM 52.7 49.8 2.9 51.0
MEAN 62.8 59.7 3.1 60.4
DAYS MAX >= 90 0 0.0 0.0 0
DAYS MAX <= 32 0 0.0 0.0 0
DAYS MIN <= 32 0 1.2 -1.2 5
DAYS MIN <= 0 0 0.0 0.0 0
PRECIPITATION (INCHES)
RECORD
MAXIMUM 9.80 1991
MINIMUM T 1917
TOTALS 0.46 1.93 -1.47 0.32
DAILY AVG. 0.01 0.06 -0.05 0.01
DAYS >= .01 6 6.8 -0.8 4
DAYS >= .10 2 2.8 -0.8 1
DAYS >= .50 0 1.0 -1.0 0
DAYS >= 1.00 0 0.5 -0.5 0
GREATEST
24 HR. TOTAL 0.22 12/13 TO 12/13 0.20
SNOWFALL (INCHES)
RECORDS
TOTAL 4.4 2004
24 HR TOTAL 2.3 12/24/2004 TO 12/24/2004
TOTALS 0.0 0.2 -0.2 0.0
SINCE 7/1 0.0 0.2 -0.2 MM
SNOWDEPTH AVG. 0 0
DAYS >= 1.0 0 0.1 -0.1 0
GREATEST
SNOW DEPTH 0 0
24 HR TOTAL MM 0.0
DEGREE DAYS
HEATING TOTAL 111 219 -108 234
SINCE 7/1 219 323 -104 MM
COOLING TOTAL 51 55 -4 101
SINCE 1/1 4508 3737 771 MM
................................................................
WIND (MPH)
AVERAGE WIND SPEED 9.0
HIGHEST WIND SPEED/DIRECTION 31/360 DATE 12/09
31/360 12/10
HIGHEST GUST SPEED/DIRECTION 38/360 DATE 12/09
SKY COVER
AVERAGE SKY COVER 0.66
AVERAGE RH (PERCENT) 72
WEATHER CONDITIONS. NUMBER OF DAYS WITH
THUNDERSTORM 0 MIXED PRECIP 0
HEAVY RAIN 0 RAIN 3
LIGHT RAIN 9 FREEZING RAIN 0
LT FREEZING RAIN 0 HAIL 0
HEAVY SNOW 0 SNOW 0
LIGHT SNOW 0 SLEET 0
FOG 10 FOG W/VIS <= 1/4 MILE 2
HAZE 2
- INDICATES NEGATIVE NUMBERS.
R INDICATES RECORD WAS SET OR TIED.
MM INDICATES DATA IS MISSING.
T INDICATES TRACE AMOUNT.
$$