000
CXUS52 KFFC 061137
CLMCSG
CLIMATE REPORT
NATIONAL WEATHER SERVICE PEACHTREE CITY GA
737 AM EDT TUE JUN 06 2023
...................................
...THE COLUMBUS CLIMATE SUMMARY FOR THE MONTH OF MAY 2023...
CLIMATE NORMAL PERIOD: 1991 TO 2020
CLIMATE RECORD PERIOD: 1948 TO 2023
WEATHER OBSERVED NORMAL DEPART LAST YEAR`S
VALUE DATE(S) VALUE FROM VALUE DATE(S)
NORMAL
................................................................
TEMPERATURE (F)
RECORD
HIGH 97 05/26/2019
05/25/2019
05/26/2012
LOW 39 05/02/1963
HIGHEST 92 05/14 97 -5 92 05/18
05/19
05/30
LOWEST 45 05/02 40 5 54 05/10
05/03
05/04
05/11
AVG. MAXIMUM 81.5 85.1 -3.6 86.5
AVG. MINIMUM 61.4 63.1 -1.7 64.1
MEAN 71.4 74.1 -2.7 75.3
DAYS MAX >= 90 2 6.1 -4.1 11
DAYS MAX <= 32 0 0.0 0.0 0
DAYS MIN <= 32 0 0.0 0.0 0
DAYS MIN <= 0 0 0.0 0.0 0
PRECIPITATION (INCHES)
RECORD
MAXIMUM 9.93 2018
MINIMUM 0.22 1962
TOTALS 4.84 3.24 1.60 3.67
DAILY AVG. 0.16 0.10 0.06 0.12
DAYS >= .01 11 7.8 3.2 6
DAYS >= .10 7 4.8 2.2 4
DAYS >= .50 4 1.9 2.1 2
DAYS >= 1.00 1 0.9 0.1 2
GREATEST
24 HR. TOTAL 1.94 05/16 TO 05/17 1.98 05/22 TO 05/23
DEGREE DAYS
HEATING TOTAL 15 7 8 0
SINCE 7/1 1567 1939 -372 MM
COOLING TOTAL 221 289 -68 326
SINCE 1/1 409 425 -16 MM
................................................................
WIND (MPH)
AVERAGE WIND SPEED 6.5
HIGHEST WIND SPEED/DIRECTION 31/340 DATE 05/17
HIGHEST GUST SPEED/DIRECTION 43/290 DATE 05/02
SKY COVER
POSSIBLE SUNSHINE (PERCENT) MM
AVERAGE SKY COVER 0.42
NUMBER OF DAYS FAIR 15
NUMBER OF DAYS PC 12
NUMBER OF DAYS CLOUDY 4
AVERAGE RH (PERCENT) 69
WEATHER CONDITIONS. NUMBER OF DAYS WITH
THUNDERSTORM 9 MIXED PRECIP 0
HEAVY RAIN 5 RAIN 5
LIGHT RAIN 13 FREEZING RAIN 0
LT FREEZING RAIN 0 HAIL 0
HEAVY SNOW 0 SNOW 0
LIGHT SNOW 0 SLEET 0
FOG 9 FOG W/VIS <= 1/4 MILE 1
HAZE 0
- INDICATES NEGATIVE NUMBERS.
R INDICATES RECORD WAS SET OR TIED.
MM INDICATES DATA IS MISSING.
T INDICATES TRACE AMOUNT.
$$