000
CXUS52 KFFC 031925
CLMCSG
CLIMATE REPORT
NATIONAL WEATHER SERVICE PEACHTREE CITY GA
325 PM EDT FRI NOV 03 2023
...................................
...THE COLUMBUS CLIMATE SUMMARY FOR THE MONTH OF OCTOBER 2023...
CLIMATE NORMAL PERIOD: 1991 TO 2020
CLIMATE RECORD PERIOD: 1948 TO 2023
WEATHER OBSERVED NORMAL DEPART LAST YEAR`S
VALUE DATE(S) VALUE FROM VALUE DATE(S)
NORMAL
................................................................
TEMPERATURE (F)
RECORD
HIGH 101 10/04/2019
LOW 24 10/30/1952
HIGHEST 89 10/06 85 4 88 10/07
LOWEST 44 10/09 60 -16 33 10/20
AVG. MAXIMUM 78.2 78.3 -0.1 77.2
AVG. MINIMUM 55.3 56.8 -1.5 51.2
MEAN 66.7 67.6 -0.9 64.2
DAYS MAX >= 90 0 0.7 -0.7 0
DAYS MAX <= 32 0 0.0 0.0 0
DAYS MIN <= 32 0 0.0 0.0 0
DAYS MIN <= 0 0 0.0 0.0 0
PRECIPITATION (INCHES)
RECORD
MAXIMUM 8.58 2021
MINIMUM 0.00 1963
TOTALS 3.00 2.78 0.22 1.85
DAILY AVG. 0.10 0.09 0.01 0.06
DAYS >= .01 5 6.5 -1.5 5
DAYS >= .10 3 3.9 -0.9 4
DAYS >= .50 2 1.6 0.4 1
DAYS >= 1.00 2 0.8 1.2 1
GREATEST
24 HR. TOTAL 2.86 10/11 TO 10/12 1.43 10/12 TO 10/13
DEGREE DAYS
HEATING TOTAL 47 59 -12 76
SINCE 7/1 47 59 -12 MM
COOLING TOTAL 108 138 -30 59
SINCE 1/1 2462 2505 -43 MM
................................................................
WIND (MPH)
AVERAGE WIND SPEED 5.6
HIGHEST WIND SPEED/DIRECTION 21/090 DATE 10/12
21/320 10/16
21/290 10/20
HIGHEST GUST SPEED/DIRECTION 30/320 DATE 10/07
30/330 10/31
SKY COVER
POSSIBLE SUNSHINE (PERCENT) MM
AVERAGE SKY COVER 0.24
NUMBER OF DAYS FAIR 22
NUMBER OF DAYS PC 7
NUMBER OF DAYS CLOUDY 2
AVERAGE RH (PERCENT) 66
WEATHER CONDITIONS. NUMBER OF DAYS WITH
THUNDERSTORM 0 MIXED PRECIP 0
HEAVY RAIN 2 RAIN 6
LIGHT RAIN 4 FREEZING RAIN 0
LT FREEZING RAIN 0 HAIL 0
HEAVY SNOW 0 SNOW 0
LIGHT SNOW 0 SLEET 0
FOG 5 FOG W/VIS <= 1/4 MILE 0
HAZE 2
- INDICATES NEGATIVE NUMBERS.
R INDICATES RECORD WAS SET OR TIED.
MM INDICATES DATA IS MISSING.
T INDICATES TRACE AMOUNT.
$$