000
CXUS56 KTFX 301524
CF6CTB
PRELIMINARY LOCAL CLIMATOLOGICAL DATA (WS FORM: F-6)
STATION: CUT BANK MT
MONTH: OCTOBER
YEAR: 2020
LATITUDE: 48 37 N
LONGITUDE: 112 23 W
TEMPERATURE IN F: :PCPN: SNOW: WIND :SUNSHINE: SKY :PK WND
================================================================================
1 2 3 4 5 6A 6B 7 8 9 10 11 12 13 14 15 16 17 18
12Z AVG MX 2MIN
DY MAX MIN AVG DEP HDD CDD WTR SNW DPTH SPD SPD DIR MIN PSBL S-S WX SPD DR
================================================================================
1 69 31 50 2 15 0 0.00 M 0 4.8 13 290 M M 0 16 290
2 71 39 55 7 10 0 0.00 M 0 6.9 17 330 M M 0 19 330
3 74 34 54 6 11 0 0.00 M 0 6.4 14 140 M M 0 17 180
4 79 41 60 13 5 0 0.00 M 0 16.6 36 270 M M 0 44 260
5 76 40 58 11 7 0 0.00 M 0 16.5 31 260 M M 1 39 260
6 79 41 60 13 5 0 0.00 M 0 18.1 36 260 M M 0 43 250
7 68 34 51 5 14 0 0.00 M 0 6.4 14 140 M M 0 18 130
8 74 36 55 9 10 0 0.00 M 0 11.6 30 250 M M 0 8 35 250
9 71 36 54 8 11 0 0.00 M 0 12.7 33 220 M M 1 41 220
10 72 42 57 12 8 0 0.00 M 0 20.5 45 240 M M 0 8 53 240
11 53 39 46 1 19 0 T M 0 26.5 44 240 M M 1 53 250
12 58 28 43 -1 22 0 0.06 M 0 13.1 33 280 M M 5 45 270
13 48 30 39 -5 26 0 0.10 M 0 12.4 37 230 M M 4 48 230
14 42 26 34 -10 31 0 T M 0 10.4 33 260 M M 5 18 45 260
15 45 21 33 -10 32 0 0.00 M 0 8.6 20 260 M M 0 25 260
16 54 28 41 -2 24 0 0.05 M 0 24.8 47 250 M M 7 56 250
17 28 18 23 -20 42 0 0.60 M 1 8.3 18 10 M M 10 18 21 20
18 20 16 18 -24 47 0 0.26 M 3 7.6 14 140 M M 10 1 16 140
19 29 17 23 -19 42 0 0.03 M 5 9.8 24 340 M M 10 12 29 340
20 31 14 23 -18 42 0 0.04 M 3 8.3 20 350 M M 6 12 23 350
21 26 15 21 -20 44 0 0.03 M 3 16.6 33 340 M M 10 128 40 350
22 19 10 15 -26 50 0 T M 3 6.1 22 10 M M 8 18 26 360
23 16 5 11 -29 54 0 0.20 M 3 9.9 25 340 M M 9 12 30 340
24 14 -10 2 -38 63 0 0.10 M 4 15.9 26 360 M M 7 18 32 10
25 13 -10 2 -37 63 0 0.00 M 4 4.9 13 240 M M 1 16 250
26 30 11 21 -18 44 0 0.00 M 3 21.9 32 270 M M 3 8 38 260
27 44 29 37 -1 28 0 0.00 M 2 28.8 44 250 M M 0 8 52 260
28 47 33 40 2 25 0 0.00 M T 10.5 29 260 M M 3 34 260
29 57 33 45 7 20 0 0.00 M T 12.9 26 270 M M 2 1 33 290
30 63 32 48 11 17 0 0.00 M 0 21.1 54 250 M M 0 65 250
31 51 23 37 0 28 0 0.00 M 0 13.7 24 260 M M 1 30 250
================================================================================
SM 1521 782 859 0 1.47 M 412.6 M 104
================================================================================
AV 49.1 25.2 13.3 FASTST M M 3 MAX(MPH)
MISC ----> 54 250 65 250
================================================================================
NOTES:
# LAST OF SEVERAL OCCURRENCES
COLUMN 17 PEAK WIND IN M.P.H.
PRELIMINARY LOCAL CLIMATOLOGICAL DATA (WS FORM: F-6) , PAGE 2
STATION: CUT BANK MT
MONTH: OCTOBER
YEAR: 2020
LATITUDE: 48 37 N
LONGITUDE: 112 23 W
[TEMPERATURE DATA] [PRECIPITATION DATA] SYMBOLS USED IN COLUMN 16
AVERAGE MONTHLY: 37.1 TOTAL FOR MONTH: 1.47 1 = FOG OR MIST
DPTR FM NORMAL: -5.7 DPTR FM NORMAL: 1.03 2 = FOG REDUCING VISIBILITY
HIGHEST: 79 ON 6, 4 GRTST 24HR 0.60 ON 17-17 TO 1/4 MILE OR LESS
LOWEST: -10 ON 25,24 3 = THUNDER
SNOW, ICE PELLETS, HAIL 4 = ICE PELLETS
TOTAL MONTH: M 5 = HAIL
GRTST 24HR M ON M 6 = FREEZING RAIN OR DRIZZLE
GRTST DEPTH: 5 ON 19 7 = DUSTSTORM OR SANDSTORM:
VSBY 1/2 MILE OR LESS
8 = SMOKE OR HAZE
[NO. OF DAYS WITH] [WEATHER - DAYS WITH] 9 = BLOWING SNOW
X = TORNADO
MAX 32 OR BELOW: 10 0.01 INCH OR MORE: 10
MAX 90 OR ABOVE: 0 0.10 INCH OR MORE: 5
MIN 32 OR BELOW: 19 0.50 INCH OR MORE: 1
MIN 0 OR BELOW: 2 1.00 INCH OR MORE: 0
[HDD (BASE 65) ]
TOTAL THIS MO. 859 CLEAR (SCALE 0-3) 18
DPTR FM NORMAL 172 PTCLDY (SCALE 4-7) 8
TOTAL FM JUL 1 1254 CLOUDY (SCALE 8-10) 5
DPTR FM NORMAL 29
[CDD (BASE 65) ]
TOTAL THIS MO. 0
DPTR FM NORMAL -1 [PRESSURE DATA]
TOTAL FM JAN 1 185 HIGHEST SLP 30.79 ON 25
DPTR FM NORMAL 23 LOWEST SLP 29.26 ON 10
[REMARKS]
#FINAL-10-20#