000
CXUS53 KUNR 010930
CF6CUT
PRELIMINARY LOCAL CLIMATOLOGICAL DATA (WS FORM: F-6)
STATION: CUSTER COUNTY AIRPORT SD
MONTH: MARCH
YEAR: 2022
LATITUDE: 43 43 N
LONGITUDE: 103 37 W
TEMPERATURE IN F: :PCPN: SNOW: WIND :SUNSHINE: SKY :PK WND
================================================================================
1 2 3 4 5 6A 6B 7 8 9 10 11 12 13 14 15 16 17 18
12Z AVG MX 2MIN
DY MAX MIN AVG DEP HDD CDD WTR SNW DPTH SPD SPD DIR MIN PSBL S-S WX SPD DR
================================================================================
1 58 36 47 19 18 0 0.00 M M 5.1 18 270 M M 1 26 280
2 58 28 43 14 22 0 0.00 M M 5.1 13 240 M M 1 1 20 200
3 57 27 42 13 23 0 0.00 M M 4.0 15 240 M M 2 12 22 210
4 60 27 44 15 21 0 0.00 M M 4.6 13 180 M M 2 12 20 210
5 27 6 17 -13 48 0 0.61 M M 4.7 18 360 M M 9 12 27 340
6 23 2 13 -17 52 0 0.00 M M 4.0 12 90 M M 4 8 15 10
7 27 -3 12 -18 53 0 0.00 M M 7.5 17 270 M M 0 24 270
8 24 8 16 -15 49 0 0.13 M M 3.7 12 360 M M 7 128 17 350
9 9 -6 2 -29 63 0 0.12 M M 3.0 12 120 M M 9 18 18 140
10 17 -10 4 -27 61 0 T M M 10.8 23 290 M M 2 8 36 290
11 23 8 16 -16 49 0 T M M 11.2 25 280 M M 6 8 38 310
12 48 16 32 0 33 0 0.00 M M 10.2 25 280 M M 6 42 270
13 48 29 39 7 26 0 T M M 8.2 22 260 M M 0 29 250
14 46 31 39 6 26 0 0.00 M M 8.3 20 270 M M 1 27 270
15 58 29 44 11 21 0 0.00 M M 9.6 25 270 M M 0 34 270
16 50 31 41 8 24 0 0.04 M M 6.1 14 30 M M 8 8 24 350
17 40 24 32 -2 33 0 T M M 3.7 13 360 M M 5 21 20
18 50 20 35 1 30 0 0.00 M M 4.4 17 270 M M 2 28 330
19 51 25 38 4 27 0 0.00 M M 5.9 18 260 M M 1 30 260
20 59 36 48 14 17 0 0.00 M M 8.5 24 270 M M 2 34 230
21 41 22 32 -2 33 0 T M M 8.3 17 350 M M 3 30 20
22 39 22 31 -4 34 0 T M M 10.5 24 340 M M 3 8 46 360
23 50 26 38 3 27 0 0.00 M M 9.2 23 20 M M 0 37 30
24 60 27 44 9 21 0 0.00 M M 9.8 23 310 M M 2 40 320
25 49 26 38 3 27 0 0.00 M M 6.0 18 270 M M 3 27 260
26 41 24 33 -3 32 0 0.00 M M 5.8 16 80 M M 5 21 100
27 55 24 40 4 25 0 0.00 M M 4.8 12 160 M M 1 18 180
28 73 32 53 17 12 0 0.00 M M 6.8 18 270 M M 0 25 270
29 55 22 39 3 26 0 0.04 M M 11.8 23 350 M M 6 1 41 10
30 38 20 29 -7 36 0 0.02 M M 7.7 20 360 M M 3 31 360
31 54 19 37 1 28 0 0.18 M M 6.3 17 90 M M 4 1 26 350
================================================================================
SM 1388 628 997 0 1.14 M 215.6 M 98
================================================================================
AV 44.8 20.3 7.0 FASTST M M 3 MAX(MPH)
MISC ----> # 25 270 46 360
================================================================================
NOTES:
# LAST OF SEVERAL OCCURRENCES
COLUMN 17 PEAK WIND IN M.P.H.
PRELIMINARY LOCAL CLIMATOLOGICAL DATA (WS FORM: F-6) , PAGE 2
STATION: CUSTER COUNTY AIRPORT SD
MONTH: MARCH
YEAR: 2022
LATITUDE: 43 43 N
LONGITUDE: 103 37 W
[TEMPERATURE DATA] [PRECIPITATION DATA] SYMBOLS USED IN COLUMN 16
AVERAGE MONTHLY: 32.5 TOTAL FOR MONTH: 1.14 1 = FOG OR MIST
DPTR FM NORMAL: -0.4 DPTR FM NORMAL: 0.23 2 = FOG REDUCING VISIBILITY
HIGHEST: 73 ON 28 GRTST 24HR 0.61 ON 5- 5 TO 1/4 MILE OR LESS
LOWEST: -10 ON 10 3 = THUNDER
SNOW, ICE PELLETS, HAIL 4 = ICE PELLETS
TOTAL MONTH: M 5 = HAIL
GRTST 24HR M ON M 6 = FREEZING RAIN OR DRIZZLE
GRTST DEPTH: M ON M 7 = DUSTSTORM OR SANDSTORM:
VSBY 1/2 MILE OR LESS
8 = SMOKE OR HAZE
[NO. OF DAYS WITH] [WEATHER - DAYS WITH] 9 = BLOWING SNOW
X = TORNADO
MAX 32 OR BELOW: 7 0.01 INCH OR MORE: 7
MAX 90 OR ABOVE: 0 0.10 INCH OR MORE: 4
MIN 32 OR BELOW: 29 0.50 INCH OR MORE: 1
MIN 0 OR BELOW: 3 1.00 INCH OR MORE: 0
[HDD (BASE 65) ]
TOTAL THIS MO. 997 CLEAR (SCALE 0-3) 18
DPTR FM NORMAL 0 PTCLDY (SCALE 4-7) 11
TOTAL FM JUL 1 6178 CLOUDY (SCALE 8-10) 2
DPTR FM NORMAL -483
[CDD (BASE 65) ]
TOTAL THIS MO. 0
DPTR FM NORMAL 0 [PRESSURE DATA]
TOTAL FM JAN 1 0 HIGHEST SLP 30.38 ON 7
DPTR FM NORMAL 0 LOWEST SLP 29.33 ON 29
[REMARKS]
#FINAL-03-22#