000
CXUS51 KILN 011935
CLMCVG
CLIMATE REPORT
NATIONAL WEATHER SERVICE WILMINGTON OH
235 PM EST FRI DEC 01 2023
...................................
...THE CINCINNATI OH CLIMATE SUMMARY FOR THE MONTH OF NOVEMBER 2023...
CLIMATE NORMAL PERIOD: 1991 TO 2020
CLIMATE RECORD PERIOD: 1869 TO 2023
WEATHER OBSERVED NORMAL DEPART LAST YEAR`S
VALUE DATE(S) VALUE FROM VALUE DATE(S)
NORMAL
................................................................
TEMPERATURE (F)
RECORD
HIGH 82 11/01/2016
LOW 0 11/25/1950
HIGHEST 79 11/08 53 26 75 11/04
LOWEST 15 11/29 35 -20 15 11/20
AVG. MAXIMUM 56.3 53.8 2.5 54.9
AVG. MINIMUM 35.9 35.1 0.8 36.2
MEAN 46.1 44.4 1.7 45.5
DAYS MAX >= 90 0 0.0 0.0 0
DAYS MAX <= 32 1 0.6 0.4 1
DAYS MIN <= 32 10 12.6 -2.6 13
DAYS MIN <= 0 0 0.0 0.0 0
PRECIPITATION (INCHES)
TOTALS 1.39 3.23 -1.84 2.39
DAILY AVG. 0.05 0.11 -0.06 0.08
DAYS >= .01 4 10.3 -6.3 10
DAYS >= .10 2 6.3 -4.3 6
DAYS >= .50 2 2.2 -0.2 2
DAYS >= 1.00 0 0.6 -0.6 0
GREATEST
24 HR. TOTAL 0.81 11/20 TO 11/21 0.88 11/11 TO 11/11
SNOWFALL (INCHES)
TOTALS 0.0 0.8 -0.8 1.6
SINCE 7/1 T 1.0 -1.0 1.6
DAYS >= TRACE 0 1.1 -1.1 6
DAYS >= 1.0 0 0.3 -0.3 1
GREATEST
24 HR TOTAL 0.0 1.2 11/12 TO 11/12
DEGREE DAYS
HEATING TOTAL 560 617 -57 577
SINCE 7/1 836 970 -134 924
COOLING TOTAL 0 1 -1 2
SINCE 1/1 1099 1161 -62 1324
................................................................
WIND (MPH)
AVERAGE WIND SPEED 8.3
RESULTANT WIND SPEED/DIRECTION 2/230
HIGHEST WIND SPEED/DIRECTION 26/130 DATE 11/21
26/280 11/26
HIGHEST GUST SPEED/DIRECTION 34/120 DATE 11/21
SKY COVER
AVERAGE SKY COVER 0.52
AVERAGE RH (PERCENT) 63
WEATHER CONDITIONS. NUMBER OF DAYS WITH
THUNDERSTORM 0 MIXED PRECIP 0
HEAVY RAIN 1 RAIN 3
LIGHT RAIN 5 FREEZING RAIN 0
LT FREEZING RAIN 0 HAIL 0
HEAVY SNOW 0 SNOW 0
LIGHT SNOW 0 SLEET 0
FOG 10 FOG W/VIS <= 1/4 MILE 0
HAZE 3
- INDICATES NEGATIVE NUMBERS.
R INDICATES RECORD WAS SET OR TIED.
MM INDICATES DATA IS MISSING.
T INDICATES TRACE AMOUNT.
$$