000
CXUS53 KUNR 071514
CF6D07
PRELIMINARY LOCAL CLIMATOLOGICAL DATA (WS FORM: F-6)
STATION: FAITH SD
MONTH: JULY
YEAR: 2022
LATITUDE: 45 1 N
LONGITUDE: 102 1 W
TEMPERATURE IN F: :PCPN: SNOW: WIND :SUNSHINE: SKY :PK WND
================================================================================
1 2 3 4 5 6A 6B 7 8 9 10 11 12 13 14 15 16 17 18
12Z AVG MX 2MIN
DY MAX MIN AVG DEP HDD CDD WTR SNW DPTH SPD SPD DIR MIN PSBL S-S WX SPD DR
================================================================================
1 87 51 69 -1 0 4 0.23 M M 9.0 24 220 M M M 50 210
2 86 55 71 0 0 6 0.05 M M 10.4 31 290 M M M 44 290
3 89 60 75 4 0 10 0.00 M M 13.2 25 130 M M M 33 130
4 85 60 73 2 0 8 0.00 M M 11.1 23 40 M M M 31 350
5 84 61 73 1 0 8 1.07 M M 10.6 40 350 M M M 50 340
6 84 61 73 1 0 8 0.00 M M 8.3 18 60 M M M 23 70
7 87 64 76 4 0 11 0.00 M M 11.2 29 80 M M M 46 90
8 87 64 76 4 0 11 0.00 M M 12.1 20 150 M M M 27 150
9 95 66 81 9 0 16 0.00 M M 11.8 22 130 M M M 30 130
10 90 62 76 3 0 11 0.09 M M 15.3 39 320 M M M 55 320
11 82 60 71 -2 0 6 0.07 M M 12.6 25 330 M M M 32 340
12 88 57 73 0 0 8 0.00 M M 9.9 16 330 M M M 24 10
13 92 61 77 4 0 12 0.00 M M 15.1 22 130 M M M 32 140
14 94 68 81 8 0 16 0.00 M M 11.5 25 340 M M M 48 310
15 97 67 82 9 0 17 0.00 M M 9.6 22 220 M M M 28 220
16 94 66 80 6 0 15 0.00 M M 9.7 20 140 M M M 26 140
17 101 66 84 10 0 19 0.00 M M 9.7 16 170 M M M 23 150
18 110 69 90 16 0 25 0.05 M M 13.2 32 320 M M M 44 320
19 87 63 75 1 0 10 0.00 M M 24.8 44 310 M M M 59 310
20 98 60 79 5 0 14 0.00 M M 13.1 30 300 M M M 41 310
21 98 57 78 4 0 13 0.00 M M 12.2 22 310 M M M 29 220
22 99 58 79 5 0 14 0.00 M M 11.2 24 140 M M M 34 130
23 89 61 75 1 0 10 0.00 M M 15.0 32 40 M M M 42 30
24 88 54 71 -3 0 6 0.00 M M 9.3 21 130 M M M 28 120
25 83 61 72 -2 0 7 0.00 M M 9.8 24 360 M M M 31 10
26 81 60 71 -3 0 6 0.01 M M 11.7 22 340 M M M 30 320
27 86 53 70 -4 0 5 0.00 M M 9.5 23 360 M M M 30 10
28 83 49 66 -8 0 1 0.00 M M 8.8 18 330 M M M 28 310
29 92 54 73 -1 0 8 0.00 M M 12.2 18 120 M M M 25 120
30 99 64 82 8 0 17 0.00 M M 9.9 17 10 M M M 25 330
31 89 65 77 3 0 12 0.00 M M 14.0 25 330 M M M 32 330
================================================================================
SM 2804 1877 0 334 1.57 M 365.8 M M
================================================================================
AV 90.5 60.5 11.8 FASTST M M M MAX(MPH)
MISC ----> 44 310 59 310
================================================================================
NOTES:
# LAST OF SEVERAL OCCURRENCES
COLUMN 17 PEAK WIND IN M.P.H.
PRELIMINARY LOCAL CLIMATOLOGICAL DATA (WS FORM: F-6) , PAGE 2
STATION: FAITH SD
MONTH: JULY
YEAR: 2022
LATITUDE: 45 1 N
LONGITUDE: 102 1 W
[TEMPERATURE DATA] [PRECIPITATION DATA] SYMBOLS USED IN COLUMN 16
AVERAGE MONTHLY: 75.5 TOTAL FOR MONTH: 1.57 1 = FOG OR MIST
DPTR FM NORMAL: 2.5 DPTR FM NORMAL: -0.58 2 = FOG REDUCING VISIBILITY
HIGHEST: 110 ON 18 GRTST 24HR 1.07 ON 5- 5 TO 1/4 MILE OR LESS
LOWEST: 49 ON 28 3 = THUNDER
SNOW, ICE PELLETS, HAIL 4 = ICE PELLETS
TOTAL MONTH: M 5 = HAIL
GRTST 24HR M ON M 6 = FREEZING RAIN OR DRIZZLE
GRTST DEPTH: M ON M 7 = DUSTSTORM OR SANDSTORM:
VSBY 1/2 MILE OR LESS
8 = SMOKE OR HAZE
[NO. OF DAYS WITH] [WEATHER - DAYS WITH] 9 = BLOWING SNOW
X = TORNADO
MAX 32 OR BELOW: 0 0.01 INCH OR MORE: 7
MAX 90 OR ABOVE: 13 0.10 INCH OR MORE: 2
MIN 32 OR BELOW: 0 0.50 INCH OR MORE: 1
MIN 0 OR BELOW: 0 1.00 INCH OR MORE: 1
[HDD (BASE 65) ]
TOTAL THIS MO. 0 CLEAR (SCALE 0-3) 0
DPTR FM NORMAL -8 PTCLDY (SCALE 4-7) 0
TOTAL FM JUL 1 0 CLOUDY (SCALE 8-10) 31
DPTR FM NORMAL -2
[CDD (BASE 65) ]
TOTAL THIS MO. 334
DPTR FM NORMAL 78 [PRESSURE DATA]
TOTAL FM JAN 1 458 HIGHEST SLP 30.18 ON 8
DPTR FM NORMAL 96 LOWEST SLP 29.48 ON 18
[REMARKS]
#FINAL-07-22#