000
CXUS51 KRNK 011335
CF6DAN
PRELIMINARY LOCAL CLIMATOLOGICAL DATA (WS FORM: F-6)
STATION: DANVILLE VA
MONTH: JANUARY
YEAR: 2021
LATITUDE: 36 34 N
LONGITUDE: 79 20 W
TEMPERATURE IN F: :PCPN: SNOW: WIND :SUNSHINE: SKY :PK WND
================================================================================
1 2 3 4 5 6A 6B 7 8 9 10 11 12 13 14 15 16 17 18
12Z AVG MX 2MIN
DY MAX MIN AVG DEP HDD CDD WTR SNW DPTH SPD SPD DIR MIN PSBL S-S WX SPD DR
================================================================================
1 50 36 43 5 22 0 0.27 0.0 0 8.2 18 50 M M 10 1 22 40
2 58 36 47 9 18 0 0.01 0.0 0 4.2 9 230 M M 7 12 12 220
3 50 38 44 6 21 0 0.46 0.0 0 5.3 13 40 M M 9 1 18 40
4 49 28 39 1 26 0 0.00 0.0 0 3.0 8 250 M M 4 11 290
5 52 27 40 2 25 0 0.00 0.0 0 3.0 10 340 M M 7 14 340
6 50 34 42 4 23 0 0.00 0.0 0 6.4 13 10 M M 4 18 330
7 47 25 36 -1 29 0 0.00 0.0 0 1.9 8 30 M M 1 10 240
8 42 34 38 1 27 0 0.07 T 0 5.7 15 50 M M 10 1 17 50
9 48 28 38 1 27 0 0.00 0.0 0 8.1 16 320 M M 1 1 21 320
10 52 27 40 3 25 0 0.00 0.0 0 3.0 12 330 M M 0 16 330
11 45 24 35 -2 30 0 T 0.0 0 2.0 9 330 M M 6 1 11 250
12 56 30 43 6 22 0 T 0.0 0 4.3 13 340 M M 3 16 340
13 55 24 40 3 25 0 0.00 0.0 0 3.5 12 230 M M 0 16 220
14 57 30 44 7 21 0 0.00 0.0 0 4.4 12 260 M M 2 12 14 270
15 52 26 39 2 26 0 0.16 0.0 0 3.4 12 300 M M 5 12 16 310
16 45 30 38 0 27 0 0.01 0.5 T 4.5 17 260 M M 8 12 23 270
17 49 28 39 1 26 0 0.00 0.0 0 5.8 16 250 M M 3 20 240
18 45 29 37 -1 28 0 0.00 0.0 0 5.8 16 280 M M 6 23 290
19 58 25 42 4 23 0 0.00 0.0 0 6.8 24 270 M M 1 33 240
20 50 26 38 0 27 0 0.00 0.0 0 6.5 20 310 M M 0 27 320
21 56 25 41 3 24 0 T 0.0 0 5.1 14 290 M M 4 21 290
22 58 34 46 8 19 0 0.00 0.0 0 7.8 20 280 M M 0 29 310
23 47 25 36 -2 29 0 0.00 0.0 0 7.3 20 330 M M 0 26 330
24 42 21 32 -6 33 0 T T 0 2.2 12 230 M M 5 4 14 230
25 42 36 39 1 26 0 0.46 0.0 0 3.2 17 360 M M 10 1 22 360
26 44 35 40 2 25 0 1.27 0.0 0 6.3 12 340 M M 3 1 15 340
27 55 39 47 9 18 0 0.18 0.0 0 6.0 15 50 M M 2 1 20 60
28 39 26 33 -5 32 0 0.13 3.8 1 9.4 22 320 M M 4 1 34 300
29 38 20 29 -9 36 0 0.00 0.0 0 5.4 14 330 M M 0 20 320
30 41 18 30 -8 35 0 0.01 0.3 T 1.2 7 230 M M 1 1 11 240
31 33 31 32 -6 33 0 0.54 0.8 1 6.3 12 20 M M 10 146 16 50
================================================================================
SM 1505 895 808 0 3.57 5.4 156.0 M 126
================================================================================
AV 48.5 28.9 5.0 FASTST M M 4 MAX(MPH)
MISC ----> 24 270 34 300
================================================================================
NOTES:
# LAST OF SEVERAL OCCURRENCES
COLUMN 17 PEAK WIND IN M.P.H.
PRELIMINARY LOCAL CLIMATOLOGICAL DATA (WS FORM: F-6) , PAGE 2
STATION: DANVILLE VA
MONTH: JANUARY
YEAR: 2021
LATITUDE: 36 34 N
LONGITUDE: 79 20 W
[TEMPERATURE DATA] [PRECIPITATION DATA] SYMBOLS USED IN COLUMN 16
AVERAGE MONTHLY: 38.7 TOTAL FOR MONTH: 3.57 1 = FOG OR MIST
DPTR FM NORMAL: 1.0 DPTR FM NORMAL: 0.15 2 = FOG REDUCING VISIBILITY
HIGHEST: 58 ON 22,19 GRTST 24HR 1.76 ON 25-26 TO 1/4 MILE OR LESS
LOWEST: 18 ON 30 3 = THUNDER
SNOW, ICE PELLETS, HAIL 4 = ICE PELLETS
TOTAL MONTH: 5.4 INCHES 5 = HAIL
GRTST 24HR 3.8 ON 28-28 6 = FREEZING RAIN OR DRIZZLE
GRTST DEPTH: 1 ON 31,28 7 = DUSTSTORM OR SANDSTORM:
VSBY 1/2 MILE OR LESS
8 = SMOKE OR HAZE
[NO. OF DAYS WITH] [WEATHER - DAYS WITH] 9 = BLOWING SNOW
X = TORNADO
MAX 32 OR BELOW: 0 0.01 INCH OR MORE: 12
MAX 90 OR ABOVE: 0 0.10 INCH OR MORE: 8
MIN 32 OR BELOW: 22 0.50 INCH OR MORE: 2
MIN 0 OR BELOW: 0 1.00 INCH OR MORE: 1
[HDD (BASE 65) ]
TOTAL THIS MO. 808 CLEAR (SCALE 0-3) 15
DPTR FM NORMAL -38 PTCLDY (SCALE 4-7) 11
TOTAL FM JUL 1 2089 CLOUDY (SCALE 8-10) 5
DPTR FM NORMAL -240
[CDD (BASE 65) ]
TOTAL THIS MO. 0
DPTR FM NORMAL 0 [PRESSURE DATA]
TOTAL FM JAN 1 0 HIGHEST SLP 30.39 ON 30
DPTR FM NORMAL 0 LOWEST SLP 29.57 ON 16
[REMARKS]
#FINAL-01-21#