000
CXUS54 KFWD 010735
CLMDFW
CLIMATE REPORT
NATIONAL WEATHER SERVICE FORT WORTH TX
235 AM CDT SAT APR 01 2023
...................................
...THE DALLAS/FORT WORTH CLIMATE SUMMARY FOR THE MONTH OF MARCH 2023...
CLIMATE NORMAL PERIOD 1991 TO 2020
CLIMATE RECORD PERIOD 1898 TO 2023
WEATHER OBSERVED NORMAL DEPART LAST YEAR`S
VALUE DATE(S) VALUE FROM VALUE DATE(S)
NORMAL
................................................................
TEMPERATURE (F)
RECORD
HIGH 100 03/21/1916
03/09/1911
LOW 10 03/03/1943
HIGHEST 88 03/11 85 3 94 03/27
03/31
LOWEST 31 03/19 28 3 24 03/12
AVG. MAXIMUM 70.9 68.6 2.3 71.9
AVG. MINIMUM 50.4 47.8 2.6 45.1
MEAN 60.7 58.2 2.5 58.5
DAYS MAX >= 90 0 0.1 -0.1 1
DAYS MAX <= 32 0 0.0 0.0 0
DAYS MAX >= 100 0 0
DAYS MIN <= 32 1 1.9 -0.9 3
DAYS MIN <= 0 0 0.0 0.0 0
DAYS MIN >= 80 0 0
PRECIPITATION (INCHES)
RECORD
MAXIMUM 7.39 2002
MINIMUM 0.02 1925
TOTALS 2.76 3.30 -0.54 2.12
DAILY AVG. 0.09 0.11 -0.02 0.07
DAYS >= .01 10 7.8 2.2 6
DAYS >= .10 5 4.8 0.2 3
DAYS >= .50 3 2.3 0.7 2
DAYS >= 1.00 0 0.9 -0.9 0
GREATEST
24 HR. TOTAL 0.95 03/16 TO 03/16 0.94
SNOWFALL (INCHES)
RECORDS
TOTAL 6.1 1942
24 HR TOTAL 6.0 03/13/1924 TO 03/13/1924
TOTALS 0.0 0.3 -0.3 T
SINCE 7/1 1.3 1.6 -0.3 MM
SNOWDEPTH AVG. 0 0
DAYS >= TRACE 0 MM
DAYS >= 1.0 0 0.2 -0.2 MM
GREATEST
SNOW DEPTH 0 0 MM
24 HR TOTAL MM MM
DEGREE DAYS
HEATING TOTAL 185 246 -61 234
SINCE 7/1 1782 2127 -345 MM
COOLING TOTAL 58 35 23 39
SINCE 1/1 91 45 46 MM
................................................................
WIND (MPH)
AVERAGE WIND SPEED 12.2
HIGHEST WIND SPEED/DIRECTION 53/320 DATE 03/02
HIGHEST GUST SPEED/DIRECTION 71/320 DATE 03/02
SKY COVER
POSSIBLE SUNSHINE (PERCENT) MM
AVERAGE SKY COVER 0.64
NUMBER OF DAYS FAIR 6
NUMBER OF DAYS PC 12
NUMBER OF DAYS CLOUDY 13
AVERAGE RH (PERCENT) 62
WEATHER CONDITIONS. NUMBER OF DAYS WITH
THUNDERSTORM 8 MIXED PRECIP 0
HEAVY RAIN 4 RAIN 4
LIGHT RAIN 12 FREEZING RAIN 0
LT FREEZING RAIN 0 HAIL 0
HEAVY SNOW 0 SNOW 0
LIGHT SNOW 0 SLEET 0
FOG 11 FOG W/VIS <= 1/4 MILE 1
HAZE 2
- INDICATES NEGATIVE NUMBERS.
R INDICATES RECORD WAS SET OR TIED.
MM INDICATES DATA IS MISSING.
T INDICATES TRACE AMOUNT.
$$