000
CXUS55 KCYS 011530
CLMDGW
CLIMATE REPORT
NATIONAL WEATHER SERVICE CHEYENNE WY
930 AM MDT MON MAY 01 2023
...................................
...THE CONVERSE CO (DOUGLAS) WY ARPT CLIMATE SUMMARY FOR THE MONTH OF APRIL 2023...
CLIMATE NORMAL PERIOD 1991 TO 2020
CLIMATE RECORD PERIOD 1998 TO 2023
WEATHER OBSERVED NORMAL DEPART LAST YEAR`S
VALUE DATE(S) VALUE FROM VALUE DATE(S)
NORMAL
................................................................
TEMPERATURE (F)
RECORD
HIGH 87 04/24/2012
LOW -7 04/03/2020
HIGHEST 78 04/11 MM MM 81
04/12
LOWEST 6 04/05 MM MM 7
AVG. MAXIMUM 55.3 57.5 -2.2 54.4
AVG. MINIMUM 26.9 29.6 -2.7 25.4
MEAN 41.1 43.6 -2.5 39.9
DAYS MAX >= 90 0 0.0 0.0 0
DAYS MAX <= 32 3 1.0 2.0 2
DAYS MIN <= 32 22 19.2 2.8 24
DAYS MIN <= 0 0 0.1 -0.1 0
PRECIPITATION (INCHES)
RECORD
MAXIMUM 4.22 2011
TOTALS 0.01 1.58 -1.57 0.39
DAYS >= .01 0 9.7 -9.7 5
DAYS >= .10 0 4.1 -4.1 2
DAYS >= .50 0 0.8 -0.8 0
DAYS >= 1.00 0 0.0 0.0 0
GREATEST
24 HR. TOTAL 0.01 04/27 TO 04/28 0.27 04/23 TO 04/24
DEGREE DAYS
HEATING TOTAL 709 644 65 744
SINCE 7/1 7408 6813 595 MM
COOLING TOTAL 0 0 0 0
SINCE 1/1 0 0 0 MM
................................................................
WIND (MPH)
AVERAGE WIND SPEED 11.2
HIGHEST WIND SPEED/DIRECTION 52/270 DATE 04/19
HIGHEST GUST SPEED/DIRECTION 67/270 DATE 04/19
SKY COVER
POSSIBLE SUNSHINE (PERCENT) MM
AVERAGE SKY COVER 0.39
NUMBER OF DAYS FAIR 16
NUMBER OF DAYS PC 7
NUMBER OF DAYS CLOUDY 7
AVERAGE RH (PERCENT) 56
WEATHER CONDITIONS. NUMBER OF DAYS WITH
THUNDERSTORM 2 MIXED PRECIP 0
HEAVY RAIN 0 RAIN 1
LIGHT RAIN 3 FREEZING RAIN 0
LT FREEZING RAIN 0 HAIL 0
HEAVY SNOW 1 SNOW 3
LIGHT SNOW 7 SLEET 0
FOG 5 FOG W/VIS <= 1/4 MILE 2
HAZE 2
- INDICATES NEGATIVE NUMBERS.
R INDICATES RECORD WAS SET OR TIED.
MM INDICATES DATA IS MISSING.
T INDICATES TRACE AMOUNT.
$$